{"id":8,"date":"2010-11-25T15:38:15","date_gmt":"2010-11-25T18:38:15","guid":{"rendered":"http:\/\/medicina.udd.cl\/neurologia\/presentacion\/modalidad\/"},"modified":"2013-07-03T09:55:45","modified_gmt":"2013-07-03T13:55:45","slug":"modalidad","status":"publish","type":"page","link":"https:\/\/medicina.udd.cl\/neurologia\/presentacion\/modalidad\/","title":{"rendered":"Campos cl\u00ednicos"},"content":{"rendered":"<p>El programa se desarrollar\u00e1 en las siguientes dependencias:<\/p>\n<ul>\n<li>Servicio de Neurolog\u00eda, Cl\u00ednica Alemana<\/li>\n<li>Unidad de Neurolog\u00eda, Hospital Padre Hurtado<\/li>\n<li>Servicio de Psiquiatr\u00eda, Hospital Padre Hurtado<\/li>\n<li>Departamento de Imagenolog\u00eda, Cl\u00ednica Alemana<\/li>\n<li>Unidad de Tratamiento Intensivo, Cl\u00ednica Alemana<\/li>\n<li>Facultad de Medicina Cl\u00ednica Alemana Universidad del Desarrollo<\/li>\n<\/ul>\n<div class=\"content-images entry-gallery\"><ul id=\"photos-entry\"><li id=\"image-0\"><img decoding=\"async\" src=\"https:\/\/medicina.udd.cl\/thumbnails\/index.php?src=wp-content\/uploads\/medicina\/blogs.dir\/39\/files\/2010\/11\/hph-104.jpg&amp;w=430&amp;h=270&amp;zc=1&amp;q=100\" alt=\"Hospital Padre Hurtado\" \/><h3>Hospital Padre Hurtado<\/h3><\/li><li id=\"image-1\"><img decoding=\"async\" src=\"https:\/\/medicina.udd.cl\/thumbnails\/index.php?src=wp-content\/uploads\/medicina\/blogs.dir\/39\/files\/2010\/11\/CAS3.jpg&amp;w=430&amp;h=270&amp;zc=1&amp;q=100\" alt=\"Cl\u00ednica Alemana\" \/><h3>Cl\u00ednica Alemana<\/h3><\/li><li id=\"image-2\"><img decoding=\"async\" src=\"https:\/\/medicina.udd.cl\/thumbnails\/index.php?src=wp-content\/uploads\/medicina\/blogs.dir\/39\/files\/2010\/11\/CAS5.jpg&amp;w=430&amp;h=270&amp;zc=1&amp;q=100\" alt=\"Cl\u00ednica Alemana\" \/><h3>Cl\u00ednica Alemana<\/h3><\/li><li id=\"image-3\"><img decoding=\"async\" src=\"https:\/\/medicina.udd.cl\/thumbnails\/index.php?src=wp-content\/uploads\/medicina\/blogs.dir\/39\/files\/2010\/11\/Foto-112.jpg&amp;w=430&amp;h=270&amp;zc=1&amp;q=100\" alt=\"Facultad de Medicina\" \/><h3>Facultad de Medicina<\/h3><\/li><\/ul><ul class=\"paginate-gallery\"><li><a href=\"#image-0\" title=\"Hospital Padre Hurtado\">Hospital Padre Hurtado<\/a><\/li>\n<li><a href=\"#image-1\" title=\"Cl\u00ednica Alemana\">Cl\u00ednica Alemana<\/a><\/li>\n<li><a href=\"#image-2\" title=\"Cl\u00ednica Alemana\">Cl\u00ednica Alemana<\/a><\/li>\n<li><a href=\"#image-3\" title=\"Facultad de Medicina\">Facultad de Medicina<\/a><\/li>\n<\/ul><\/div>\n","protected":false},"excerpt":{"rendered":"<p>Conoce los lugares en donde se realizar\u00e1n las clases te\u00f3ricas y pr\u00e1cticas.<\/p>\n","protected":false},"author":9192219,"featured_media":0,"parent":3,"menu_order":10,"comment_status":"open","ping_status":"open","template":"","meta":{"footnotes":""},"class_list":["post-8","page","type-page","status-publish","hentry"],"yoast_head":"<!-- This site is optimized with the Yoast SEO plugin v26.9 - https:\/\/yoast.com\/product\/yoast-seo-wordpress\/ -->\n<title>Campus Cl\u00ednicos<\/title>\n<meta name=\"description\" content=\"La Especialidad de Neurolog\u00eda realizar\u00e1 sus clases te\u00f3ricas y pr\u00e1cticas en las unidades de la Cl\u00ednica Alemana y el Hospital Padre Hurtado.\" \/>\n<meta name=\"robots\" content=\"index, follow, max-snippet:-1, max-image-preview:large, max-video-preview:-1\" \/>\n<link rel=\"canonical\" href=\"https:\/\/medicina.udd.cl\/neurologia\/presentacion\/modalidad\/\" \/>\n<meta property=\"og:locale\" content=\"es_ES\" \/>\n<meta property=\"og:type\" content=\"article\" \/>\n<meta property=\"og:title\" content=\"Campus Cl\u00ednicos\" \/>\n<meta property=\"og:description\" content=\"La Especialidad de Neurolog\u00eda realizar\u00e1 sus clases te\u00f3ricas y pr\u00e1cticas en las unidades de la Cl\u00ednica Alemana y el Hospital Padre Hurtado.\" \/>\n<meta property=\"og:url\" content=\"https:\/\/medicina.udd.cl\/neurologia\/presentacion\/modalidad\/\" \/>\n<meta property=\"og:site_name\" content=\"Especialidad en Neurolog\u00eda\" \/>\n<meta property=\"article:modified_time\" content=\"2013-07-03T13:55:45+00:00\" \/>\n<meta property=\"og:image\" content=\"https:\/\/medicina.udd.cl\/thumbnails\/index.php?src=wp-content\/uploads\/medicina\/blogs.dir\/39\/files\/2010\/11\/CAS3.jpg&amp;w=430&amp;h=270&amp;zc=1&amp;q=100\" \/>\n<script type=\"application\/ld+json\" class=\"yoast-schema-graph\">{\"@context\":\"https:\/\/schema.org\",\"@graph\":[{\"@type\":\"WebPage\",\"@id\":\"https:\/\/medicina.udd.cl\/neurologia\/presentacion\/modalidad\/\",\"url\":\"https:\/\/medicina.udd.cl\/neurologia\/presentacion\/modalidad\/\",\"name\":\"Campus Cl\u00ednicos\",\"isPartOf\":{\"@id\":\"https:\/\/medicina.udd.cl\/neurologia\/#website\"},\"datePublished\":\"2010-11-25T18:38:15+00:00\",\"dateModified\":\"2013-07-03T13:55:45+00:00\",\"description\":\"La Especialidad de Neurolog\u00eda realizar\u00e1 sus clases te\u00f3ricas y pr\u00e1cticas en las unidades de la Cl\u00ednica Alemana y el Hospital Padre Hurtado.\",\"breadcrumb\":{\"@id\":\"https:\/\/medicina.udd.cl\/neurologia\/presentacion\/modalidad\/#breadcrumb\"},\"inLanguage\":\"es\",\"potentialAction\":[{\"@type\":\"ReadAction\",\"target\":[\"https:\/\/medicina.udd.cl\/neurologia\/presentacion\/modalidad\/\"]}]},{\"@type\":\"BreadcrumbList\",\"@id\":\"https:\/\/medicina.udd.cl\/neurologia\/presentacion\/modalidad\/#breadcrumb\",\"itemListElement\":[{\"@type\":\"ListItem\",\"position\":1,\"name\":\"Home\",\"item\":\"https:\/\/medicina.udd.cl\/neurologia\/\"},{\"@type\":\"ListItem\",\"position\":2,\"name\":\"Presentaci\u00f3n\",\"item\":\"https:\/\/medicina.udd.cl\/neurologia\/presentacion\/\"},{\"@type\":\"ListItem\",\"position\":3,\"name\":\"Campos cl\u00ednicos\"}]},{\"@type\":\"WebSite\",\"@id\":\"https:\/\/medicina.udd.cl\/neurologia\/#website\",\"url\":\"https:\/\/medicina.udd.cl\/neurologia\/\",\"name\":\"Especialidad en Neurolog\u00eda\",\"description\":\"Otro sitio m\u00e1s de Medicina\",\"potentialAction\":[{\"@type\":\"SearchAction\",\"target\":{\"@type\":\"EntryPoint\",\"urlTemplate\":\"https:\/\/medicina.udd.cl\/neurologia\/?s={search_term_string}\"},\"query-input\":{\"@type\":\"PropertyValueSpecification\",\"valueRequired\":true,\"valueName\":\"search_term_string\"}}],\"inLanguage\":\"es\"}]}<\/script>\n<!-- \/ Yoast SEO plugin. -->","yoast_head_json":{"title":"Campus Cl\u00ednicos","description":"La Especialidad de Neurolog\u00eda realizar\u00e1 sus clases te\u00f3ricas y pr\u00e1cticas en las unidades de la Cl\u00ednica Alemana y el Hospital Padre Hurtado.","robots":{"index":"index","follow":"follow","max-snippet":"max-snippet:-1","max-image-preview":"max-image-preview:large","max-video-preview":"max-video-preview:-1"},"canonical":"https:\/\/medicina.udd.cl\/neurologia\/presentacion\/modalidad\/","og_locale":"es_ES","og_type":"article","og_title":"Campus Cl\u00ednicos","og_description":"La Especialidad de Neurolog\u00eda realizar\u00e1 sus clases te\u00f3ricas y pr\u00e1cticas en las unidades de la Cl\u00ednica Alemana y el Hospital Padre Hurtado.","og_url":"https:\/\/medicina.udd.cl\/neurologia\/presentacion\/modalidad\/","og_site_name":"Especialidad en Neurolog\u00eda","article_modified_time":"2013-07-03T13:55:45+00:00","og_image":[{"url":"https:\/\/medicina.udd.cl\/thumbnails\/index.php?src=wp-content\/uploads\/medicina\/blogs.dir\/39\/files\/2010\/11\/CAS3.jpg&amp;w=430&amp;h=270&amp;zc=1&amp;q=100","type":"","width":"","height":""}],"schema":{"@context":"https:\/\/schema.org","@graph":[{"@type":"WebPage","@id":"https:\/\/medicina.udd.cl\/neurologia\/presentacion\/modalidad\/","url":"https:\/\/medicina.udd.cl\/neurologia\/presentacion\/modalidad\/","name":"Campus Cl\u00ednicos","isPartOf":{"@id":"https:\/\/medicina.udd.cl\/neurologia\/#website"},"datePublished":"2010-11-25T18:38:15+00:00","dateModified":"2013-07-03T13:55:45+00:00","description":"La Especialidad de Neurolog\u00eda realizar\u00e1 sus clases te\u00f3ricas y pr\u00e1cticas en las unidades de la Cl\u00ednica Alemana y el Hospital Padre Hurtado.","breadcrumb":{"@id":"https:\/\/medicina.udd.cl\/neurologia\/presentacion\/modalidad\/#breadcrumb"},"inLanguage":"es","potentialAction":[{"@type":"ReadAction","target":["https:\/\/medicina.udd.cl\/neurologia\/presentacion\/modalidad\/"]}]},{"@type":"BreadcrumbList","@id":"https:\/\/medicina.udd.cl\/neurologia\/presentacion\/modalidad\/#breadcrumb","itemListElement":[{"@type":"ListItem","position":1,"name":"Home","item":"https:\/\/medicina.udd.cl\/neurologia\/"},{"@type":"ListItem","position":2,"name":"Presentaci\u00f3n","item":"https:\/\/medicina.udd.cl\/neurologia\/presentacion\/"},{"@type":"ListItem","position":3,"name":"Campos cl\u00ednicos"}]},{"@type":"WebSite","@id":"https:\/\/medicina.udd.cl\/neurologia\/#website","url":"https:\/\/medicina.udd.cl\/neurologia\/","name":"Especialidad en Neurolog\u00eda","description":"Otro sitio m\u00e1s de Medicina","potentialAction":[{"@type":"SearchAction","target":{"@type":"EntryPoint","urlTemplate":"https:\/\/medicina.udd.cl\/neurologia\/?s={search_term_string}"},"query-input":{"@type":"PropertyValueSpecification","valueRequired":true,"valueName":"search_term_string"}}],"inLanguage":"es"}]}},"_links":{"self":[{"href":"https:\/\/medicina.udd.cl\/neurologia\/wp-json\/wp\/v2\/pages\/8","targetHints":{"allow":["GET"]}}],"collection":[{"href":"https:\/\/medicina.udd.cl\/neurologia\/wp-json\/wp\/v2\/pages"}],"about":[{"href":"https:\/\/medicina.udd.cl\/neurologia\/wp-json\/wp\/v2\/types\/page"}],"author":[{"embeddable":true,"href":"https:\/\/medicina.udd.cl\/neurologia\/wp-json\/wp\/v2\/users\/9192219"}],"replies":[{"embeddable":true,"href":"https:\/\/medicina.udd.cl\/neurologia\/wp-json\/wp\/v2\/comments?post=8"}],"version-history":[{"count":4,"href":"https:\/\/medicina.udd.cl\/neurologia\/wp-json\/wp\/v2\/pages\/8\/revisions"}],"predecessor-version":[{"id":164,"href":"https:\/\/medicina.udd.cl\/neurologia\/wp-json\/wp\/v2\/pages\/8\/revisions\/164"}],"up":[{"embeddable":true,"href":"https:\/\/medicina.udd.cl\/neurologia\/wp-json\/wp\/v2\/pages\/3"}],"wp:attachment":[{"href":"https:\/\/medicina.udd.cl\/neurologia\/wp-json\/wp\/v2\/media?parent=8"}],"curies":[{"name":"wp","href":"https:\/\/api.w.org\/{rel}","templated":true}]}}

Campos clínicos

<p>El programa se desarrollará en las siguientes dependencias:</p>
<ul>
<li>Servicio de Neurología, Clínica Alemana</li>
<li>Unidad de Neurología, Hospital Padre Hurtado</li>
<li>Servicio de Psiquiatría, Hospital Padre Hurtado</li>
<li>Departamento de Imagenología, Clínica Alemana</li>
<li>Unidad de Tratamiento Intensivo, Clínica Alemana</li>
<li>Facultad de Medicina Clínica Alemana Universidad del Desarrollo</li>
</ul>
<div class="content-images entry-gallery"><ul id="photos-entry"><li id="image-0"><img decoding="async" src="https://medicina.udd.cl/thumbnails/index.php?src=wp-content/uploads/medicina/blogs.dir/39/files/2010/11/hph-104.jpg&amp;w=430&amp;h=270&amp;zc=1&amp;q=100" alt="Hospital Padre Hurtado" /><h3>Hospital Padre Hurtado</h3></li><li id="image-1"><img decoding="async" src="https://medicina.udd.cl/thumbnails/index.php?src=wp-content/uploads/medicina/blogs.dir/39/files/2010/11/CAS3.jpg&amp;w=430&amp;h=270&amp;zc=1&amp;q=100" alt="Clínica Alemana" /><h3>Clínica Alemana</h3></li><li id="image-2"><img decoding="async" src="https://medicina.udd.cl/thumbnails/index.php?src=wp-content/uploads/medicina/blogs.dir/39/files/2010/11/CAS5.jpg&amp;w=430&amp;h=270&amp;zc=1&amp;q=100" alt="Clínica Alemana" /><h3>Clínica Alemana</h3></li><li id="image-3"><img decoding="async" src="https://medicina.udd.cl/thumbnails/index.php?src=wp-content/uploads/medicina/blogs.dir/39/files/2010/11/Foto-112.jpg&amp;w=430&amp;h=270&amp;zc=1&amp;q=100" alt="Facultad de Medicina" /><h3>Facultad de Medicina</h3></li></ul><ul class="paginate-gallery"><li><a href="#image-0" title="Hospital Padre Hurtado">Hospital Padre Hurtado</a></li>
<li><a href="#image-1" title="Clínica Alemana">Clínica Alemana</a></li>
<li><a href="#image-2" title="Clínica Alemana">Clínica Alemana</a></li>
<li><a href="#image-3" title="Facultad de Medicina">Facultad de Medicina</a></li>
</ul></div>

<p>Conoce los lugares en donde se realizarán las clases teóricas y prácticas.</p>

<!-- This site is optimized with the Yoast SEO plugin v26.9 - https://yoast.com/product/yoast-seo-wordpress/ -->
<title>Campus Clínicos</title>
<meta name="description" content="La Especialidad de Neurología realizará sus clases teóricas y prácticas en las unidades de la Clínica Alemana y el Hospital Padre Hurtado." />
<meta name="robots" content="index, follow, max-snippet:-1, max-image-preview:large, max-video-preview:-1" />
<link rel="canonical" href="https://medicina.udd.cl/neurologia/presentacion/modalidad/" />
<meta property="og:locale" content="es_ES" />
<meta property="og:type" content="article" />
<meta property="og:title" content="Campus Clínicos" />
<meta property="og:description" content="La Especialidad de Neurología realizará sus clases teóricas y prácticas en las unidades de la Clínica Alemana y el Hospital Padre Hurtado." />
<meta property="og:url" content="https://medicina.udd.cl/neurologia/presentacion/modalidad/" />
<meta property="og:site_name" content="Especialidad en Neurología" />
<meta property="article:modified_time" content="2013-07-03T13:55:45+00:00" />
<meta property="og:image" content="https://medicina.udd.cl/thumbnails/index.php?src=wp-content/uploads/medicina/blogs.dir/39/files/2010/11/CAS3.jpg&amp;w=430&amp;h=270&amp;zc=1&amp;q=100" />
<script type="application/ld+json" class="yoast-schema-graph">{"@context":"https://schema.org","@graph":[{"@type":"WebPage","@id":"https://medicina.udd.cl/neurologia/presentacion/modalidad/","url":"https://medicina.udd.cl/neurologia/presentacion/modalidad/","name":"Campus Clínicos","isPartOf":{"@id":"https://medicina.udd.cl/neurologia/#website"},"datePublished":"2010-11-25T18:38:15+00:00","dateModified":"2013-07-03T13:55:45+00:00","description":"La Especialidad de Neurología realizará sus clases teóricas y prácticas en las unidades de la Clínica Alemana y el Hospital Padre Hurtado.","breadcrumb":{"@id":"https://medicina.udd.cl/neurologia/presentacion/modalidad/#breadcrumb"},"inLanguage":"es","potentialAction":[{"@type":"ReadAction","target":["https://medicina.udd.cl/neurologia/presentacion/modalidad/"]}]},{"@type":"BreadcrumbList","@id":"https://medicina.udd.cl/neurologia/presentacion/modalidad/#breadcrumb","itemListElement":[{"@type":"ListItem","position":1,"name":"Home","item":"https://medicina.udd.cl/neurologia/"},{"@type":"ListItem","position":2,"name":"Presentación","item":"https://medicina.udd.cl/neurologia/presentacion/"},{"@type":"ListItem","position":3,"name":"Campos clínicos"}]},{"@type":"WebSite","@id":"https://medicina.udd.cl/neurologia/#website","url":"https://medicina.udd.cl/neurologia/","name":"Especialidad en Neurología","description":"Otro sitio más de Medicina","potentialAction":[{"@type":"SearchAction","target":{"@type":"EntryPoint","urlTemplate":"https://medicina.udd.cl/neurologia/?s={search_term_string}"},"query-input":{"@type":"PropertyValueSpecification","valueRequired":true,"valueName":"search_term_string"}}],"inLanguage":"es"}]}</script>
<!-- / Yoast SEO plugin. -->

Campus Clínicos

La Especialidad de Neurología realizará sus clases teóricas y prácticas en las unidades de la Clínica Alemana y el Hospital Padre Hurtado.

Especialidad en Neurología

Presentación

Otro sitio más de Medicina
