{"id":6,"date":"2017-11-14T14:07:30","date_gmt":"2017-11-14T14:07:30","guid":{"rendered":"http:\/\/medicina.udd.cl\/nucleodesimulacion\/?page_id=6"},"modified":"2017-11-14T14:35:45","modified_gmt":"2017-11-14T14:35:45","slug":"sobre-nosotros","status":"publish","type":"page","link":"https:\/\/medicina.udd.cl\/nucleodesimulacion\/sobre-nosotros\/","title":{"rendered":"Sobre Nosotros"},"content":{"rendered":"<p style=\"text-align: justify\">Considerando que al interior de la Facultad existen dependencias, equipos, implementos y programas de diversas complejidades para el desarrollo de las actividades de Simulaci\u00f3n Cl\u00ednica, y que esta es un \u00e1rea de desarrollo para la Facultad y la Universidad, se crea el N\u00facleo de Simulaci\u00f3n y Seguridad Cl\u00ednica, bajo el cual est\u00e1n tanto los Centros de Simulaci\u00f3n, como los Laboratorios de Simulaci\u00f3n y los programas o proyectos afiliados.<\/p>\n<p style=\"text-align: justify\">\n<p style=\"text-align: justify\"><span style=\"color: #333333\"><strong><span style=\"text-decoration: underline\">N\u00facleo de Simulaci\u00f3n y Seguridad Cl\u00ednica<\/span><\/strong><\/span><\/p>\n<p style=\"text-align: justify\"><strong>Misi\u00f3n:<\/strong>\u00a0Ofrecer oportunidades y espacios f\u00edsicos de ense\u00f1anza y evaluaci\u00f3n usando el amplio espectro de la simulaci\u00f3n cl\u00ednica, para el logro de competencias profesionales individuales y del equipo de salud, con foco en la seguridad cl\u00ednica de los pacientes.<\/p>\n<p style=\"text-align: justify\"><strong>Visi\u00f3n:<\/strong>\u00a0Desarrollar centros de excelencia para el modelamiento de la ense\u00f1anza con simulaci\u00f3n, desde el pregrado a la formaci\u00f3n continua del equipo interdisciplinario de salud, para entrenar, sostener y verificar el logro de las habilidades profesionales necesarias para el cuidado seguro del paciente, tanto en entornos ideales como en situaciones de recursos escasos o con nuevas tecnolog\u00edas.<\/p>\n<p style=\"text-align: justify\">El N\u00facleo de Simulaci\u00f3n y Seguridad Cl\u00ednica es dirigido por la Directora Acad\u00e9mica de Simulaci\u00f3n, <strong>Dra Soledad Armijo Rivera<\/strong>, quien es la primera latinoamericana que fue reconocida por la Society for Simulation in Healthcare (SSIH) como Certified Healthcare Simulation Educator (CHSE) en Abril de 2013.<\/p>\n","protected":false},"excerpt":{"rendered":"<p>Considerando que al interior de la Facultad existen dependencias, equipos, implementos y programas de diversas complejidades para el desarrollo de las actividades de Simulaci\u00f3n Cl\u00ednica, y que esta es un \u00e1rea de desarrollo para la Facultad y la Universidad, se crea el N\u00facleo de Simulaci\u00f3n y Seguridad Cl\u00ednica, bajo el cual est\u00e1n tanto los Centros [&hellip;]<\/p>\n","protected":false},"author":9192210,"featured_media":0,"parent":0,"menu_order":0,"comment_status":"closed","ping_status":"closed","template":"","meta":{"footnotes":""},"class_list":["post-6","page","type-page","status-publish","hentry"],"yoast_head":"<!-- This site is optimized with the Yoast SEO plugin v26.9 - https:\/\/yoast.com\/product\/yoast-seo-wordpress\/ -->\n<title>Sobre Nosotros - Nucleo de Simulaci\u00f3n<\/title>\n<meta name=\"robots\" content=\"index, follow, max-snippet:-1, max-image-preview:large, max-video-preview:-1\" \/>\n<link rel=\"canonical\" href=\"https:\/\/medicina.udd.cl\/nucleodesimulacion\/sobre-nosotros\/\" \/>\n<meta property=\"og:locale\" content=\"es_ES\" \/>\n<meta property=\"og:type\" content=\"article\" \/>\n<meta property=\"og:title\" content=\"Sobre Nosotros - Nucleo de Simulaci\u00f3n\" \/>\n<meta property=\"og:description\" content=\"Considerando que al interior de la Facultad existen dependencias, equipos, implementos y programas de diversas complejidades para el desarrollo de las actividades de Simulaci\u00f3n Cl\u00ednica, y que esta es un \u00e1rea de desarrollo para la Facultad y la Universidad, se crea el N\u00facleo de Simulaci\u00f3n y Seguridad Cl\u00ednica, bajo el cual est\u00e1n tanto los Centros [&hellip;]\" \/>\n<meta property=\"og:url\" content=\"https:\/\/medicina.udd.cl\/nucleodesimulacion\/sobre-nosotros\/\" \/>\n<meta property=\"og:site_name\" content=\"Nucleo de Simulaci\u00f3n\" \/>\n<meta property=\"article:modified_time\" content=\"2017-11-14T14:35:45+00:00\" \/>\n<meta name=\"twitter:card\" content=\"summary_large_image\" \/>\n<meta name=\"twitter:label1\" content=\"Tiempo de lectura\" \/>\n\t<meta name=\"twitter:data1\" content=\"1 minuto\" \/>\n<script type=\"application\/ld+json\" class=\"yoast-schema-graph\">{\"@context\":\"https:\/\/schema.org\",\"@graph\":[{\"@type\":\"WebPage\",\"@id\":\"https:\/\/medicina.udd.cl\/nucleodesimulacion\/sobre-nosotros\/\",\"url\":\"https:\/\/medicina.udd.cl\/nucleodesimulacion\/sobre-nosotros\/\",\"name\":\"Sobre Nosotros - Nucleo de Simulaci\u00f3n\",\"isPartOf\":{\"@id\":\"https:\/\/medicina.udd.cl\/nucleodesimulacion\/#website\"},\"datePublished\":\"2017-11-14T14:07:30+00:00\",\"dateModified\":\"2017-11-14T14:35:45+00:00\",\"breadcrumb\":{\"@id\":\"https:\/\/medicina.udd.cl\/nucleodesimulacion\/sobre-nosotros\/#breadcrumb\"},\"inLanguage\":\"es\",\"potentialAction\":[{\"@type\":\"ReadAction\",\"target\":[\"https:\/\/medicina.udd.cl\/nucleodesimulacion\/sobre-nosotros\/\"]}]},{\"@type\":\"BreadcrumbList\",\"@id\":\"https:\/\/medicina.udd.cl\/nucleodesimulacion\/sobre-nosotros\/#breadcrumb\",\"itemListElement\":[{\"@type\":\"ListItem\",\"position\":1,\"name\":\"Portada\",\"item\":\"https:\/\/medicina.udd.cl\/nucleodesimulacion\/\"},{\"@type\":\"ListItem\",\"position\":2,\"name\":\"Sobre Nosotros\"}]},{\"@type\":\"WebSite\",\"@id\":\"https:\/\/medicina.udd.cl\/nucleodesimulacion\/#website\",\"url\":\"https:\/\/medicina.udd.cl\/nucleodesimulacion\/\",\"name\":\"Nucleo de Simulaci\u00f3n\",\"description\":\"Otro sitio m\u00e1s de Medicina\",\"potentialAction\":[{\"@type\":\"SearchAction\",\"target\":{\"@type\":\"EntryPoint\",\"urlTemplate\":\"https:\/\/medicina.udd.cl\/nucleodesimulacion\/?s={search_term_string}\"},\"query-input\":{\"@type\":\"PropertyValueSpecification\",\"valueRequired\":true,\"valueName\":\"search_term_string\"}}],\"inLanguage\":\"es\"}]}<\/script>\n<!-- \/ Yoast SEO plugin. -->","yoast_head_json":{"title":"Sobre Nosotros - Nucleo de Simulaci\u00f3n","robots":{"index":"index","follow":"follow","max-snippet":"max-snippet:-1","max-image-preview":"max-image-preview:large","max-video-preview":"max-video-preview:-1"},"canonical":"https:\/\/medicina.udd.cl\/nucleodesimulacion\/sobre-nosotros\/","og_locale":"es_ES","og_type":"article","og_title":"Sobre Nosotros - Nucleo de Simulaci\u00f3n","og_description":"Considerando que al interior de la Facultad existen dependencias, equipos, implementos y programas de diversas complejidades para el desarrollo de las actividades de Simulaci\u00f3n Cl\u00ednica, y que esta es un \u00e1rea de desarrollo para la Facultad y la Universidad, se crea el N\u00facleo de Simulaci\u00f3n y Seguridad Cl\u00ednica, bajo el cual est\u00e1n tanto los Centros [&hellip;]","og_url":"https:\/\/medicina.udd.cl\/nucleodesimulacion\/sobre-nosotros\/","og_site_name":"Nucleo de Simulaci\u00f3n","article_modified_time":"2017-11-14T14:35:45+00:00","twitter_card":"summary_large_image","twitter_misc":{"Tiempo de lectura":"1 minuto"},"schema":{"@context":"https:\/\/schema.org","@graph":[{"@type":"WebPage","@id":"https:\/\/medicina.udd.cl\/nucleodesimulacion\/sobre-nosotros\/","url":"https:\/\/medicina.udd.cl\/nucleodesimulacion\/sobre-nosotros\/","name":"Sobre Nosotros - Nucleo de Simulaci\u00f3n","isPartOf":{"@id":"https:\/\/medicina.udd.cl\/nucleodesimulacion\/#website"},"datePublished":"2017-11-14T14:07:30+00:00","dateModified":"2017-11-14T14:35:45+00:00","breadcrumb":{"@id":"https:\/\/medicina.udd.cl\/nucleodesimulacion\/sobre-nosotros\/#breadcrumb"},"inLanguage":"es","potentialAction":[{"@type":"ReadAction","target":["https:\/\/medicina.udd.cl\/nucleodesimulacion\/sobre-nosotros\/"]}]},{"@type":"BreadcrumbList","@id":"https:\/\/medicina.udd.cl\/nucleodesimulacion\/sobre-nosotros\/#breadcrumb","itemListElement":[{"@type":"ListItem","position":1,"name":"Portada","item":"https:\/\/medicina.udd.cl\/nucleodesimulacion\/"},{"@type":"ListItem","position":2,"name":"Sobre Nosotros"}]},{"@type":"WebSite","@id":"https:\/\/medicina.udd.cl\/nucleodesimulacion\/#website","url":"https:\/\/medicina.udd.cl\/nucleodesimulacion\/","name":"Nucleo de Simulaci\u00f3n","description":"Otro sitio m\u00e1s de Medicina","potentialAction":[{"@type":"SearchAction","target":{"@type":"EntryPoint","urlTemplate":"https:\/\/medicina.udd.cl\/nucleodesimulacion\/?s={search_term_string}"},"query-input":{"@type":"PropertyValueSpecification","valueRequired":true,"valueName":"search_term_string"}}],"inLanguage":"es"}]}},"_links":{"self":[{"href":"https:\/\/medicina.udd.cl\/nucleodesimulacion\/wp-json\/wp\/v2\/pages\/6","targetHints":{"allow":["GET"]}}],"collection":[{"href":"https:\/\/medicina.udd.cl\/nucleodesimulacion\/wp-json\/wp\/v2\/pages"}],"about":[{"href":"https:\/\/medicina.udd.cl\/nucleodesimulacion\/wp-json\/wp\/v2\/types\/page"}],"author":[{"embeddable":true,"href":"https:\/\/medicina.udd.cl\/nucleodesimulacion\/wp-json\/wp\/v2\/users\/9192210"}],"replies":[{"embeddable":true,"href":"https:\/\/medicina.udd.cl\/nucleodesimulacion\/wp-json\/wp\/v2\/comments?post=6"}],"version-history":[{"count":2,"href":"https:\/\/medicina.udd.cl\/nucleodesimulacion\/wp-json\/wp\/v2\/pages\/6\/revisions"}],"predecessor-version":[{"id":27,"href":"https:\/\/medicina.udd.cl\/nucleodesimulacion\/wp-json\/wp\/v2\/pages\/6\/revisions\/27"}],"wp:attachment":[{"href":"https:\/\/medicina.udd.cl\/nucleodesimulacion\/wp-json\/wp\/v2\/media?parent=6"}],"curies":[{"name":"wp","href":"https:\/\/api.w.org\/{rel}","templated":true}]}}