{"id":1032,"date":"2012-11-07T11:13:34","date_gmt":"2012-11-07T14:13:34","guid":{"rendered":"http:\/\/medicina.udd.cl\/nutricion-dietetica-santiago\/files\/2012\/11\/anchoalemana.png"},"modified":"2012-11-07T11:13:34","modified_gmt":"2012-11-07T14:13:34","slug":"anchoalemana","status":"inherit","type":"attachment","link":"https:\/\/medicina.udd.cl\/nutricion-dietetica-santiago\/la-carrera\/alianza-udd-con-corporacion-chileno-alemana-de-beneficencia\/anchoalemana\/","title":{"rendered":"Cl\u00ednica Alemana"},"author":1,"featured_media":0,"comment_status":"open","ping_status":"open","template":"","meta":[],"class_list":["post-1032","attachment","type-attachment","status-inherit","hentry"],"yoast_head":"<!-- This site is optimized with the Yoast SEO plugin v26.9 - https:\/\/yoast.com\/product\/yoast-seo-wordpress\/ -->\n<title>Cl\u00ednica Alemana - Nutrici\u00f3n y Diet\u00e9tica<\/title>\n<meta name=\"robots\" content=\"index, follow, max-snippet:-1, max-image-preview:large, max-video-preview:-1\" \/>\n<link rel=\"canonical\" href=\"https:\/\/medicina.udd.cl\/nutricion-dietetica-santiago\/files\/2012\/11\/anchoalemana.png\" \/>\n<meta property=\"og:locale\" content=\"es_ES\" \/>\n<meta property=\"og:type\" content=\"article\" \/>\n<meta property=\"og:title\" content=\"Cl\u00ednica Alemana - Nutrici\u00f3n y Diet\u00e9tica\" \/>\n<meta property=\"og:url\" content=\"https:\/\/medicina.udd.cl\/nutricion-dietetica-santiago\/files\/2012\/11\/anchoalemana.png\" \/>\n<meta property=\"og:site_name\" content=\"Nutrici\u00f3n y Diet\u00e9tica\" \/>\n<meta property=\"og:image\" content=\"https:\/\/medicina.udd.cl\/nutricion-dietetica-santiago\/files\/2012\/11\/anchoalemana.png\" \/>\n\t<meta property=\"og:image:width\" content=\"680\" \/>\n\t<meta property=\"og:image:height\" content=\"150\" \/>\n\t<meta property=\"og:image:type\" content=\"image\/png\" \/>\n<script type=\"application\/ld+json\" class=\"yoast-schema-graph\">{\"@context\":\"https:\/\/schema.org\",\"@graph\":[{\"@type\":\"WebPage\",\"@id\":\"https:\/\/medicina.udd.cl\/nutricion-dietetica-santiago\/files\/2012\/11\/anchoalemana.png\",\"url\":\"https:\/\/medicina.udd.cl\/nutricion-dietetica-santiago\/files\/2012\/11\/anchoalemana.png\",\"name\":\"Cl\u00ednica Alemana - Nutrici\u00f3n y Diet\u00e9tica\",\"isPartOf\":{\"@id\":\"https:\/\/medicina.udd.cl\/nutricion-dietetica-santiago\/#website\"},\"datePublished\":\"2012-11-07T14:13:34+00:00\",\"breadcrumb\":{\"@id\":\"https:\/\/medicina.udd.cl\/nutricion-dietetica-santiago\/files\/2012\/11\/anchoalemana.png#breadcrumb\"},\"inLanguage\":\"es\",\"potentialAction\":[{\"@type\":\"ReadAction\",\"target\":[\"https:\/\/medicina.udd.cl\/nutricion-dietetica-santiago\/files\/2012\/11\/anchoalemana.png\"]}]},{\"@type\":\"BreadcrumbList\",\"@id\":\"https:\/\/medicina.udd.cl\/nutricion-dietetica-santiago\/files\/2012\/11\/anchoalemana.png#breadcrumb\",\"itemListElement\":[{\"@type\":\"ListItem\",\"position\":1,\"name\":\"Home\",\"item\":\"https:\/\/medicina.udd.cl\/nutricion-dietetica-santiago\/\"},{\"@type\":\"ListItem\",\"position\":2,\"name\":\"La Carrera\",\"item\":\"https:\/\/medicina.udd.cl\/nutricion-dietetica-santiago\/la-carrera\/\"},{\"@type\":\"ListItem\",\"position\":3,\"name\":\"Alianza UDD con Corporaci\u00f3n Chileno Alemana de Beneficencia\",\"item\":\"https:\/\/medicina.udd.cl\/nutricion-dietetica-santiago\/la-carrera\/alianza-udd-con-corporacion-chileno-alemana-de-beneficencia\/\"},{\"@type\":\"ListItem\",\"position\":4,\"name\":\"Cl\u00ednica Alemana\"}]},{\"@type\":\"WebSite\",\"@id\":\"https:\/\/medicina.udd.cl\/nutricion-dietetica-santiago\/#website\",\"url\":\"https:\/\/medicina.udd.cl\/nutricion-dietetica-santiago\/\",\"name\":\"Nutrici\u00f3n y Diet\u00e9tica\",\"description\":\"Facultad de Medicina C\u00ednica Alemana Universidad del Desarrollo\",\"inLanguage\":\"es\"}]}<\/script>\n<!-- \/ Yoast SEO plugin. -->","yoast_head_json":{"title":"Cl\u00ednica Alemana - Nutrici\u00f3n y Diet\u00e9tica","robots":{"index":"index","follow":"follow","max-snippet":"max-snippet:-1","max-image-preview":"max-image-preview:large","max-video-preview":"max-video-preview:-1"},"canonical":"https:\/\/medicina.udd.cl\/nutricion-dietetica-santiago\/files\/2012\/11\/anchoalemana.png","og_locale":"es_ES","og_type":"article","og_title":"Cl\u00ednica Alemana - Nutrici\u00f3n y Diet\u00e9tica","og_url":"https:\/\/medicina.udd.cl\/nutricion-dietetica-santiago\/files\/2012\/11\/anchoalemana.png","og_site_name":"Nutrici\u00f3n y Diet\u00e9tica","og_image":[{"width":680,"height":150,"url":"https:\/\/medicina.udd.cl\/nutricion-dietetica-santiago\/files\/2012\/11\/anchoalemana.png","type":"image\/png"}],"schema":{"@context":"https:\/\/schema.org","@graph":[{"@type":"WebPage","@id":"https:\/\/medicina.udd.cl\/nutricion-dietetica-santiago\/files\/2012\/11\/anchoalemana.png","url":"https:\/\/medicina.udd.cl\/nutricion-dietetica-santiago\/files\/2012\/11\/anchoalemana.png","name":"Cl\u00ednica Alemana - Nutrici\u00f3n y Diet\u00e9tica","isPartOf":{"@id":"https:\/\/medicina.udd.cl\/nutricion-dietetica-santiago\/#website"},"datePublished":"2012-11-07T14:13:34+00:00","breadcrumb":{"@id":"https:\/\/medicina.udd.cl\/nutricion-dietetica-santiago\/files\/2012\/11\/anchoalemana.png#breadcrumb"},"inLanguage":"es","potentialAction":[{"@type":"ReadAction","target":["https:\/\/medicina.udd.cl\/nutricion-dietetica-santiago\/files\/2012\/11\/anchoalemana.png"]}]},{"@type":"BreadcrumbList","@id":"https:\/\/medicina.udd.cl\/nutricion-dietetica-santiago\/files\/2012\/11\/anchoalemana.png#breadcrumb","itemListElement":[{"@type":"ListItem","position":1,"name":"Home","item":"https:\/\/medicina.udd.cl\/nutricion-dietetica-santiago\/"},{"@type":"ListItem","position":2,"name":"La Carrera","item":"https:\/\/medicina.udd.cl\/nutricion-dietetica-santiago\/la-carrera\/"},{"@type":"ListItem","position":3,"name":"Alianza UDD con Corporaci\u00f3n Chileno Alemana de Beneficencia","item":"https:\/\/medicina.udd.cl\/nutricion-dietetica-santiago\/la-carrera\/alianza-udd-con-corporacion-chileno-alemana-de-beneficencia\/"},{"@type":"ListItem","position":4,"name":"Cl\u00ednica Alemana"}]},{"@type":"WebSite","@id":"https:\/\/medicina.udd.cl\/nutricion-dietetica-santiago\/#website","url":"https:\/\/medicina.udd.cl\/nutricion-dietetica-santiago\/","name":"Nutrici\u00f3n y Diet\u00e9tica","description":"Facultad de Medicina C\u00ednica Alemana Universidad del Desarrollo","inLanguage":"es"}]}},"description":{"rendered":"<p class=\"attachment\"><a href='https:\/\/medicina.udd.cl\/nutricion-dietetica-santiago\/files\/2012\/11\/anchoalemana.png'><img loading=\"lazy\" decoding=\"async\" width=\"300\" height=\"66\" src=\"https:\/\/medicina.udd.cl\/nutricion-dietetica-santiago\/files\/2012\/11\/anchoalemana-300x66.png\" class=\"attachment-medium size-medium\" alt=\"Cl\u00ednica Alemana\" srcset=\"https:\/\/medicina.udd.cl\/nutricion-dietetica-santiago\/files\/2012\/11\/anchoalemana-300x66.png 300w, https:\/\/medicina.udd.cl\/nutricion-dietetica-santiago\/files\/2012\/11\/anchoalemana.png 680w\" sizes=\"auto, (max-width: 300px) 100vw, 300px\" \/><\/a><\/p>\n"},"caption":{"rendered":""},"alt_text":"Cl\u00ednica Alemana","media_type":"image","mime_type":"image\/png","media_details":{"width":680,"height":150,"file":"2012\/11\/anchoalemana.png","sizes":{"thumbnail":{"file":"anchoalemana-150x150.png","width":150,"height":150,"mime_type":"image\/png","source_url":"https:\/\/medicina.udd.cl\/nutricion-dietetica-santiago\/files\/2012\/11\/anchoalemana-150x150.png"},"medium":{"file":"anchoalemana-300x66.png","width":300,"height":66,"mime_type":"image\/png","source_url":"https:\/\/medicina.udd.cl\/nutricion-dietetica-santiago\/files\/2012\/11\/anchoalemana-300x66.png"},"newsletter_featured":{"file":"anchoalemana-316x150.png","width":316,"height":150,"mime_type":"image\/png","source_url":"https:\/\/medicina.udd.cl\/nutricion-dietetica-santiago\/files\/2012\/11\/anchoalemana-316x150.png"},"newsletter_first":{"file":"anchoalemana-286x150.png","width":286,"height":150,"mime_type":"image\/png","source_url":"https:\/\/medicina.udd.cl\/nutricion-dietetica-santiago\/files\/2012\/11\/anchoalemana-286x150.png"},"newsletter_thumb":{"file":"anchoalemana-288x150.png","width":288,"height":150,"mime_type":"image\/png","source_url":"https:\/\/medicina.udd.cl\/nutricion-dietetica-santiago\/files\/2012\/11\/anchoalemana-288x150.png"},"newsletter_column":{"file":"anchoalemana-182x140.png","width":182,"height":140,"mime_type":"image\/png","source_url":"https:\/\/medicina.udd.cl\/nutricion-dietetica-santiago\/files\/2012\/11\/anchoalemana-182x140.png"},"newsletter_square":{"file":"anchoalemana-62x62.png","width":62,"height":62,"mime_type":"image\/png","source_url":"https:\/\/medicina.udd.cl\/nutricion-dietetica-santiago\/files\/2012\/11\/anchoalemana-62x62.png"},"newsletter_square_large":{"file":"anchoalemana-87x62.png","width":87,"height":62,"mime_type":"image\/png","source_url":"https:\/\/medicina.udd.cl\/nutricion-dietetica-santiago\/files\/2012\/11\/anchoalemana-87x62.png"},"featured-career":{"file":"anchoalemana-660x150.png","width":660,"height":150,"mime_type":"image\/png","source_url":"https:\/\/medicina.udd.cl\/nutricion-dietetica-santiago\/files\/2012\/11\/anchoalemana-660x150.png"},"squared":{"file":"anchoalemana-300x150.png","width":300,"height":150,"mime_type":"image\/png","source_url":"https:\/\/medicina.udd.cl\/nutricion-dietetica-santiago\/files\/2012\/11\/anchoalemana-300x150.png"},"portrait-medium":{"file":"anchoalemana-220x150.png","width":220,"height":150,"mime_type":"image\/png","source_url":"https:\/\/medicina.udd.cl\/nutricion-dietetica-santiago\/files\/2012\/11\/anchoalemana-220x150.png"},"landscape-small":{"file":"anchoalemana-125x80.png","width":125,"height":80,"mime_type":"image\/png","source_url":"https:\/\/medicina.udd.cl\/nutricion-dietetica-santiago\/files\/2012\/11\/anchoalemana-125x80.png"},"landscape-medium":{"file":"anchoalemana-340x150.png","width":340,"height":150,"mime_type":"image\/png","source_url":"https:\/\/medicina.udd.cl\/nutricion-dietetica-santiago\/files\/2012\/11\/anchoalemana-340x150.png"},"landscape-large":{"file":"anchoalemana-365x150.png","width":365,"height":150,"mime_type":"image\/png","source_url":"https:\/\/medicina.udd.cl\/nutricion-dietetica-santiago\/files\/2012\/11\/anchoalemana-365x150.png"},"landscape-xlarge":{"file":"anchoalemana-660x150.png","width":660,"height":150,"mime_type":"image\/png","source_url":"https:\/\/medicina.udd.cl\/nutricion-dietetica-santiago\/files\/2012\/11\/anchoalemana-660x150.png"},"custom_content":{"file":"anchoalemana-126x126.png","width":126,"height":126,"mime_type":"image\/png","source_url":"https:\/\/medicina.udd.cl\/nutricion-dietetica-santiago\/files\/2012\/11\/anchoalemana-126x126.png"},"full":{"file":"anchoalemana.png","width":680,"height":150,"mime_type":"image\/png","source_url":"https:\/\/medicina.udd.cl\/nutricion-dietetica-santiago\/files\/2012\/11\/anchoalemana.png"}},"image_meta":{"aperture":"0","credit":"","camera":"","caption":"","created_timestamp":"0","copyright":"","focal_length":"0","iso":"0","shutter_speed":"0","title":"","orientation":"0","keywords":[]}},"post":1020,"source_url":"https:\/\/medicina.udd.cl\/nutricion-dietetica-santiago\/files\/2012\/11\/anchoalemana.png","_links":{"self":[{"href":"https:\/\/medicina.udd.cl\/nutricion-dietetica-santiago\/wp-json\/wp\/v2\/media\/1032","targetHints":{"allow":["GET"]}}],"collection":[{"href":"https:\/\/medicina.udd.cl\/nutricion-dietetica-santiago\/wp-json\/wp\/v2\/media"}],"about":[{"href":"https:\/\/medicina.udd.cl\/nutricion-dietetica-santiago\/wp-json\/wp\/v2\/types\/attachment"}],"author":[{"embeddable":true,"href":"https:\/\/medicina.udd.cl\/nutricion-dietetica-santiago\/wp-json\/wp\/v2\/users\/1"}],"replies":[{"embeddable":true,"href":"https:\/\/medicina.udd.cl\/nutricion-dietetica-santiago\/wp-json\/wp\/v2\/comments?post=1032"}],"wp:attached-to":[{"embeddable":true,"post_type":"page","id":1020,"href":"https:\/\/medicina.udd.cl\/nutricion-dietetica-santiago\/wp-json\/wp\/v2\/pages\/1020"}],"curies":[{"name":"wp","href":"https:\/\/api.w.org\/{rel}","templated":true}]}}

Clínica Alemana

<!-- This site is optimized with the Yoast SEO plugin v26.9 - https://yoast.com/product/yoast-seo-wordpress/ -->
<title>Clínica Alemana - Nutrición y Dietética</title>
<meta name="robots" content="index, follow, max-snippet:-1, max-image-preview:large, max-video-preview:-1" />
<link rel="canonical" href="https://medicina.udd.cl/nutricion-dietetica-santiago/files/2012/11/anchoalemana.png" />
<meta property="og:locale" content="es_ES" />
<meta property="og:type" content="article" />
<meta property="og:title" content="Clínica Alemana - Nutrición y Dietética" />
<meta property="og:url" content="https://medicina.udd.cl/nutricion-dietetica-santiago/files/2012/11/anchoalemana.png" />
<meta property="og:site_name" content="Nutrición y Dietética" />
<meta property="og:image" content="https://medicina.udd.cl/nutricion-dietetica-santiago/files/2012/11/anchoalemana.png" />
	<meta property="og:image:width" content="680" />
	<meta property="og:image:height" content="150" />
	<meta property="og:image:type" content="image/png" />
<script type="application/ld+json" class="yoast-schema-graph">{"@context":"https://schema.org","@graph":[{"@type":"WebPage","@id":"https://medicina.udd.cl/nutricion-dietetica-santiago/files/2012/11/anchoalemana.png","url":"https://medicina.udd.cl/nutricion-dietetica-santiago/files/2012/11/anchoalemana.png","name":"Clínica Alemana - Nutrición y Dietética","isPartOf":{"@id":"https://medicina.udd.cl/nutricion-dietetica-santiago/#website"},"datePublished":"2012-11-07T14:13:34+00:00","breadcrumb":{"@id":"https://medicina.udd.cl/nutricion-dietetica-santiago/files/2012/11/anchoalemana.png#breadcrumb"},"inLanguage":"es","potentialAction":[{"@type":"ReadAction","target":["https://medicina.udd.cl/nutricion-dietetica-santiago/files/2012/11/anchoalemana.png"]}]},{"@type":"BreadcrumbList","@id":"https://medicina.udd.cl/nutricion-dietetica-santiago/files/2012/11/anchoalemana.png#breadcrumb","itemListElement":[{"@type":"ListItem","position":1,"name":"Home","item":"https://medicina.udd.cl/nutricion-dietetica-santiago/"},{"@type":"ListItem","position":2,"name":"La Carrera","item":"https://medicina.udd.cl/nutricion-dietetica-santiago/la-carrera/"},{"@type":"ListItem","position":3,"name":"Alianza UDD con Corporación Chileno Alemana de Beneficencia","item":"https://medicina.udd.cl/nutricion-dietetica-santiago/la-carrera/alianza-udd-con-corporacion-chileno-alemana-de-beneficencia/"},{"@type":"ListItem","position":4,"name":"Clínica Alemana"}]},{"@type":"WebSite","@id":"https://medicina.udd.cl/nutricion-dietetica-santiago/#website","url":"https://medicina.udd.cl/nutricion-dietetica-santiago/","name":"Nutrición y Dietética","description":"Facultad de Medicina Cínica Alemana Universidad del Desarrollo","inLanguage":"es"}]}</script>
<!-- / Yoast SEO plugin. -->

Clínica Alemana - Nutrición y Dietética

Nutrición y Dietética

Alianza UDD con Corporación Chileno Alemana de Beneficencia

Facultad de Medicina Cínica Alemana Universidad del Desarrollo

<p class="attachment"><a href='https://medicina.udd.cl/nutricion-dietetica-santiago/files/2012/11/anchoalemana.png'><img loading="lazy" decoding="async" width="300" height="66" src="https://medicina.udd.cl/nutricion-dietetica-santiago/files/2012/11/anchoalemana-300x66.png" class="attachment-medium size-medium" alt="Clínica Alemana" srcset="https://medicina.udd.cl/nutricion-dietetica-santiago/files/2012/11/anchoalemana-300x66.png 300w, https://medicina.udd.cl/nutricion-dietetica-santiago/files/2012/11/anchoalemana.png 680w" sizes="auto, (max-width: 300px) 100vw, 300px" /></a></p>
