{"id":2332,"date":"2014-09-29T14:40:31","date_gmt":"2014-09-29T17:40:31","guid":{"rendered":"http:\/\/medicina.udd.cl\/nutricion-dietetica-santiago\/files\/2013\/10\/Edulcorantes-Carta-al-Director-de-Rinat-Ratner.pdf"},"modified":"2014-09-29T14:40:31","modified_gmt":"2014-09-29T17:40:31","slug":"edulcorantes-carta-al-director-de-rinat-ratner-2","status":"inherit","type":"attachment","link":"https:\/\/medicina.udd.cl\/nutricion-dietetica-santiago\/la-carrera\/nutricion-y-dietetica-udd-en-la-prensa\/edulcorantes-carta-al-director-de-rinat-ratner-2\/","title":{"rendered":"Edulcorantes &#8211; Carta al Director de Rinat Ratner"},"author":40,"featured_media":0,"comment_status":"open","ping_status":"open","template":"","meta":[],"class_list":["post-2332","attachment","type-attachment","status-inherit","hentry"],"yoast_head":"<!-- This site is optimized with the Yoast SEO plugin v26.9 - https:\/\/yoast.com\/product\/yoast-seo-wordpress\/ -->\n<title>Edulcorantes - Carta al Director de Rinat Ratner - Nutrici\u00f3n y Diet\u00e9tica<\/title>\n<meta name=\"robots\" content=\"index, follow, max-snippet:-1, max-image-preview:large, max-video-preview:-1\" \/>\n<link rel=\"canonical\" href=\"https:\/\/medicina.udd.cl\/nutricion-dietetica-santiago\/files\/2013\/10\/Edulcorantes-Carta-al-Director-de-Rinat-Ratner.pdf\" \/>\n<meta property=\"og:locale\" content=\"es_ES\" \/>\n<meta property=\"og:type\" content=\"article\" \/>\n<meta property=\"og:title\" content=\"Edulcorantes - Carta al Director de Rinat Ratner - Nutrici\u00f3n y Diet\u00e9tica\" \/>\n<meta property=\"og:description\" content=\"Edulcorantes - Carta al Director de Rinat Ratner\" \/>\n<meta property=\"og:url\" content=\"https:\/\/medicina.udd.cl\/nutricion-dietetica-santiago\/files\/2013\/10\/Edulcorantes-Carta-al-Director-de-Rinat-Ratner.pdf\" \/>\n<meta property=\"og:site_name\" content=\"Nutrici\u00f3n y Diet\u00e9tica\" \/>\n<script type=\"application\/ld+json\" class=\"yoast-schema-graph\">{\"@context\":\"https:\/\/schema.org\",\"@graph\":[{\"@type\":\"WebPage\",\"@id\":\"https:\/\/medicina.udd.cl\/nutricion-dietetica-santiago\/files\/2013\/10\/Edulcorantes-Carta-al-Director-de-Rinat-Ratner.pdf\",\"url\":\"https:\/\/medicina.udd.cl\/nutricion-dietetica-santiago\/files\/2013\/10\/Edulcorantes-Carta-al-Director-de-Rinat-Ratner.pdf\",\"name\":\"Edulcorantes - Carta al Director de Rinat Ratner - Nutrici\u00f3n y Diet\u00e9tica\",\"isPartOf\":{\"@id\":\"https:\/\/medicina.udd.cl\/nutricion-dietetica-santiago\/#website\"},\"datePublished\":\"2014-09-29T17:40:31+00:00\",\"breadcrumb\":{\"@id\":\"https:\/\/medicina.udd.cl\/nutricion-dietetica-santiago\/files\/2013\/10\/Edulcorantes-Carta-al-Director-de-Rinat-Ratner.pdf#breadcrumb\"},\"inLanguage\":\"es\",\"potentialAction\":[{\"@type\":\"ReadAction\",\"target\":[\"https:\/\/medicina.udd.cl\/nutricion-dietetica-santiago\/files\/2013\/10\/Edulcorantes-Carta-al-Director-de-Rinat-Ratner.pdf\"]}]},{\"@type\":\"BreadcrumbList\",\"@id\":\"https:\/\/medicina.udd.cl\/nutricion-dietetica-santiago\/files\/2013\/10\/Edulcorantes-Carta-al-Director-de-Rinat-Ratner.pdf#breadcrumb\",\"itemListElement\":[{\"@type\":\"ListItem\",\"position\":1,\"name\":\"Home\",\"item\":\"https:\/\/medicina.udd.cl\/nutricion-dietetica-santiago\/\"},{\"@type\":\"ListItem\",\"position\":2,\"name\":\"La Carrera\",\"item\":\"https:\/\/medicina.udd.cl\/nutricion-dietetica-santiago\/la-carrera\/\"},{\"@type\":\"ListItem\",\"position\":3,\"name\":\"Nutrici\u00f3n y Diet\u00e9tica UDD en la Prensa\",\"item\":\"https:\/\/medicina.udd.cl\/nutricion-dietetica-santiago\/la-carrera\/nutricion-y-dietetica-udd-en-la-prensa\/\"},{\"@type\":\"ListItem\",\"position\":4,\"name\":\"Edulcorantes &#8211; Carta al Director de Rinat Ratner\"}]},{\"@type\":\"WebSite\",\"@id\":\"https:\/\/medicina.udd.cl\/nutricion-dietetica-santiago\/#website\",\"url\":\"https:\/\/medicina.udd.cl\/nutricion-dietetica-santiago\/\",\"name\":\"Nutrici\u00f3n y Diet\u00e9tica\",\"description\":\"Facultad de Medicina C\u00ednica Alemana Universidad del Desarrollo\",\"inLanguage\":\"es\"}]}<\/script>\n<!-- \/ Yoast SEO plugin. -->","yoast_head_json":{"title":"Edulcorantes - Carta al Director de Rinat Ratner - Nutrici\u00f3n y Diet\u00e9tica","robots":{"index":"index","follow":"follow","max-snippet":"max-snippet:-1","max-image-preview":"max-image-preview:large","max-video-preview":"max-video-preview:-1"},"canonical":"https:\/\/medicina.udd.cl\/nutricion-dietetica-santiago\/files\/2013\/10\/Edulcorantes-Carta-al-Director-de-Rinat-Ratner.pdf","og_locale":"es_ES","og_type":"article","og_title":"Edulcorantes - Carta al Director de Rinat Ratner - Nutrici\u00f3n y Diet\u00e9tica","og_description":"Edulcorantes - Carta al Director de Rinat Ratner","og_url":"https:\/\/medicina.udd.cl\/nutricion-dietetica-santiago\/files\/2013\/10\/Edulcorantes-Carta-al-Director-de-Rinat-Ratner.pdf","og_site_name":"Nutrici\u00f3n y Diet\u00e9tica","schema":{"@context":"https:\/\/schema.org","@graph":[{"@type":"WebPage","@id":"https:\/\/medicina.udd.cl\/nutricion-dietetica-santiago\/files\/2013\/10\/Edulcorantes-Carta-al-Director-de-Rinat-Ratner.pdf","url":"https:\/\/medicina.udd.cl\/nutricion-dietetica-santiago\/files\/2013\/10\/Edulcorantes-Carta-al-Director-de-Rinat-Ratner.pdf","name":"Edulcorantes - Carta al Director de Rinat Ratner - Nutrici\u00f3n y Diet\u00e9tica","isPartOf":{"@id":"https:\/\/medicina.udd.cl\/nutricion-dietetica-santiago\/#website"},"datePublished":"2014-09-29T17:40:31+00:00","breadcrumb":{"@id":"https:\/\/medicina.udd.cl\/nutricion-dietetica-santiago\/files\/2013\/10\/Edulcorantes-Carta-al-Director-de-Rinat-Ratner.pdf#breadcrumb"},"inLanguage":"es","potentialAction":[{"@type":"ReadAction","target":["https:\/\/medicina.udd.cl\/nutricion-dietetica-santiago\/files\/2013\/10\/Edulcorantes-Carta-al-Director-de-Rinat-Ratner.pdf"]}]},{"@type":"BreadcrumbList","@id":"https:\/\/medicina.udd.cl\/nutricion-dietetica-santiago\/files\/2013\/10\/Edulcorantes-Carta-al-Director-de-Rinat-Ratner.pdf#breadcrumb","itemListElement":[{"@type":"ListItem","position":1,"name":"Home","item":"https:\/\/medicina.udd.cl\/nutricion-dietetica-santiago\/"},{"@type":"ListItem","position":2,"name":"La Carrera","item":"https:\/\/medicina.udd.cl\/nutricion-dietetica-santiago\/la-carrera\/"},{"@type":"ListItem","position":3,"name":"Nutrici\u00f3n y Diet\u00e9tica UDD en la Prensa","item":"https:\/\/medicina.udd.cl\/nutricion-dietetica-santiago\/la-carrera\/nutricion-y-dietetica-udd-en-la-prensa\/"},{"@type":"ListItem","position":4,"name":"Edulcorantes &#8211; Carta al Director de Rinat Ratner"}]},{"@type":"WebSite","@id":"https:\/\/medicina.udd.cl\/nutricion-dietetica-santiago\/#website","url":"https:\/\/medicina.udd.cl\/nutricion-dietetica-santiago\/","name":"Nutrici\u00f3n y Diet\u00e9tica","description":"Facultad de Medicina C\u00ednica Alemana Universidad del Desarrollo","inLanguage":"es"}]}},"description":{"rendered":"<p class=\"attachment\"><a href='https:\/\/medicina.udd.cl\/nutricion-dietetica-santiago\/files\/2013\/10\/Edulcorantes-Carta-al-Director-de-Rinat-Ratner.pdf'>Edulcorantes - Carta al Director de Rinat Ratner<\/a><\/p>\n"},"caption":{"rendered":"<p>Edulcorantes &#8211; Carta al Director de Rinat Ratner<\/p>\n"},"alt_text":"","media_type":"file","mime_type":"application\/pdf","media_details":{},"post":1756,"source_url":"https:\/\/medicina.udd.cl\/nutricion-dietetica-santiago\/files\/2013\/10\/Edulcorantes-Carta-al-Director-de-Rinat-Ratner.pdf","_links":{"self":[{"href":"https:\/\/medicina.udd.cl\/nutricion-dietetica-santiago\/wp-json\/wp\/v2\/media\/2332","targetHints":{"allow":["GET"]}}],"collection":[{"href":"https:\/\/medicina.udd.cl\/nutricion-dietetica-santiago\/wp-json\/wp\/v2\/media"}],"about":[{"href":"https:\/\/medicina.udd.cl\/nutricion-dietetica-santiago\/wp-json\/wp\/v2\/types\/attachment"}],"author":[{"embeddable":true,"href":"https:\/\/medicina.udd.cl\/nutricion-dietetica-santiago\/wp-json\/wp\/v2\/users\/40"}],"replies":[{"embeddable":true,"href":"https:\/\/medicina.udd.cl\/nutricion-dietetica-santiago\/wp-json\/wp\/v2\/comments?post=2332"}],"wp:attached-to":[{"embeddable":true,"post_type":"page","id":1756,"href":"https:\/\/medicina.udd.cl\/nutricion-dietetica-santiago\/wp-json\/wp\/v2\/pages\/1756"}],"curies":[{"name":"wp","href":"https:\/\/api.w.org\/{rel}","templated":true}]}}

<!-- This site is optimized with the Yoast SEO plugin v26.9 - https://yoast.com/product/yoast-seo-wordpress/ -->
<title>Edulcorantes - Carta al Director de Rinat Ratner - Nutrición y Dietética</title>
<meta name="robots" content="index, follow, max-snippet:-1, max-image-preview:large, max-video-preview:-1" />
<link rel="canonical" href="https://medicina.udd.cl/nutricion-dietetica-santiago/files/2013/10/Edulcorantes-Carta-al-Director-de-Rinat-Ratner.pdf" />
<meta property="og:locale" content="es_ES" />
<meta property="og:type" content="article" />
<meta property="og:title" content="Edulcorantes - Carta al Director de Rinat Ratner - Nutrición y Dietética" />
<meta property="og:description" content="Edulcorantes - Carta al Director de Rinat Ratner" />
<meta property="og:url" content="https://medicina.udd.cl/nutricion-dietetica-santiago/files/2013/10/Edulcorantes-Carta-al-Director-de-Rinat-Ratner.pdf" />
<meta property="og:site_name" content="Nutrición y Dietética" />
<script type="application/ld+json" class="yoast-schema-graph">{"@context":"https://schema.org","@graph":[{"@type":"WebPage","@id":"https://medicina.udd.cl/nutricion-dietetica-santiago/files/2013/10/Edulcorantes-Carta-al-Director-de-Rinat-Ratner.pdf","url":"https://medicina.udd.cl/nutricion-dietetica-santiago/files/2013/10/Edulcorantes-Carta-al-Director-de-Rinat-Ratner.pdf","name":"Edulcorantes - Carta al Director de Rinat Ratner - Nutrición y Dietética","isPartOf":{"@id":"https://medicina.udd.cl/nutricion-dietetica-santiago/#website"},"datePublished":"2014-09-29T17:40:31+00:00","breadcrumb":{"@id":"https://medicina.udd.cl/nutricion-dietetica-santiago/files/2013/10/Edulcorantes-Carta-al-Director-de-Rinat-Ratner.pdf#breadcrumb"},"inLanguage":"es","potentialAction":[{"@type":"ReadAction","target":["https://medicina.udd.cl/nutricion-dietetica-santiago/files/2013/10/Edulcorantes-Carta-al-Director-de-Rinat-Ratner.pdf"]}]},{"@type":"BreadcrumbList","@id":"https://medicina.udd.cl/nutricion-dietetica-santiago/files/2013/10/Edulcorantes-Carta-al-Director-de-Rinat-Ratner.pdf#breadcrumb","itemListElement":[{"@type":"ListItem","position":1,"name":"Home","item":"https://medicina.udd.cl/nutricion-dietetica-santiago/"},{"@type":"ListItem","position":2,"name":"La Carrera","item":"https://medicina.udd.cl/nutricion-dietetica-santiago/la-carrera/"},{"@type":"ListItem","position":3,"name":"Nutrición y Dietética UDD en la Prensa","item":"https://medicina.udd.cl/nutricion-dietetica-santiago/la-carrera/nutricion-y-dietetica-udd-en-la-prensa/"},{"@type":"ListItem","position":4,"name":"Edulcorantes &#8211; Carta al Director de Rinat Ratner"}]},{"@type":"WebSite","@id":"https://medicina.udd.cl/nutricion-dietetica-santiago/#website","url":"https://medicina.udd.cl/nutricion-dietetica-santiago/","name":"Nutrición y Dietética","description":"Facultad de Medicina Cínica Alemana Universidad del Desarrollo","inLanguage":"es"}]}</script>
<!-- / Yoast SEO plugin. -->

Edulcorantes - Carta al Director de Rinat Ratner - Nutrición y Dietética

Nutrición y Dietética

Nutrición y Dietética UDD en la Prensa

Facultad de Medicina Cínica Alemana Universidad del Desarrollo
