{"id":2604,"date":"2015-03-30T09:51:22","date_gmt":"2015-03-30T12:51:22","guid":{"rendered":"http:\/\/medicina.udd.cl\/nutricion-dietetica-santiago\/files\/2015\/03\/Nutrici\u00f3n-y-psicolog\u00eda.jpg"},"modified":"2015-03-30T09:51:22","modified_gmt":"2015-03-30T12:51:22","slug":"nutricion-y-psicologia","status":"inherit","type":"attachment","link":"https:\/\/medicina.udd.cl\/nutricion-dietetica-santiago\/diplomado\/nutricion-y-psicologia\/","title":{"rendered":"Nutrici\u00f3n y psicolog\u00eda"},"author":40,"featured_media":0,"comment_status":"open","ping_status":"open","template":"","meta":[],"class_list":["post-2604","attachment","type-attachment","status-inherit","hentry"],"yoast_head":"<!-- This site is optimized with the Yoast SEO plugin v26.9 - https:\/\/yoast.com\/product\/yoast-seo-wordpress\/ -->\n<title>Nutrici\u00f3n y psicolog\u00eda - Nutrici\u00f3n y Diet\u00e9tica<\/title>\n<meta name=\"robots\" content=\"index, follow, max-snippet:-1, max-image-preview:large, max-video-preview:-1\" \/>\n<link rel=\"canonical\" href=\"https:\/\/medicina.udd.cl\/nutricion-dietetica-santiago\/files\/2015\/03\/Nutrici\u00f3n-y-psicolog\u00eda.jpg\" \/>\n<meta property=\"og:locale\" content=\"es_ES\" \/>\n<meta property=\"og:type\" content=\"article\" \/>\n<meta property=\"og:title\" content=\"Nutrici\u00f3n y psicolog\u00eda - Nutrici\u00f3n y Diet\u00e9tica\" \/>\n<meta property=\"og:url\" content=\"https:\/\/medicina.udd.cl\/nutricion-dietetica-santiago\/files\/2015\/03\/Nutrici\u00f3n-y-psicolog\u00eda.jpg\" \/>\n<meta property=\"og:site_name\" content=\"Nutrici\u00f3n y Diet\u00e9tica\" \/>\n<meta property=\"og:image\" content=\"https:\/\/medicina.udd.cl\/nutricion-dietetica-santiago\/files\/2015\/03\/Nutrici\u00f3n-y-psicolog\u00eda.jpg\" \/>\n\t<meta property=\"og:image:width\" content=\"242\" \/>\n\t<meta property=\"og:image:height\" content=\"274\" \/>\n\t<meta property=\"og:image:type\" content=\"image\/jpeg\" \/>\n<script type=\"application\/ld+json\" class=\"yoast-schema-graph\">{\"@context\":\"https:\/\/schema.org\",\"@graph\":[{\"@type\":\"WebPage\",\"@id\":\"https:\/\/medicina.udd.cl\/nutricion-dietetica-santiago\/files\/2015\/03\/Nutrici\u00f3n-y-psicolog\u00eda.jpg\",\"url\":\"https:\/\/medicina.udd.cl\/nutricion-dietetica-santiago\/files\/2015\/03\/Nutrici\u00f3n-y-psicolog\u00eda.jpg\",\"name\":\"Nutrici\u00f3n y psicolog\u00eda - Nutrici\u00f3n y Diet\u00e9tica\",\"isPartOf\":{\"@id\":\"https:\/\/medicina.udd.cl\/nutricion-dietetica-santiago\/#website\"},\"datePublished\":\"2015-03-30T12:51:22+00:00\",\"breadcrumb\":{\"@id\":\"https:\/\/medicina.udd.cl\/nutricion-dietetica-santiago\/files\/2015\/03\/Nutrici\u00f3n-y-psicolog\u00eda.jpg#breadcrumb\"},\"inLanguage\":\"es\",\"potentialAction\":[{\"@type\":\"ReadAction\",\"target\":[\"https:\/\/medicina.udd.cl\/nutricion-dietetica-santiago\/files\/2015\/03\/Nutrici\u00f3n-y-psicolog\u00eda.jpg\"]}]},{\"@type\":\"BreadcrumbList\",\"@id\":\"https:\/\/medicina.udd.cl\/nutricion-dietetica-santiago\/files\/2015\/03\/Nutrici\u00f3n-y-psicolog\u00eda.jpg#breadcrumb\",\"itemListElement\":[{\"@type\":\"ListItem\",\"position\":1,\"name\":\"Home\",\"item\":\"https:\/\/medicina.udd.cl\/nutricion-dietetica-santiago\/\"},{\"@type\":\"ListItem\",\"position\":2,\"name\":\"Diplomados\",\"item\":\"https:\/\/medicina.udd.cl\/nutricion-dietetica-santiago\/diplomado\/\"},{\"@type\":\"ListItem\",\"position\":3,\"name\":\"Nutrici\u00f3n y psicolog\u00eda\"}]},{\"@type\":\"WebSite\",\"@id\":\"https:\/\/medicina.udd.cl\/nutricion-dietetica-santiago\/#website\",\"url\":\"https:\/\/medicina.udd.cl\/nutricion-dietetica-santiago\/\",\"name\":\"Nutrici\u00f3n y Diet\u00e9tica\",\"description\":\"Facultad de Medicina C\u00ednica Alemana Universidad del Desarrollo\",\"inLanguage\":\"es\"}]}<\/script>\n<!-- \/ Yoast SEO plugin. -->","yoast_head_json":{"title":"Nutrici\u00f3n y psicolog\u00eda - Nutrici\u00f3n y Diet\u00e9tica","robots":{"index":"index","follow":"follow","max-snippet":"max-snippet:-1","max-image-preview":"max-image-preview:large","max-video-preview":"max-video-preview:-1"},"canonical":"https:\/\/medicina.udd.cl\/nutricion-dietetica-santiago\/files\/2015\/03\/Nutrici\u00f3n-y-psicolog\u00eda.jpg","og_locale":"es_ES","og_type":"article","og_title":"Nutrici\u00f3n y psicolog\u00eda - Nutrici\u00f3n y Diet\u00e9tica","og_url":"https:\/\/medicina.udd.cl\/nutricion-dietetica-santiago\/files\/2015\/03\/Nutrici\u00f3n-y-psicolog\u00eda.jpg","og_site_name":"Nutrici\u00f3n y Diet\u00e9tica","og_image":[{"width":242,"height":274,"url":"https:\/\/medicina.udd.cl\/nutricion-dietetica-santiago\/files\/2015\/03\/Nutrici\u00f3n-y-psicolog\u00eda.jpg","type":"image\/jpeg"}],"schema":{"@context":"https:\/\/schema.org","@graph":[{"@type":"WebPage","@id":"https:\/\/medicina.udd.cl\/nutricion-dietetica-santiago\/files\/2015\/03\/Nutrici\u00f3n-y-psicolog\u00eda.jpg","url":"https:\/\/medicina.udd.cl\/nutricion-dietetica-santiago\/files\/2015\/03\/Nutrici\u00f3n-y-psicolog\u00eda.jpg","name":"Nutrici\u00f3n y psicolog\u00eda - Nutrici\u00f3n y Diet\u00e9tica","isPartOf":{"@id":"https:\/\/medicina.udd.cl\/nutricion-dietetica-santiago\/#website"},"datePublished":"2015-03-30T12:51:22+00:00","breadcrumb":{"@id":"https:\/\/medicina.udd.cl\/nutricion-dietetica-santiago\/files\/2015\/03\/Nutrici\u00f3n-y-psicolog\u00eda.jpg#breadcrumb"},"inLanguage":"es","potentialAction":[{"@type":"ReadAction","target":["https:\/\/medicina.udd.cl\/nutricion-dietetica-santiago\/files\/2015\/03\/Nutrici\u00f3n-y-psicolog\u00eda.jpg"]}]},{"@type":"BreadcrumbList","@id":"https:\/\/medicina.udd.cl\/nutricion-dietetica-santiago\/files\/2015\/03\/Nutrici\u00f3n-y-psicolog\u00eda.jpg#breadcrumb","itemListElement":[{"@type":"ListItem","position":1,"name":"Home","item":"https:\/\/medicina.udd.cl\/nutricion-dietetica-santiago\/"},{"@type":"ListItem","position":2,"name":"Diplomados","item":"https:\/\/medicina.udd.cl\/nutricion-dietetica-santiago\/diplomado\/"},{"@type":"ListItem","position":3,"name":"Nutrici\u00f3n y psicolog\u00eda"}]},{"@type":"WebSite","@id":"https:\/\/medicina.udd.cl\/nutricion-dietetica-santiago\/#website","url":"https:\/\/medicina.udd.cl\/nutricion-dietetica-santiago\/","name":"Nutrici\u00f3n y Diet\u00e9tica","description":"Facultad de Medicina C\u00ednica Alemana Universidad del Desarrollo","inLanguage":"es"}]}},"description":{"rendered":"<p class=\"attachment\"><a href='https:\/\/medicina.udd.cl\/nutricion-dietetica-santiago\/files\/2015\/03\/Nutrici\u00f3n-y-psicolog\u00eda.jpg'><img loading=\"lazy\" decoding=\"async\" width=\"242\" height=\"274\" src=\"https:\/\/medicina.udd.cl\/nutricion-dietetica-santiago\/files\/2015\/03\/Nutrici\u00f3n-y-psicolog\u00eda.jpg\" class=\"attachment-medium size-medium\" alt=\"\" \/><\/a><\/p>\n"},"caption":{"rendered":""},"alt_text":"","media_type":"image","mime_type":"image\/jpeg","media_details":{"width":242,"height":274,"file":"2015\/03\/Nutrici\u00f3n-y-psicolog\u00eda.jpg","sizes":{"thumbnail":{"file":"Nutrici\u00f3n-y-psicolog\u00eda-150x150.jpg","width":150,"height":150,"mime_type":"image\/jpeg","source_url":"https:\/\/medicina.udd.cl\/nutricion-dietetica-santiago\/files\/2015\/03\/Nutrici\u00f3n-y-psicolog\u00eda-150x150.jpg"},"newsletter_featured":{"file":"Nutrici\u00f3n-y-psicolog\u00eda-242x224.jpg","width":242,"height":224,"mime_type":"image\/jpeg","source_url":"https:\/\/medicina.udd.cl\/nutricion-dietetica-santiago\/files\/2015\/03\/Nutrici\u00f3n-y-psicolog\u00eda-242x224.jpg"},"newsletter_first":{"file":"Nutrici\u00f3n-y-psicolog\u00eda-242x205.jpg","width":242,"height":205,"mime_type":"image\/jpeg","source_url":"https:\/\/medicina.udd.cl\/nutricion-dietetica-santiago\/files\/2015\/03\/Nutrici\u00f3n-y-psicolog\u00eda-242x205.jpg"},"newsletter_thumb":{"file":"Nutrici\u00f3n-y-psicolog\u00eda-242x150.jpg","width":242,"height":150,"mime_type":"image\/jpeg","source_url":"https:\/\/medicina.udd.cl\/nutricion-dietetica-santiago\/files\/2015\/03\/Nutrici\u00f3n-y-psicolog\u00eda-242x150.jpg"},"newsletter_column":{"file":"Nutrici\u00f3n-y-psicolog\u00eda-182x140.jpg","width":182,"height":140,"mime_type":"image\/jpeg","source_url":"https:\/\/medicina.udd.cl\/nutricion-dietetica-santiago\/files\/2015\/03\/Nutrici\u00f3n-y-psicolog\u00eda-182x140.jpg"},"newsletter_square":{"file":"Nutrici\u00f3n-y-psicolog\u00eda-62x62.jpg","width":62,"height":62,"mime_type":"image\/jpeg","source_url":"https:\/\/medicina.udd.cl\/nutricion-dietetica-santiago\/files\/2015\/03\/Nutrici\u00f3n-y-psicolog\u00eda-62x62.jpg"},"newsletter_square_large":{"file":"Nutrici\u00f3n-y-psicolog\u00eda-87x62.jpg","width":87,"height":62,"mime_type":"image\/jpeg","source_url":"https:\/\/medicina.udd.cl\/nutricion-dietetica-santiago\/files\/2015\/03\/Nutrici\u00f3n-y-psicolog\u00eda-87x62.jpg"},"portrait-medium":{"file":"Nutrici\u00f3n-y-psicolog\u00eda-220x260.jpg","width":220,"height":260,"mime_type":"image\/jpeg","source_url":"https:\/\/medicina.udd.cl\/nutricion-dietetica-santiago\/files\/2015\/03\/Nutrici\u00f3n-y-psicolog\u00eda-220x260.jpg"},"landscape-small":{"file":"Nutrici\u00f3n-y-psicolog\u00eda-125x80.jpg","width":125,"height":80,"mime_type":"image\/jpeg","source_url":"https:\/\/medicina.udd.cl\/nutricion-dietetica-santiago\/files\/2015\/03\/Nutrici\u00f3n-y-psicolog\u00eda-125x80.jpg"},"landscape-medium":{"file":"Nutrici\u00f3n-y-psicolog\u00eda-242x220.jpg","width":242,"height":220,"mime_type":"image\/jpeg","source_url":"https:\/\/medicina.udd.cl\/nutricion-dietetica-santiago\/files\/2015\/03\/Nutrici\u00f3n-y-psicolog\u00eda-242x220.jpg"},"landscape-large":{"file":"Nutrici\u00f3n-y-psicolog\u00eda-242x255.jpg","width":242,"height":255,"mime_type":"image\/jpeg","source_url":"https:\/\/medicina.udd.cl\/nutricion-dietetica-santiago\/files\/2015\/03\/Nutrici\u00f3n-y-psicolog\u00eda-242x255.jpg"},"custom_content":{"file":"Nutrici\u00f3n-y-psicolog\u00eda-126x126.jpg","width":126,"height":126,"mime_type":"image\/jpeg","source_url":"https:\/\/medicina.udd.cl\/nutricion-dietetica-santiago\/files\/2015\/03\/Nutrici\u00f3n-y-psicolog\u00eda-126x126.jpg"},"full":{"file":"Nutrici\u00f3n-y-psicolog\u00eda.jpg","width":242,"height":274,"mime_type":"image\/jpeg","source_url":"https:\/\/medicina.udd.cl\/nutricion-dietetica-santiago\/files\/2015\/03\/Nutrici\u00f3n-y-psicolog\u00eda.jpg"}},"image_meta":{"aperture":0,"credit":"","camera":"","caption":"","created_timestamp":0,"copyright":"","focal_length":0,"iso":0,"shutter_speed":0,"title":""}},"post":2460,"source_url":"https:\/\/medicina.udd.cl\/nutricion-dietetica-santiago\/files\/2015\/03\/Nutrici\u00f3n-y-psicolog\u00eda.jpg","_links":{"self":[{"href":"https:\/\/medicina.udd.cl\/nutricion-dietetica-santiago\/wp-json\/wp\/v2\/media\/2604","targetHints":{"allow":["GET"]}}],"collection":[{"href":"https:\/\/medicina.udd.cl\/nutricion-dietetica-santiago\/wp-json\/wp\/v2\/media"}],"about":[{"href":"https:\/\/medicina.udd.cl\/nutricion-dietetica-santiago\/wp-json\/wp\/v2\/types\/attachment"}],"author":[{"embeddable":true,"href":"https:\/\/medicina.udd.cl\/nutricion-dietetica-santiago\/wp-json\/wp\/v2\/users\/40"}],"replies":[{"embeddable":true,"href":"https:\/\/medicina.udd.cl\/nutricion-dietetica-santiago\/wp-json\/wp\/v2\/comments?post=2604"}],"wp:attached-to":[{"embeddable":true,"post_type":"page","id":2460,"href":"https:\/\/medicina.udd.cl\/nutricion-dietetica-santiago\/wp-json\/wp\/v2\/pages\/2460"}],"curies":[{"name":"wp","href":"https:\/\/api.w.org\/{rel}","templated":true}]}}

http://medicina.udd.cl/nutricion-dietetica-santiago/files/2015/03/Nutrición-y-psicología.jpg

Nutrición y psicología

<!-- This site is optimized with the Yoast SEO plugin v26.9 - https://yoast.com/product/yoast-seo-wordpress/ -->
<title>Nutrición y psicología - Nutrición y Dietética</title>
<meta name="robots" content="index, follow, max-snippet:-1, max-image-preview:large, max-video-preview:-1" />
<link rel="canonical" href="https://medicina.udd.cl/nutricion-dietetica-santiago/files/2015/03/Nutrición-y-psicología.jpg" />
<meta property="og:locale" content="es_ES" />
<meta property="og:type" content="article" />
<meta property="og:title" content="Nutrición y psicología - Nutrición y Dietética" />
<meta property="og:url" content="https://medicina.udd.cl/nutricion-dietetica-santiago/files/2015/03/Nutrición-y-psicología.jpg" />
<meta property="og:site_name" content="Nutrición y Dietética" />
<meta property="og:image" content="https://medicina.udd.cl/nutricion-dietetica-santiago/files/2015/03/Nutrición-y-psicología.jpg" />
	<meta property="og:image:width" content="242" />
	<meta property="og:image:height" content="274" />
	<meta property="og:image:type" content="image/jpeg" />
<script type="application/ld+json" class="yoast-schema-graph">{"@context":"https://schema.org","@graph":[{"@type":"WebPage","@id":"https://medicina.udd.cl/nutricion-dietetica-santiago/files/2015/03/Nutrición-y-psicología.jpg","url":"https://medicina.udd.cl/nutricion-dietetica-santiago/files/2015/03/Nutrición-y-psicología.jpg","name":"Nutrición y psicología - Nutrición y Dietética","isPartOf":{"@id":"https://medicina.udd.cl/nutricion-dietetica-santiago/#website"},"datePublished":"2015-03-30T12:51:22+00:00","breadcrumb":{"@id":"https://medicina.udd.cl/nutricion-dietetica-santiago/files/2015/03/Nutrición-y-psicología.jpg#breadcrumb"},"inLanguage":"es","potentialAction":[{"@type":"ReadAction","target":["https://medicina.udd.cl/nutricion-dietetica-santiago/files/2015/03/Nutrición-y-psicología.jpg"]}]},{"@type":"BreadcrumbList","@id":"https://medicina.udd.cl/nutricion-dietetica-santiago/files/2015/03/Nutrición-y-psicología.jpg#breadcrumb","itemListElement":[{"@type":"ListItem","position":1,"name":"Home","item":"https://medicina.udd.cl/nutricion-dietetica-santiago/"},{"@type":"ListItem","position":2,"name":"Diplomados","item":"https://medicina.udd.cl/nutricion-dietetica-santiago/diplomado/"},{"@type":"ListItem","position":3,"name":"Nutrición y psicología"}]},{"@type":"WebSite","@id":"https://medicina.udd.cl/nutricion-dietetica-santiago/#website","url":"https://medicina.udd.cl/nutricion-dietetica-santiago/","name":"Nutrición y Dietética","description":"Facultad de Medicina Cínica Alemana Universidad del Desarrollo","inLanguage":"es"}]}</script>
<!-- / Yoast SEO plugin. -->

Nutrición y psicología - Nutrición y Dietética

https://medicina.udd.cl/nutricion-dietetica-santiago/files/2015/03/Nutrición-y-psicología.jpg

Nutrición y Dietética

https://medicina.udd.cl/nutricion-dietetica-santiago/files/2015/03/Nutrición-y-psicología.jpg#breadcrumb

Facultad de Medicina Cínica Alemana Universidad del Desarrollo

<p class="attachment"><a href='https://medicina.udd.cl/nutricion-dietetica-santiago/files/2015/03/Nutrición-y-psicología.jpg'><img loading="lazy" decoding="async" width="242" height="274" src="https://medicina.udd.cl/nutricion-dietetica-santiago/files/2015/03/Nutrición-y-psicología.jpg" class="attachment-medium size-medium" alt="" /></a></p>

2015/03/Nutrición-y-psicología.jpg

Nutrición-y-psicología-150x150.jpg

https://medicina.udd.cl/nutricion-dietetica-santiago/files/2015/03/Nutrición-y-psicología-150x150.jpg

Nutrición-y-psicología-242x224.jpg

https://medicina.udd.cl/nutricion-dietetica-santiago/files/2015/03/Nutrición-y-psicología-242x224.jpg

Nutrición-y-psicología-242x205.jpg

https://medicina.udd.cl/nutricion-dietetica-santiago/files/2015/03/Nutrición-y-psicología-242x205.jpg

Nutrición-y-psicología-242x150.jpg

https://medicina.udd.cl/nutricion-dietetica-santiago/files/2015/03/Nutrición-y-psicología-242x150.jpg

Nutrición-y-psicología-182x140.jpg

https://medicina.udd.cl/nutricion-dietetica-santiago/files/2015/03/Nutrición-y-psicología-182x140.jpg

Nutrición-y-psicología-62x62.jpg

https://medicina.udd.cl/nutricion-dietetica-santiago/files/2015/03/Nutrición-y-psicología-62x62.jpg

Nutrición-y-psicología-87x62.jpg

https://medicina.udd.cl/nutricion-dietetica-santiago/files/2015/03/Nutrición-y-psicología-87x62.jpg

Nutrición-y-psicología-220x260.jpg

https://medicina.udd.cl/nutricion-dietetica-santiago/files/2015/03/Nutrición-y-psicología-220x260.jpg

Nutrición-y-psicología-125x80.jpg

https://medicina.udd.cl/nutricion-dietetica-santiago/files/2015/03/Nutrición-y-psicología-125x80.jpg

Nutrición-y-psicología-242x220.jpg

https://medicina.udd.cl/nutricion-dietetica-santiago/files/2015/03/Nutrición-y-psicología-242x220.jpg

Nutrición-y-psicología-242x255.jpg

https://medicina.udd.cl/nutricion-dietetica-santiago/files/2015/03/Nutrición-y-psicología-242x255.jpg

Nutrición-y-psicología-126x126.jpg

https://medicina.udd.cl/nutricion-dietetica-santiago/files/2015/03/Nutrición-y-psicología-126x126.jpg

Nutrición-y-psicología.jpg
