{"id":571,"date":"2012-01-18T17:18:03","date_gmt":"2012-01-18T20:18:03","guid":{"rendered":"http:\/\/medicina.udd.cl\/nutricion-dietetica-santiago\/files\/2012\/01\/SAM_5595.jpg"},"modified":"2012-01-18T17:18:03","modified_gmt":"2012-01-18T20:18:03","slug":"sam_5595","status":"inherit","type":"attachment","link":"https:\/\/medicina.udd.cl\/nutricion-dietetica-santiago\/noticias\/2012\/01\/18\/la-experiencia-de-las-practicas-rurales-en-chiloe\/sam_5595\/","title":{"rendered":"Revisi\u00f3n de fichas m\u00e9dicas"},"author":1,"featured_media":0,"comment_status":"open","ping_status":"open","template":"","meta":[],"class_list":["post-571","attachment","type-attachment","status-inherit","hentry"],"yoast_head":"<!-- This site is optimized with the Yoast SEO plugin v26.9 - https:\/\/yoast.com\/product\/yoast-seo-wordpress\/ -->\n<title>Revisi\u00f3n de fichas m\u00e9dicas - Nutrici\u00f3n y Diet\u00e9tica<\/title>\n<meta name=\"robots\" content=\"index, follow, max-snippet:-1, max-image-preview:large, max-video-preview:-1\" \/>\n<link rel=\"canonical\" href=\"https:\/\/medicina.udd.cl\/nutricion-dietetica-santiago\/files\/2012\/01\/SAM_5595.jpg\" \/>\n<meta property=\"og:locale\" content=\"es_ES\" \/>\n<meta property=\"og:type\" content=\"article\" \/>\n<meta property=\"og:title\" content=\"Revisi\u00f3n de fichas m\u00e9dicas - Nutrici\u00f3n y Diet\u00e9tica\" \/>\n<meta property=\"og:url\" content=\"https:\/\/medicina.udd.cl\/nutricion-dietetica-santiago\/files\/2012\/01\/SAM_5595.jpg\" \/>\n<meta property=\"og:site_name\" content=\"Nutrici\u00f3n y Diet\u00e9tica\" \/>\n<meta property=\"og:image\" content=\"https:\/\/medicina.udd.cl\/nutricion-dietetica-santiago\/files\/2012\/01\/SAM_5595-1024x768.jpg\" \/>\n\t<meta property=\"og:image:width\" content=\"1024\" \/>\n\t<meta property=\"og:image:height\" content=\"768\" \/>\n\t<meta property=\"og:image:type\" content=\"image\/jpeg\" \/>\n<script type=\"application\/ld+json\" class=\"yoast-schema-graph\">{\"@context\":\"https:\/\/schema.org\",\"@graph\":[{\"@type\":\"WebPage\",\"@id\":\"https:\/\/medicina.udd.cl\/nutricion-dietetica-santiago\/files\/2012\/01\/SAM_5595.jpg\",\"url\":\"https:\/\/medicina.udd.cl\/nutricion-dietetica-santiago\/files\/2012\/01\/SAM_5595.jpg\",\"name\":\"Revisi\u00f3n de fichas m\u00e9dicas - Nutrici\u00f3n y Diet\u00e9tica\",\"isPartOf\":{\"@id\":\"https:\/\/medicina.udd.cl\/nutricion-dietetica-santiago\/#website\"},\"datePublished\":\"2012-01-18T20:18:03+00:00\",\"breadcrumb\":{\"@id\":\"https:\/\/medicina.udd.cl\/nutricion-dietetica-santiago\/files\/2012\/01\/SAM_5595.jpg#breadcrumb\"},\"inLanguage\":\"es\",\"potentialAction\":[{\"@type\":\"ReadAction\",\"target\":[\"https:\/\/medicina.udd.cl\/nutricion-dietetica-santiago\/files\/2012\/01\/SAM_5595.jpg\"]}]},{\"@type\":\"BreadcrumbList\",\"@id\":\"https:\/\/medicina.udd.cl\/nutricion-dietetica-santiago\/files\/2012\/01\/SAM_5595.jpg#breadcrumb\",\"itemListElement\":[{\"@type\":\"ListItem\",\"position\":1,\"name\":\"Home\",\"item\":\"https:\/\/medicina.udd.cl\/nutricion-dietetica-santiago\/\"},{\"@type\":\"ListItem\",\"position\":2,\"name\":\"La experiencia de las pr\u00e1cticas rurales en Chilo\u00e9\",\"item\":\"https:\/\/medicina.udd.cl\/nutricion-dietetica-santiago\/noticias\/2012\/01\/18\/la-experiencia-de-las-practicas-rurales-en-chiloe\/\"},{\"@type\":\"ListItem\",\"position\":3,\"name\":\"Revisi\u00f3n de fichas m\u00e9dicas\"}]},{\"@type\":\"WebSite\",\"@id\":\"https:\/\/medicina.udd.cl\/nutricion-dietetica-santiago\/#website\",\"url\":\"https:\/\/medicina.udd.cl\/nutricion-dietetica-santiago\/\",\"name\":\"Nutrici\u00f3n y Diet\u00e9tica\",\"description\":\"Facultad de Medicina C\u00ednica Alemana Universidad del Desarrollo\",\"inLanguage\":\"es\"}]}<\/script>\n<!-- \/ Yoast SEO plugin. -->","yoast_head_json":{"title":"Revisi\u00f3n de fichas m\u00e9dicas - Nutrici\u00f3n y Diet\u00e9tica","robots":{"index":"index","follow":"follow","max-snippet":"max-snippet:-1","max-image-preview":"max-image-preview:large","max-video-preview":"max-video-preview:-1"},"canonical":"https:\/\/medicina.udd.cl\/nutricion-dietetica-santiago\/files\/2012\/01\/SAM_5595.jpg","og_locale":"es_ES","og_type":"article","og_title":"Revisi\u00f3n de fichas m\u00e9dicas - Nutrici\u00f3n y Diet\u00e9tica","og_url":"https:\/\/medicina.udd.cl\/nutricion-dietetica-santiago\/files\/2012\/01\/SAM_5595.jpg","og_site_name":"Nutrici\u00f3n y Diet\u00e9tica","og_image":[{"width":1024,"height":768,"url":"https:\/\/medicina.udd.cl\/nutricion-dietetica-santiago\/files\/2012\/01\/SAM_5595-1024x768.jpg","type":"image\/jpeg"}],"schema":{"@context":"https:\/\/schema.org","@graph":[{"@type":"WebPage","@id":"https:\/\/medicina.udd.cl\/nutricion-dietetica-santiago\/files\/2012\/01\/SAM_5595.jpg","url":"https:\/\/medicina.udd.cl\/nutricion-dietetica-santiago\/files\/2012\/01\/SAM_5595.jpg","name":"Revisi\u00f3n de fichas m\u00e9dicas - Nutrici\u00f3n y Diet\u00e9tica","isPartOf":{"@id":"https:\/\/medicina.udd.cl\/nutricion-dietetica-santiago\/#website"},"datePublished":"2012-01-18T20:18:03+00:00","breadcrumb":{"@id":"https:\/\/medicina.udd.cl\/nutricion-dietetica-santiago\/files\/2012\/01\/SAM_5595.jpg#breadcrumb"},"inLanguage":"es","potentialAction":[{"@type":"ReadAction","target":["https:\/\/medicina.udd.cl\/nutricion-dietetica-santiago\/files\/2012\/01\/SAM_5595.jpg"]}]},{"@type":"BreadcrumbList","@id":"https:\/\/medicina.udd.cl\/nutricion-dietetica-santiago\/files\/2012\/01\/SAM_5595.jpg#breadcrumb","itemListElement":[{"@type":"ListItem","position":1,"name":"Home","item":"https:\/\/medicina.udd.cl\/nutricion-dietetica-santiago\/"},{"@type":"ListItem","position":2,"name":"La experiencia de las pr\u00e1cticas rurales en Chilo\u00e9","item":"https:\/\/medicina.udd.cl\/nutricion-dietetica-santiago\/noticias\/2012\/01\/18\/la-experiencia-de-las-practicas-rurales-en-chiloe\/"},{"@type":"ListItem","position":3,"name":"Revisi\u00f3n de fichas m\u00e9dicas"}]},{"@type":"WebSite","@id":"https:\/\/medicina.udd.cl\/nutricion-dietetica-santiago\/#website","url":"https:\/\/medicina.udd.cl\/nutricion-dietetica-santiago\/","name":"Nutrici\u00f3n y Diet\u00e9tica","description":"Facultad de Medicina C\u00ednica Alemana Universidad del Desarrollo","inLanguage":"es"}]}},"description":{"rendered":"<p class=\"attachment\"><a href='https:\/\/medicina.udd.cl\/nutricion-dietetica-santiago\/files\/2012\/01\/SAM_5595.jpg'><img loading=\"lazy\" decoding=\"async\" width=\"300\" height=\"225\" src=\"https:\/\/medicina.udd.cl\/nutricion-dietetica-santiago\/files\/2012\/01\/SAM_5595-300x225.jpg\" class=\"attachment-medium size-medium\" alt=\"\" srcset=\"https:\/\/medicina.udd.cl\/nutricion-dietetica-santiago\/files\/2012\/01\/SAM_5595-300x225.jpg 300w, https:\/\/medicina.udd.cl\/nutricion-dietetica-santiago\/files\/2012\/01\/SAM_5595-768x576.jpg 768w, https:\/\/medicina.udd.cl\/nutricion-dietetica-santiago\/files\/2012\/01\/SAM_5595-1024x768.jpg 1024w, https:\/\/medicina.udd.cl\/nutricion-dietetica-santiago\/files\/2012\/01\/SAM_5595-960x720.jpg 960w\" sizes=\"auto, (max-width: 300px) 100vw, 300px\" \/><\/a><\/p>\n"},"caption":{"rendered":""},"alt_text":"","media_type":"image","mime_type":"image\/jpeg","media_details":{"width":4000,"height":3000,"file":"2012\/01\/SAM_5595.jpg","sizes":{"thumbnail":{"file":"SAM_5595-150x150.jpg","width":150,"height":150,"mime_type":"image\/jpeg","source_url":"https:\/\/medicina.udd.cl\/nutricion-dietetica-santiago\/files\/2012\/01\/SAM_5595-150x150.jpg"},"medium":{"file":"SAM_5595-300x225.jpg","width":300,"height":225,"mime_type":"image\/jpeg","source_url":"https:\/\/medicina.udd.cl\/nutricion-dietetica-santiago\/files\/2012\/01\/SAM_5595-300x225.jpg"},"medium_large":{"file":"SAM_5595-768x576.jpg","width":768,"height":576,"mime_type":"image\/jpeg","source_url":"https:\/\/medicina.udd.cl\/nutricion-dietetica-santiago\/files\/2012\/01\/SAM_5595-768x576.jpg"},"large":{"file":"SAM_5595-1024x768.jpg","width":1024,"height":768,"mime_type":"image\/jpeg","source_url":"https:\/\/medicina.udd.cl\/nutricion-dietetica-santiago\/files\/2012\/01\/SAM_5595-1024x768.jpg"},"newsletter_featured":{"file":"SAM_5595-316x224.jpg","width":316,"height":224,"mime_type":"image\/jpeg","source_url":"https:\/\/medicina.udd.cl\/nutricion-dietetica-santiago\/files\/2012\/01\/SAM_5595-316x224.jpg"},"newsletter_first":{"file":"SAM_5595-286x205.jpg","width":286,"height":205,"mime_type":"image\/jpeg","source_url":"https:\/\/medicina.udd.cl\/nutricion-dietetica-santiago\/files\/2012\/01\/SAM_5595-286x205.jpg"},"newsletter_thumb":{"file":"SAM_5595-288x150.jpg","width":288,"height":150,"mime_type":"image\/jpeg","source_url":"https:\/\/medicina.udd.cl\/nutricion-dietetica-santiago\/files\/2012\/01\/SAM_5595-288x150.jpg"},"newsletter_column":{"file":"SAM_5595-182x140.jpg","width":182,"height":140,"mime_type":"image\/jpeg","source_url":"https:\/\/medicina.udd.cl\/nutricion-dietetica-santiago\/files\/2012\/01\/SAM_5595-182x140.jpg"},"newsletter_square":{"file":"SAM_5595-62x62.jpg","width":62,"height":62,"mime_type":"image\/jpeg","source_url":"https:\/\/medicina.udd.cl\/nutricion-dietetica-santiago\/files\/2012\/01\/SAM_5595-62x62.jpg"},"newsletter_square_large":{"file":"SAM_5595-87x62.jpg","width":87,"height":62,"mime_type":"image\/jpeg","source_url":"https:\/\/medicina.udd.cl\/nutricion-dietetica-santiago\/files\/2012\/01\/SAM_5595-87x62.jpg"},"featured-home":{"file":"SAM_5595-800x450.jpg","width":800,"height":450,"mime_type":"image\/jpeg","source_url":"https:\/\/medicina.udd.cl\/nutricion-dietetica-santiago\/files\/2012\/01\/SAM_5595-800x450.jpg"},"featured-career":{"file":"SAM_5595-660x430.jpg","width":660,"height":430,"mime_type":"image\/jpeg","source_url":"https:\/\/medicina.udd.cl\/nutricion-dietetica-santiago\/files\/2012\/01\/SAM_5595-660x430.jpg"},"squared":{"file":"SAM_5595-300x300.jpg","width":300,"height":300,"mime_type":"image\/jpeg","source_url":"https:\/\/medicina.udd.cl\/nutricion-dietetica-santiago\/files\/2012\/01\/SAM_5595-300x300.jpg"},"stretch":{"file":"SAM_5595-800x450.jpg","width":800,"height":450,"mime_type":"image\/jpeg","source_url":"https:\/\/medicina.udd.cl\/nutricion-dietetica-santiago\/files\/2012\/01\/SAM_5595-800x450.jpg"},"portrait-medium":{"file":"SAM_5595-220x260.jpg","width":220,"height":260,"mime_type":"image\/jpeg","source_url":"https:\/\/medicina.udd.cl\/nutricion-dietetica-santiago\/files\/2012\/01\/SAM_5595-220x260.jpg"},"landscape-small":{"file":"SAM_5595-125x80.jpg","width":125,"height":80,"mime_type":"image\/jpeg","source_url":"https:\/\/medicina.udd.cl\/nutricion-dietetica-santiago\/files\/2012\/01\/SAM_5595-125x80.jpg"},"landscape-medium":{"file":"SAM_5595-340x220.jpg","width":340,"height":220,"mime_type":"image\/jpeg","source_url":"https:\/\/medicina.udd.cl\/nutricion-dietetica-santiago\/files\/2012\/01\/SAM_5595-340x220.jpg"},"landscape-large":{"file":"SAM_5595-365x255.jpg","width":365,"height":255,"mime_type":"image\/jpeg","source_url":"https:\/\/medicina.udd.cl\/nutricion-dietetica-santiago\/files\/2012\/01\/SAM_5595-365x255.jpg"},"landscape-xlarge":{"file":"SAM_5595-660x430.jpg","width":660,"height":430,"mime_type":"image\/jpeg","source_url":"https:\/\/medicina.udd.cl\/nutricion-dietetica-santiago\/files\/2012\/01\/SAM_5595-660x430.jpg"},"panoramic":{"file":"SAM_5595-940x345.jpg","width":940,"height":345,"mime_type":"image\/jpeg","source_url":"https:\/\/medicina.udd.cl\/nutricion-dietetica-santiago\/files\/2012\/01\/SAM_5595-940x345.jpg"},"stretch-large":{"file":"SAM_5595-940x450.jpg","width":940,"height":450,"mime_type":"image\/jpeg","source_url":"https:\/\/medicina.udd.cl\/nutricion-dietetica-santiago\/files\/2012\/01\/SAM_5595-940x450.jpg"},"proportional-large":{"file":"SAM_5595-960x720.jpg","width":960,"height":720,"mime_type":"image\/jpeg","source_url":"https:\/\/medicina.udd.cl\/nutricion-dietetica-santiago\/files\/2012\/01\/SAM_5595-960x720.jpg"},"custom_content":{"file":"SAM_5595-126x126.jpg","width":126,"height":126,"mime_type":"image\/jpeg","source_url":"https:\/\/medicina.udd.cl\/nutricion-dietetica-santiago\/files\/2012\/01\/SAM_5595-126x126.jpg"},"full":{"file":"SAM_5595.jpg","width":4000,"height":3000,"mime_type":"image\/jpeg","source_url":"https:\/\/medicina.udd.cl\/nutricion-dietetica-santiago\/files\/2012\/01\/SAM_5595.jpg"}},"image_meta":{"aperture":"3.5","credit":"","camera":"SAMSUNG ES70, ES71 \/ VLUU ES70, ES71 \/ SAMSUNG SL600","caption":"","created_timestamp":"1325679329","copyright":"COPYRIGHT, 2010","focal_length":"4.9","iso":"320","shutter_speed":"0.022222222222222","title":"","orientation":"1","keywords":[]}},"post":565,"source_url":"https:\/\/medicina.udd.cl\/nutricion-dietetica-santiago\/files\/2012\/01\/SAM_5595.jpg","_links":{"self":[{"href":"https:\/\/medicina.udd.cl\/nutricion-dietetica-santiago\/wp-json\/wp\/v2\/media\/571","targetHints":{"allow":["GET"]}}],"collection":[{"href":"https:\/\/medicina.udd.cl\/nutricion-dietetica-santiago\/wp-json\/wp\/v2\/media"}],"about":[{"href":"https:\/\/medicina.udd.cl\/nutricion-dietetica-santiago\/wp-json\/wp\/v2\/types\/attachment"}],"author":[{"embeddable":true,"href":"https:\/\/medicina.udd.cl\/nutricion-dietetica-santiago\/wp-json\/wp\/v2\/users\/1"}],"replies":[{"embeddable":true,"href":"https:\/\/medicina.udd.cl\/nutricion-dietetica-santiago\/wp-json\/wp\/v2\/comments?post=571"}],"wp:attached-to":[{"embeddable":true,"post_type":"post","id":565,"href":"https:\/\/medicina.udd.cl\/nutricion-dietetica-santiago\/wp-json\/wp\/v2\/posts\/565"}],"curies":[{"name":"wp","href":"https:\/\/api.w.org\/{rel}","templated":true}]}}

Revisión de fichas médicas

<!-- This site is optimized with the Yoast SEO plugin v26.9 - https://yoast.com/product/yoast-seo-wordpress/ -->
<title>Revisión de fichas médicas - Nutrición y Dietética</title>
<meta name="robots" content="index, follow, max-snippet:-1, max-image-preview:large, max-video-preview:-1" />
<link rel="canonical" href="https://medicina.udd.cl/nutricion-dietetica-santiago/files/2012/01/SAM_5595.jpg" />
<meta property="og:locale" content="es_ES" />
<meta property="og:type" content="article" />
<meta property="og:title" content="Revisión de fichas médicas - Nutrición y Dietética" />
<meta property="og:url" content="https://medicina.udd.cl/nutricion-dietetica-santiago/files/2012/01/SAM_5595.jpg" />
<meta property="og:site_name" content="Nutrición y Dietética" />
<meta property="og:image" content="https://medicina.udd.cl/nutricion-dietetica-santiago/files/2012/01/SAM_5595-1024x768.jpg" />
	<meta property="og:image:width" content="1024" />
	<meta property="og:image:height" content="768" />
	<meta property="og:image:type" content="image/jpeg" />
<script type="application/ld+json" class="yoast-schema-graph">{"@context":"https://schema.org","@graph":[{"@type":"WebPage","@id":"https://medicina.udd.cl/nutricion-dietetica-santiago/files/2012/01/SAM_5595.jpg","url":"https://medicina.udd.cl/nutricion-dietetica-santiago/files/2012/01/SAM_5595.jpg","name":"Revisión de fichas médicas - Nutrición y Dietética","isPartOf":{"@id":"https://medicina.udd.cl/nutricion-dietetica-santiago/#website"},"datePublished":"2012-01-18T20:18:03+00:00","breadcrumb":{"@id":"https://medicina.udd.cl/nutricion-dietetica-santiago/files/2012/01/SAM_5595.jpg#breadcrumb"},"inLanguage":"es","potentialAction":[{"@type":"ReadAction","target":["https://medicina.udd.cl/nutricion-dietetica-santiago/files/2012/01/SAM_5595.jpg"]}]},{"@type":"BreadcrumbList","@id":"https://medicina.udd.cl/nutricion-dietetica-santiago/files/2012/01/SAM_5595.jpg#breadcrumb","itemListElement":[{"@type":"ListItem","position":1,"name":"Home","item":"https://medicina.udd.cl/nutricion-dietetica-santiago/"},{"@type":"ListItem","position":2,"name":"La experiencia de las prácticas rurales en Chiloé","item":"https://medicina.udd.cl/nutricion-dietetica-santiago/noticias/2012/01/18/la-experiencia-de-las-practicas-rurales-en-chiloe/"},{"@type":"ListItem","position":3,"name":"Revisión de fichas médicas"}]},{"@type":"WebSite","@id":"https://medicina.udd.cl/nutricion-dietetica-santiago/#website","url":"https://medicina.udd.cl/nutricion-dietetica-santiago/","name":"Nutrición y Dietética","description":"Facultad de Medicina Cínica Alemana Universidad del Desarrollo","inLanguage":"es"}]}</script>
<!-- / Yoast SEO plugin. -->

Revisión de fichas médicas - Nutrición y Dietética

Nutrición y Dietética

La experiencia de las prácticas rurales en Chiloé

Facultad de Medicina Cínica Alemana Universidad del Desarrollo
