{"id":601,"date":"2012-03-13T11:32:44","date_gmt":"2012-03-13T15:32:44","guid":{"rendered":"http:\/\/medicina.udd.cl\/nutricion-dietetica-santiago\/files\/2012\/03\/Daniela-Birman-3.jpg"},"modified":"2012-03-13T11:32:44","modified_gmt":"2012-03-13T15:32:44","slug":"daniela-birman-3","status":"inherit","type":"attachment","link":"https:\/\/medicina.udd.cl\/nutricion-dietetica-santiago\/noticias\/2012\/03\/13\/estudiante-de-nutricion-y-dietetica-de-intercambio-en-brasil\/daniela-birman-3\/","title":{"rendered":"Daniela Birman y su experiencia de intercambio en Brasil"},"author":1,"featured_media":0,"comment_status":"open","ping_status":"open","template":"","meta":[],"class_list":["post-601","attachment","type-attachment","status-inherit","hentry"],"yoast_head":"<!-- This site is optimized with the Yoast SEO plugin v26.9 - https:\/\/yoast.com\/product\/yoast-seo-wordpress\/ -->\n<title>Daniela Birman y su experiencia de intercambio en Brasil - Nutrici\u00f3n y Diet\u00e9tica<\/title>\n<meta name=\"robots\" content=\"index, follow, max-snippet:-1, max-image-preview:large, max-video-preview:-1\" \/>\n<link rel=\"canonical\" href=\"https:\/\/medicina.udd.cl\/nutricion-dietetica-santiago\/files\/2012\/03\/Daniela-Birman-3.jpg\" \/>\n<meta property=\"og:locale\" content=\"es_ES\" \/>\n<meta property=\"og:type\" content=\"article\" \/>\n<meta property=\"og:title\" content=\"Daniela Birman y su experiencia de intercambio en Brasil - Nutrici\u00f3n y Diet\u00e9tica\" \/>\n<meta property=\"og:description\" content=\"*\" \/>\n<meta property=\"og:url\" content=\"https:\/\/medicina.udd.cl\/nutricion-dietetica-santiago\/files\/2012\/03\/Daniela-Birman-3.jpg\" \/>\n<meta property=\"og:site_name\" content=\"Nutrici\u00f3n y Diet\u00e9tica\" \/>\n<meta property=\"og:image\" content=\"https:\/\/medicina.udd.cl\/nutricion-dietetica-santiago\/files\/2012\/03\/Daniela-Birman-3.jpg\" \/>\n\t<meta property=\"og:image:width\" content=\"540\" \/>\n\t<meta property=\"og:image:height\" content=\"420\" \/>\n\t<meta property=\"og:image:type\" content=\"image\/jpeg\" \/>\n<script type=\"application\/ld+json\" class=\"yoast-schema-graph\">{\"@context\":\"https:\/\/schema.org\",\"@graph\":[{\"@type\":\"WebPage\",\"@id\":\"https:\/\/medicina.udd.cl\/nutricion-dietetica-santiago\/files\/2012\/03\/Daniela-Birman-3.jpg\",\"url\":\"https:\/\/medicina.udd.cl\/nutricion-dietetica-santiago\/files\/2012\/03\/Daniela-Birman-3.jpg\",\"name\":\"Daniela Birman y su experiencia de intercambio en Brasil - Nutrici\u00f3n y Diet\u00e9tica\",\"isPartOf\":{\"@id\":\"https:\/\/medicina.udd.cl\/nutricion-dietetica-santiago\/#website\"},\"datePublished\":\"2012-03-13T15:32:44+00:00\",\"breadcrumb\":{\"@id\":\"https:\/\/medicina.udd.cl\/nutricion-dietetica-santiago\/files\/2012\/03\/Daniela-Birman-3.jpg#breadcrumb\"},\"inLanguage\":\"es\",\"potentialAction\":[{\"@type\":\"ReadAction\",\"target\":[\"https:\/\/medicina.udd.cl\/nutricion-dietetica-santiago\/files\/2012\/03\/Daniela-Birman-3.jpg\"]}]},{\"@type\":\"BreadcrumbList\",\"@id\":\"https:\/\/medicina.udd.cl\/nutricion-dietetica-santiago\/files\/2012\/03\/Daniela-Birman-3.jpg#breadcrumb\",\"itemListElement\":[{\"@type\":\"ListItem\",\"position\":1,\"name\":\"Home\",\"item\":\"https:\/\/medicina.udd.cl\/nutricion-dietetica-santiago\/\"},{\"@type\":\"ListItem\",\"position\":2,\"name\":\"Estudiante de Nutrici\u00f3n y Diet\u00e9tica de intercambio en Brasil\",\"item\":\"https:\/\/medicina.udd.cl\/nutricion-dietetica-santiago\/noticias\/2012\/03\/13\/estudiante-de-nutricion-y-dietetica-de-intercambio-en-brasil\/\"},{\"@type\":\"ListItem\",\"position\":3,\"name\":\"Daniela Birman y su experiencia de intercambio en Brasil\"}]},{\"@type\":\"WebSite\",\"@id\":\"https:\/\/medicina.udd.cl\/nutricion-dietetica-santiago\/#website\",\"url\":\"https:\/\/medicina.udd.cl\/nutricion-dietetica-santiago\/\",\"name\":\"Nutrici\u00f3n y Diet\u00e9tica\",\"description\":\"Facultad de Medicina C\u00ednica Alemana Universidad del Desarrollo\",\"inLanguage\":\"es\"}]}<\/script>\n<!-- \/ Yoast SEO plugin. -->","yoast_head_json":{"title":"Daniela Birman y su experiencia de intercambio en Brasil - Nutrici\u00f3n y Diet\u00e9tica","robots":{"index":"index","follow":"follow","max-snippet":"max-snippet:-1","max-image-preview":"max-image-preview:large","max-video-preview":"max-video-preview:-1"},"canonical":"https:\/\/medicina.udd.cl\/nutricion-dietetica-santiago\/files\/2012\/03\/Daniela-Birman-3.jpg","og_locale":"es_ES","og_type":"article","og_title":"Daniela Birman y su experiencia de intercambio en Brasil - Nutrici\u00f3n y Diet\u00e9tica","og_description":"*","og_url":"https:\/\/medicina.udd.cl\/nutricion-dietetica-santiago\/files\/2012\/03\/Daniela-Birman-3.jpg","og_site_name":"Nutrici\u00f3n y Diet\u00e9tica","og_image":[{"width":540,"height":420,"url":"https:\/\/medicina.udd.cl\/nutricion-dietetica-santiago\/files\/2012\/03\/Daniela-Birman-3.jpg","type":"image\/jpeg"}],"schema":{"@context":"https:\/\/schema.org","@graph":[{"@type":"WebPage","@id":"https:\/\/medicina.udd.cl\/nutricion-dietetica-santiago\/files\/2012\/03\/Daniela-Birman-3.jpg","url":"https:\/\/medicina.udd.cl\/nutricion-dietetica-santiago\/files\/2012\/03\/Daniela-Birman-3.jpg","name":"Daniela Birman y su experiencia de intercambio en Brasil - Nutrici\u00f3n y Diet\u00e9tica","isPartOf":{"@id":"https:\/\/medicina.udd.cl\/nutricion-dietetica-santiago\/#website"},"datePublished":"2012-03-13T15:32:44+00:00","breadcrumb":{"@id":"https:\/\/medicina.udd.cl\/nutricion-dietetica-santiago\/files\/2012\/03\/Daniela-Birman-3.jpg#breadcrumb"},"inLanguage":"es","potentialAction":[{"@type":"ReadAction","target":["https:\/\/medicina.udd.cl\/nutricion-dietetica-santiago\/files\/2012\/03\/Daniela-Birman-3.jpg"]}]},{"@type":"BreadcrumbList","@id":"https:\/\/medicina.udd.cl\/nutricion-dietetica-santiago\/files\/2012\/03\/Daniela-Birman-3.jpg#breadcrumb","itemListElement":[{"@type":"ListItem","position":1,"name":"Home","item":"https:\/\/medicina.udd.cl\/nutricion-dietetica-santiago\/"},{"@type":"ListItem","position":2,"name":"Estudiante de Nutrici\u00f3n y Diet\u00e9tica de intercambio en Brasil","item":"https:\/\/medicina.udd.cl\/nutricion-dietetica-santiago\/noticias\/2012\/03\/13\/estudiante-de-nutricion-y-dietetica-de-intercambio-en-brasil\/"},{"@type":"ListItem","position":3,"name":"Daniela Birman y su experiencia de intercambio en Brasil"}]},{"@type":"WebSite","@id":"https:\/\/medicina.udd.cl\/nutricion-dietetica-santiago\/#website","url":"https:\/\/medicina.udd.cl\/nutricion-dietetica-santiago\/","name":"Nutrici\u00f3n y Diet\u00e9tica","description":"Facultad de Medicina C\u00ednica Alemana Universidad del Desarrollo","inLanguage":"es"}]}},"description":{"rendered":"<p class=\"attachment\"><a href='https:\/\/medicina.udd.cl\/nutricion-dietetica-santiago\/files\/2012\/03\/Daniela-Birman-3.jpg'><img loading=\"lazy\" decoding=\"async\" width=\"300\" height=\"233\" src=\"https:\/\/medicina.udd.cl\/nutricion-dietetica-santiago\/files\/2012\/03\/Daniela-Birman-3-300x233.jpg\" class=\"attachment-medium size-medium\" alt=\"\" srcset=\"https:\/\/medicina.udd.cl\/nutricion-dietetica-santiago\/files\/2012\/03\/Daniela-Birman-3-300x233.jpg 300w, https:\/\/medicina.udd.cl\/nutricion-dietetica-santiago\/files\/2012\/03\/Daniela-Birman-3-182x140.jpg 182w, https:\/\/medicina.udd.cl\/nutricion-dietetica-santiago\/files\/2012\/03\/Daniela-Birman-3.jpg 540w\" sizes=\"auto, (max-width: 300px) 100vw, 300px\" \/><\/a><\/p>\n<p>*<\/p>\n"},"caption":{"rendered":"<p>*<\/p>\n"},"alt_text":"","media_type":"image","mime_type":"image\/jpeg","media_details":{"width":540,"height":420,"file":"2012\/03\/Daniela-Birman-3.jpg","sizes":{"thumbnail":{"file":"Daniela-Birman-3-150x150.jpg","width":150,"height":150,"mime_type":"image\/jpeg","source_url":"https:\/\/medicina.udd.cl\/nutricion-dietetica-santiago\/files\/2012\/03\/Daniela-Birman-3-150x150.jpg"},"medium":{"file":"Daniela-Birman-3-300x233.jpg","width":300,"height":233,"mime_type":"image\/jpeg","source_url":"https:\/\/medicina.udd.cl\/nutricion-dietetica-santiago\/files\/2012\/03\/Daniela-Birman-3-300x233.jpg"},"newsletter_featured":{"file":"Daniela-Birman-3-316x224.jpg","width":316,"height":224,"mime_type":"image\/jpeg","source_url":"https:\/\/medicina.udd.cl\/nutricion-dietetica-santiago\/files\/2012\/03\/Daniela-Birman-3-316x224.jpg"},"newsletter_first":{"file":"Daniela-Birman-3-286x205.jpg","width":286,"height":205,"mime_type":"image\/jpeg","source_url":"https:\/\/medicina.udd.cl\/nutricion-dietetica-santiago\/files\/2012\/03\/Daniela-Birman-3-286x205.jpg"},"newsletter_thumb":{"file":"Daniela-Birman-3-288x150.jpg","width":288,"height":150,"mime_type":"image\/jpeg","source_url":"https:\/\/medicina.udd.cl\/nutricion-dietetica-santiago\/files\/2012\/03\/Daniela-Birman-3-288x150.jpg"},"newsletter_column":{"file":"Daniela-Birman-3-182x140.jpg","width":182,"height":140,"mime_type":"image\/jpeg","source_url":"https:\/\/medicina.udd.cl\/nutricion-dietetica-santiago\/files\/2012\/03\/Daniela-Birman-3-182x140.jpg"},"newsletter_square":{"file":"Daniela-Birman-3-62x62.jpg","width":62,"height":62,"mime_type":"image\/jpeg","source_url":"https:\/\/medicina.udd.cl\/nutricion-dietetica-santiago\/files\/2012\/03\/Daniela-Birman-3-62x62.jpg"},"newsletter_square_large":{"file":"Daniela-Birman-3-87x62.jpg","width":87,"height":62,"mime_type":"image\/jpeg","source_url":"https:\/\/medicina.udd.cl\/nutricion-dietetica-santiago\/files\/2012\/03\/Daniela-Birman-3-87x62.jpg"},"squared":{"file":"Daniela-Birman-3-300x300.jpg","width":300,"height":300,"mime_type":"image\/jpeg","source_url":"https:\/\/medicina.udd.cl\/nutricion-dietetica-santiago\/files\/2012\/03\/Daniela-Birman-3-300x300.jpg"},"portrait-medium":{"file":"Daniela-Birman-3-220x260.jpg","width":220,"height":260,"mime_type":"image\/jpeg","source_url":"https:\/\/medicina.udd.cl\/nutricion-dietetica-santiago\/files\/2012\/03\/Daniela-Birman-3-220x260.jpg"},"landscape-small":{"file":"Daniela-Birman-3-125x80.jpg","width":125,"height":80,"mime_type":"image\/jpeg","source_url":"https:\/\/medicina.udd.cl\/nutricion-dietetica-santiago\/files\/2012\/03\/Daniela-Birman-3-125x80.jpg"},"landscape-medium":{"file":"Daniela-Birman-3-340x220.jpg","width":340,"height":220,"mime_type":"image\/jpeg","source_url":"https:\/\/medicina.udd.cl\/nutricion-dietetica-santiago\/files\/2012\/03\/Daniela-Birman-3-340x220.jpg"},"landscape-large":{"file":"Daniela-Birman-3-365x255.jpg","width":365,"height":255,"mime_type":"image\/jpeg","source_url":"https:\/\/medicina.udd.cl\/nutricion-dietetica-santiago\/files\/2012\/03\/Daniela-Birman-3-365x255.jpg"},"panoramic":{"file":"Daniela-Birman-3-540x345.jpg","width":540,"height":345,"mime_type":"image\/jpeg","source_url":"https:\/\/medicina.udd.cl\/nutricion-dietetica-santiago\/files\/2012\/03\/Daniela-Birman-3-540x345.jpg"},"custom_content":{"file":"Daniela-Birman-3-126x126.jpg","width":126,"height":126,"mime_type":"image\/jpeg","source_url":"https:\/\/medicina.udd.cl\/nutricion-dietetica-santiago\/files\/2012\/03\/Daniela-Birman-3-126x126.jpg"},"full":{"file":"Daniela-Birman-3.jpg","width":540,"height":420,"mime_type":"image\/jpeg","source_url":"https:\/\/medicina.udd.cl\/nutricion-dietetica-santiago\/files\/2012\/03\/Daniela-Birman-3.jpg"}},"image_meta":{"aperture":"0","credit":"","camera":"","caption":"?","created_timestamp":"0","copyright":"","focal_length":"0","iso":"0","shutter_speed":"0","title":"","orientation":"0","keywords":[]}},"post":594,"source_url":"https:\/\/medicina.udd.cl\/nutricion-dietetica-santiago\/files\/2012\/03\/Daniela-Birman-3.jpg","_links":{"self":[{"href":"https:\/\/medicina.udd.cl\/nutricion-dietetica-santiago\/wp-json\/wp\/v2\/media\/601","targetHints":{"allow":["GET"]}}],"collection":[{"href":"https:\/\/medicina.udd.cl\/nutricion-dietetica-santiago\/wp-json\/wp\/v2\/media"}],"about":[{"href":"https:\/\/medicina.udd.cl\/nutricion-dietetica-santiago\/wp-json\/wp\/v2\/types\/attachment"}],"author":[{"embeddable":true,"href":"https:\/\/medicina.udd.cl\/nutricion-dietetica-santiago\/wp-json\/wp\/v2\/users\/1"}],"replies":[{"embeddable":true,"href":"https:\/\/medicina.udd.cl\/nutricion-dietetica-santiago\/wp-json\/wp\/v2\/comments?post=601"}],"wp:attached-to":[{"embeddable":true,"post_type":"post","id":594,"href":"https:\/\/medicina.udd.cl\/nutricion-dietetica-santiago\/wp-json\/wp\/v2\/posts\/594"}],"curies":[{"name":"wp","href":"https:\/\/api.w.org\/{rel}","templated":true}]}}

<!-- This site is optimized with the Yoast SEO plugin v26.9 - https://yoast.com/product/yoast-seo-wordpress/ -->
<title>Daniela Birman y su experiencia de intercambio en Brasil - Nutrición y Dietética</title>
<meta name="robots" content="index, follow, max-snippet:-1, max-image-preview:large, max-video-preview:-1" />
<link rel="canonical" href="https://medicina.udd.cl/nutricion-dietetica-santiago/files/2012/03/Daniela-Birman-3.jpg" />
<meta property="og:locale" content="es_ES" />
<meta property="og:type" content="article" />
<meta property="og:title" content="Daniela Birman y su experiencia de intercambio en Brasil - Nutrición y Dietética" />
<meta property="og:description" content="*" />
<meta property="og:url" content="https://medicina.udd.cl/nutricion-dietetica-santiago/files/2012/03/Daniela-Birman-3.jpg" />
<meta property="og:site_name" content="Nutrición y Dietética" />
<meta property="og:image" content="https://medicina.udd.cl/nutricion-dietetica-santiago/files/2012/03/Daniela-Birman-3.jpg" />
	<meta property="og:image:width" content="540" />
	<meta property="og:image:height" content="420" />
	<meta property="og:image:type" content="image/jpeg" />
<script type="application/ld+json" class="yoast-schema-graph">{"@context":"https://schema.org","@graph":[{"@type":"WebPage","@id":"https://medicina.udd.cl/nutricion-dietetica-santiago/files/2012/03/Daniela-Birman-3.jpg","url":"https://medicina.udd.cl/nutricion-dietetica-santiago/files/2012/03/Daniela-Birman-3.jpg","name":"Daniela Birman y su experiencia de intercambio en Brasil - Nutrición y Dietética","isPartOf":{"@id":"https://medicina.udd.cl/nutricion-dietetica-santiago/#website"},"datePublished":"2012-03-13T15:32:44+00:00","breadcrumb":{"@id":"https://medicina.udd.cl/nutricion-dietetica-santiago/files/2012/03/Daniela-Birman-3.jpg#breadcrumb"},"inLanguage":"es","potentialAction":[{"@type":"ReadAction","target":["https://medicina.udd.cl/nutricion-dietetica-santiago/files/2012/03/Daniela-Birman-3.jpg"]}]},{"@type":"BreadcrumbList","@id":"https://medicina.udd.cl/nutricion-dietetica-santiago/files/2012/03/Daniela-Birman-3.jpg#breadcrumb","itemListElement":[{"@type":"ListItem","position":1,"name":"Home","item":"https://medicina.udd.cl/nutricion-dietetica-santiago/"},{"@type":"ListItem","position":2,"name":"Estudiante de Nutrición y Dietética de intercambio en Brasil","item":"https://medicina.udd.cl/nutricion-dietetica-santiago/noticias/2012/03/13/estudiante-de-nutricion-y-dietetica-de-intercambio-en-brasil/"},{"@type":"ListItem","position":3,"name":"Daniela Birman y su experiencia de intercambio en Brasil"}]},{"@type":"WebSite","@id":"https://medicina.udd.cl/nutricion-dietetica-santiago/#website","url":"https://medicina.udd.cl/nutricion-dietetica-santiago/","name":"Nutrición y Dietética","description":"Facultad de Medicina Cínica Alemana Universidad del Desarrollo","inLanguage":"es"}]}</script>
<!-- / Yoast SEO plugin. -->

Daniela Birman y su experiencia de intercambio en Brasil - Nutrición y Dietética

Nutrición y Dietética

Estudiante de Nutrición y Dietética de intercambio en Brasil

Facultad de Medicina Cínica Alemana Universidad del Desarrollo
