{"id":793,"date":"2012-06-21T11:08:45","date_gmt":"2012-06-21T15:08:45","guid":{"rendered":"http:\/\/medicina.udd.cl\/nutricion-dietetica-santiago\/files\/2012\/06\/IMG_0307.jpg"},"modified":"2012-06-21T11:08:45","modified_gmt":"2012-06-21T15:08:45","slug":"img_0307","status":"inherit","type":"attachment","link":"https:\/\/medicina.udd.cl\/nutricion-dietetica-santiago\/noticias\/2012\/06\/18\/ganadora-del-full-revolution-day\/img_0307\/","title":{"rendered":"Estudiantes de cuarto a\u00f1o"},"author":1,"featured_media":0,"comment_status":"open","ping_status":"open","template":"","meta":[],"class_list":["post-793","attachment","type-attachment","status-inherit","hentry"],"yoast_head":"<!-- This site is optimized with the Yoast SEO plugin v26.9 - https:\/\/yoast.com\/product\/yoast-seo-wordpress\/ -->\n<title>Estudiantes de cuarto a\u00f1o - Nutrici\u00f3n y Diet\u00e9tica<\/title>\n<meta name=\"robots\" content=\"index, follow, max-snippet:-1, max-image-preview:large, max-video-preview:-1\" \/>\n<link rel=\"canonical\" href=\"https:\/\/medicina.udd.cl\/nutricion-dietetica-santiago\/files\/2012\/06\/IMG_0307.jpg\" \/>\n<meta property=\"og:locale\" content=\"es_ES\" \/>\n<meta property=\"og:type\" content=\"article\" \/>\n<meta property=\"og:title\" content=\"Estudiantes de cuarto a\u00f1o - Nutrici\u00f3n y Diet\u00e9tica\" \/>\n<meta property=\"og:url\" content=\"https:\/\/medicina.udd.cl\/nutricion-dietetica-santiago\/files\/2012\/06\/IMG_0307.jpg\" \/>\n<meta property=\"og:site_name\" content=\"Nutrici\u00f3n y Diet\u00e9tica\" \/>\n<meta property=\"og:image\" content=\"https:\/\/medicina.udd.cl\/nutricion-dietetica-santiago\/files\/2012\/06\/IMG_0307-1024x683.jpg\" \/>\n\t<meta property=\"og:image:width\" content=\"1024\" \/>\n\t<meta property=\"og:image:height\" content=\"683\" \/>\n\t<meta property=\"og:image:type\" content=\"image\/jpeg\" \/>\n<script type=\"application\/ld+json\" class=\"yoast-schema-graph\">{\"@context\":\"https:\/\/schema.org\",\"@graph\":[{\"@type\":\"WebPage\",\"@id\":\"https:\/\/medicina.udd.cl\/nutricion-dietetica-santiago\/files\/2012\/06\/IMG_0307.jpg\",\"url\":\"https:\/\/medicina.udd.cl\/nutricion-dietetica-santiago\/files\/2012\/06\/IMG_0307.jpg\",\"name\":\"Estudiantes de cuarto a\u00f1o - Nutrici\u00f3n y Diet\u00e9tica\",\"isPartOf\":{\"@id\":\"https:\/\/medicina.udd.cl\/nutricion-dietetica-santiago\/#website\"},\"datePublished\":\"2012-06-21T15:08:45+00:00\",\"breadcrumb\":{\"@id\":\"https:\/\/medicina.udd.cl\/nutricion-dietetica-santiago\/files\/2012\/06\/IMG_0307.jpg#breadcrumb\"},\"inLanguage\":\"es\",\"potentialAction\":[{\"@type\":\"ReadAction\",\"target\":[\"https:\/\/medicina.udd.cl\/nutricion-dietetica-santiago\/files\/2012\/06\/IMG_0307.jpg\"]}]},{\"@type\":\"BreadcrumbList\",\"@id\":\"https:\/\/medicina.udd.cl\/nutricion-dietetica-santiago\/files\/2012\/06\/IMG_0307.jpg#breadcrumb\",\"itemListElement\":[{\"@type\":\"ListItem\",\"position\":1,\"name\":\"Home\",\"item\":\"https:\/\/medicina.udd.cl\/nutricion-dietetica-santiago\/\"},{\"@type\":\"ListItem\",\"position\":2,\"name\":\"Ganadora del Full Revolution Day\",\"item\":\"https:\/\/medicina.udd.cl\/nutricion-dietetica-santiago\/noticias\/2012\/06\/18\/ganadora-del-full-revolution-day\/\"},{\"@type\":\"ListItem\",\"position\":3,\"name\":\"Estudiantes de cuarto a\u00f1o\"}]},{\"@type\":\"WebSite\",\"@id\":\"https:\/\/medicina.udd.cl\/nutricion-dietetica-santiago\/#website\",\"url\":\"https:\/\/medicina.udd.cl\/nutricion-dietetica-santiago\/\",\"name\":\"Nutrici\u00f3n y Diet\u00e9tica\",\"description\":\"Facultad de Medicina C\u00ednica Alemana Universidad del Desarrollo\",\"inLanguage\":\"es\"}]}<\/script>\n<!-- \/ Yoast SEO plugin. -->","yoast_head_json":{"title":"Estudiantes de cuarto a\u00f1o - Nutrici\u00f3n y Diet\u00e9tica","robots":{"index":"index","follow":"follow","max-snippet":"max-snippet:-1","max-image-preview":"max-image-preview:large","max-video-preview":"max-video-preview:-1"},"canonical":"https:\/\/medicina.udd.cl\/nutricion-dietetica-santiago\/files\/2012\/06\/IMG_0307.jpg","og_locale":"es_ES","og_type":"article","og_title":"Estudiantes de cuarto a\u00f1o - Nutrici\u00f3n y Diet\u00e9tica","og_url":"https:\/\/medicina.udd.cl\/nutricion-dietetica-santiago\/files\/2012\/06\/IMG_0307.jpg","og_site_name":"Nutrici\u00f3n y Diet\u00e9tica","og_image":[{"width":1024,"height":683,"url":"https:\/\/medicina.udd.cl\/nutricion-dietetica-santiago\/files\/2012\/06\/IMG_0307-1024x683.jpg","type":"image\/jpeg"}],"schema":{"@context":"https:\/\/schema.org","@graph":[{"@type":"WebPage","@id":"https:\/\/medicina.udd.cl\/nutricion-dietetica-santiago\/files\/2012\/06\/IMG_0307.jpg","url":"https:\/\/medicina.udd.cl\/nutricion-dietetica-santiago\/files\/2012\/06\/IMG_0307.jpg","name":"Estudiantes de cuarto a\u00f1o - Nutrici\u00f3n y Diet\u00e9tica","isPartOf":{"@id":"https:\/\/medicina.udd.cl\/nutricion-dietetica-santiago\/#website"},"datePublished":"2012-06-21T15:08:45+00:00","breadcrumb":{"@id":"https:\/\/medicina.udd.cl\/nutricion-dietetica-santiago\/files\/2012\/06\/IMG_0307.jpg#breadcrumb"},"inLanguage":"es","potentialAction":[{"@type":"ReadAction","target":["https:\/\/medicina.udd.cl\/nutricion-dietetica-santiago\/files\/2012\/06\/IMG_0307.jpg"]}]},{"@type":"BreadcrumbList","@id":"https:\/\/medicina.udd.cl\/nutricion-dietetica-santiago\/files\/2012\/06\/IMG_0307.jpg#breadcrumb","itemListElement":[{"@type":"ListItem","position":1,"name":"Home","item":"https:\/\/medicina.udd.cl\/nutricion-dietetica-santiago\/"},{"@type":"ListItem","position":2,"name":"Ganadora del Full Revolution Day","item":"https:\/\/medicina.udd.cl\/nutricion-dietetica-santiago\/noticias\/2012\/06\/18\/ganadora-del-full-revolution-day\/"},{"@type":"ListItem","position":3,"name":"Estudiantes de cuarto a\u00f1o"}]},{"@type":"WebSite","@id":"https:\/\/medicina.udd.cl\/nutricion-dietetica-santiago\/#website","url":"https:\/\/medicina.udd.cl\/nutricion-dietetica-santiago\/","name":"Nutrici\u00f3n y Diet\u00e9tica","description":"Facultad de Medicina C\u00ednica Alemana Universidad del Desarrollo","inLanguage":"es"}]}},"description":{"rendered":"<p class=\"attachment\"><a href='https:\/\/medicina.udd.cl\/nutricion-dietetica-santiago\/files\/2012\/06\/IMG_0307.jpg'><img loading=\"lazy\" decoding=\"async\" width=\"300\" height=\"200\" src=\"https:\/\/medicina.udd.cl\/nutricion-dietetica-santiago\/files\/2012\/06\/IMG_0307-300x200.jpg\" class=\"attachment-medium size-medium\" alt=\"\" srcset=\"https:\/\/medicina.udd.cl\/nutricion-dietetica-santiago\/files\/2012\/06\/IMG_0307-300x200.jpg 300w, https:\/\/medicina.udd.cl\/nutricion-dietetica-santiago\/files\/2012\/06\/IMG_0307-768x512.jpg 768w, https:\/\/medicina.udd.cl\/nutricion-dietetica-santiago\/files\/2012\/06\/IMG_0307-1024x683.jpg 1024w, https:\/\/medicina.udd.cl\/nutricion-dietetica-santiago\/files\/2012\/06\/IMG_0307-960x640.jpg 960w\" sizes=\"auto, (max-width: 300px) 100vw, 300px\" \/><\/a><\/p>\n"},"caption":{"rendered":""},"alt_text":"","media_type":"image","mime_type":"image\/jpeg","media_details":{"width":5184,"height":3456,"file":"2012\/06\/IMG_0307.jpg","sizes":{"thumbnail":{"file":"IMG_0307-150x150.jpg","width":150,"height":150,"mime_type":"image\/jpeg","source_url":"https:\/\/medicina.udd.cl\/nutricion-dietetica-santiago\/files\/2012\/06\/IMG_0307-150x150.jpg"},"medium":{"file":"IMG_0307-300x200.jpg","width":300,"height":200,"mime_type":"image\/jpeg","source_url":"https:\/\/medicina.udd.cl\/nutricion-dietetica-santiago\/files\/2012\/06\/IMG_0307-300x200.jpg"},"medium_large":{"file":"IMG_0307-768x512.jpg","width":768,"height":512,"mime_type":"image\/jpeg","source_url":"https:\/\/medicina.udd.cl\/nutricion-dietetica-santiago\/files\/2012\/06\/IMG_0307-768x512.jpg"},"large":{"file":"IMG_0307-1024x683.jpg","width":1024,"height":683,"mime_type":"image\/jpeg","source_url":"https:\/\/medicina.udd.cl\/nutricion-dietetica-santiago\/files\/2012\/06\/IMG_0307-1024x683.jpg"},"newsletter_featured":{"file":"IMG_0307-316x224.jpg","width":316,"height":224,"mime_type":"image\/jpeg","source_url":"https:\/\/medicina.udd.cl\/nutricion-dietetica-santiago\/files\/2012\/06\/IMG_0307-316x224.jpg"},"newsletter_first":{"file":"IMG_0307-286x205.jpg","width":286,"height":205,"mime_type":"image\/jpeg","source_url":"https:\/\/medicina.udd.cl\/nutricion-dietetica-santiago\/files\/2012\/06\/IMG_0307-286x205.jpg"},"newsletter_thumb":{"file":"IMG_0307-288x150.jpg","width":288,"height":150,"mime_type":"image\/jpeg","source_url":"https:\/\/medicina.udd.cl\/nutricion-dietetica-santiago\/files\/2012\/06\/IMG_0307-288x150.jpg"},"newsletter_column":{"file":"IMG_0307-182x140.jpg","width":182,"height":140,"mime_type":"image\/jpeg","source_url":"https:\/\/medicina.udd.cl\/nutricion-dietetica-santiago\/files\/2012\/06\/IMG_0307-182x140.jpg"},"newsletter_square":{"file":"IMG_0307-62x62.jpg","width":62,"height":62,"mime_type":"image\/jpeg","source_url":"https:\/\/medicina.udd.cl\/nutricion-dietetica-santiago\/files\/2012\/06\/IMG_0307-62x62.jpg"},"newsletter_square_large":{"file":"IMG_0307-87x62.jpg","width":87,"height":62,"mime_type":"image\/jpeg","source_url":"https:\/\/medicina.udd.cl\/nutricion-dietetica-santiago\/files\/2012\/06\/IMG_0307-87x62.jpg"},"featured-home":{"file":"IMG_0307-800x450.jpg","width":800,"height":450,"mime_type":"image\/jpeg","source_url":"https:\/\/medicina.udd.cl\/nutricion-dietetica-santiago\/files\/2012\/06\/IMG_0307-800x450.jpg"},"featured-career":{"file":"IMG_0307-660x430.jpg","width":660,"height":430,"mime_type":"image\/jpeg","source_url":"https:\/\/medicina.udd.cl\/nutricion-dietetica-santiago\/files\/2012\/06\/IMG_0307-660x430.jpg"},"squared":{"file":"IMG_0307-300x300.jpg","width":300,"height":300,"mime_type":"image\/jpeg","source_url":"https:\/\/medicina.udd.cl\/nutricion-dietetica-santiago\/files\/2012\/06\/IMG_0307-300x300.jpg"},"stretch":{"file":"IMG_0307-800x450.jpg","width":800,"height":450,"mime_type":"image\/jpeg","source_url":"https:\/\/medicina.udd.cl\/nutricion-dietetica-santiago\/files\/2012\/06\/IMG_0307-800x450.jpg"},"portrait-medium":{"file":"IMG_0307-220x260.jpg","width":220,"height":260,"mime_type":"image\/jpeg","source_url":"https:\/\/medicina.udd.cl\/nutricion-dietetica-santiago\/files\/2012\/06\/IMG_0307-220x260.jpg"},"landscape-small":{"file":"IMG_0307-125x80.jpg","width":125,"height":80,"mime_type":"image\/jpeg","source_url":"https:\/\/medicina.udd.cl\/nutricion-dietetica-santiago\/files\/2012\/06\/IMG_0307-125x80.jpg"},"landscape-medium":{"file":"IMG_0307-340x220.jpg","width":340,"height":220,"mime_type":"image\/jpeg","source_url":"https:\/\/medicina.udd.cl\/nutricion-dietetica-santiago\/files\/2012\/06\/IMG_0307-340x220.jpg"},"landscape-large":{"file":"IMG_0307-365x255.jpg","width":365,"height":255,"mime_type":"image\/jpeg","source_url":"https:\/\/medicina.udd.cl\/nutricion-dietetica-santiago\/files\/2012\/06\/IMG_0307-365x255.jpg"},"landscape-xlarge":{"file":"IMG_0307-660x430.jpg","width":660,"height":430,"mime_type":"image\/jpeg","source_url":"https:\/\/medicina.udd.cl\/nutricion-dietetica-santiago\/files\/2012\/06\/IMG_0307-660x430.jpg"},"panoramic":{"file":"IMG_0307-940x345.jpg","width":940,"height":345,"mime_type":"image\/jpeg","source_url":"https:\/\/medicina.udd.cl\/nutricion-dietetica-santiago\/files\/2012\/06\/IMG_0307-940x345.jpg"},"stretch-large":{"file":"IMG_0307-940x450.jpg","width":940,"height":450,"mime_type":"image\/jpeg","source_url":"https:\/\/medicina.udd.cl\/nutricion-dietetica-santiago\/files\/2012\/06\/IMG_0307-940x450.jpg"},"proportional-large":{"file":"IMG_0307-960x640.jpg","width":960,"height":640,"mime_type":"image\/jpeg","source_url":"https:\/\/medicina.udd.cl\/nutricion-dietetica-santiago\/files\/2012\/06\/IMG_0307-960x640.jpg"},"custom_content":{"file":"IMG_0307-126x126.jpg","width":126,"height":126,"mime_type":"image\/jpeg","source_url":"https:\/\/medicina.udd.cl\/nutricion-dietetica-santiago\/files\/2012\/06\/IMG_0307-126x126.jpg"},"full":{"file":"IMG_0307.jpg","width":5184,"height":3456,"mime_type":"image\/jpeg","source_url":"https:\/\/medicina.udd.cl\/nutricion-dietetica-santiago\/files\/2012\/06\/IMG_0307.jpg"}},"image_meta":{"aperture":"5","credit":"","camera":"Canon EOS REBEL T2i","caption":"","created_timestamp":"1339678071","copyright":"","focal_length":"39","iso":"400","shutter_speed":"0.016666666666667","title":"","orientation":"1","keywords":[]}},"post":789,"source_url":"https:\/\/medicina.udd.cl\/nutricion-dietetica-santiago\/files\/2012\/06\/IMG_0307.jpg","_links":{"self":[{"href":"https:\/\/medicina.udd.cl\/nutricion-dietetica-santiago\/wp-json\/wp\/v2\/media\/793","targetHints":{"allow":["GET"]}}],"collection":[{"href":"https:\/\/medicina.udd.cl\/nutricion-dietetica-santiago\/wp-json\/wp\/v2\/media"}],"about":[{"href":"https:\/\/medicina.udd.cl\/nutricion-dietetica-santiago\/wp-json\/wp\/v2\/types\/attachment"}],"author":[{"embeddable":true,"href":"https:\/\/medicina.udd.cl\/nutricion-dietetica-santiago\/wp-json\/wp\/v2\/users\/1"}],"replies":[{"embeddable":true,"href":"https:\/\/medicina.udd.cl\/nutricion-dietetica-santiago\/wp-json\/wp\/v2\/comments?post=793"}],"wp:attached-to":[{"embeddable":true,"post_type":"post","id":789,"href":"https:\/\/medicina.udd.cl\/nutricion-dietetica-santiago\/wp-json\/wp\/v2\/posts\/789"}],"curies":[{"name":"wp","href":"https:\/\/api.w.org\/{rel}","templated":true}]}}

Estudiantes de cuarto año

<!-- This site is optimized with the Yoast SEO plugin v26.9 - https://yoast.com/product/yoast-seo-wordpress/ -->
<title>Estudiantes de cuarto año - Nutrición y Dietética</title>
<meta name="robots" content="index, follow, max-snippet:-1, max-image-preview:large, max-video-preview:-1" />
<link rel="canonical" href="https://medicina.udd.cl/nutricion-dietetica-santiago/files/2012/06/IMG_0307.jpg" />
<meta property="og:locale" content="es_ES" />
<meta property="og:type" content="article" />
<meta property="og:title" content="Estudiantes de cuarto año - Nutrición y Dietética" />
<meta property="og:url" content="https://medicina.udd.cl/nutricion-dietetica-santiago/files/2012/06/IMG_0307.jpg" />
<meta property="og:site_name" content="Nutrición y Dietética" />
<meta property="og:image" content="https://medicina.udd.cl/nutricion-dietetica-santiago/files/2012/06/IMG_0307-1024x683.jpg" />
	<meta property="og:image:width" content="1024" />
	<meta property="og:image:height" content="683" />
	<meta property="og:image:type" content="image/jpeg" />
<script type="application/ld+json" class="yoast-schema-graph">{"@context":"https://schema.org","@graph":[{"@type":"WebPage","@id":"https://medicina.udd.cl/nutricion-dietetica-santiago/files/2012/06/IMG_0307.jpg","url":"https://medicina.udd.cl/nutricion-dietetica-santiago/files/2012/06/IMG_0307.jpg","name":"Estudiantes de cuarto año - Nutrición y Dietética","isPartOf":{"@id":"https://medicina.udd.cl/nutricion-dietetica-santiago/#website"},"datePublished":"2012-06-21T15:08:45+00:00","breadcrumb":{"@id":"https://medicina.udd.cl/nutricion-dietetica-santiago/files/2012/06/IMG_0307.jpg#breadcrumb"},"inLanguage":"es","potentialAction":[{"@type":"ReadAction","target":["https://medicina.udd.cl/nutricion-dietetica-santiago/files/2012/06/IMG_0307.jpg"]}]},{"@type":"BreadcrumbList","@id":"https://medicina.udd.cl/nutricion-dietetica-santiago/files/2012/06/IMG_0307.jpg#breadcrumb","itemListElement":[{"@type":"ListItem","position":1,"name":"Home","item":"https://medicina.udd.cl/nutricion-dietetica-santiago/"},{"@type":"ListItem","position":2,"name":"Ganadora del Full Revolution Day","item":"https://medicina.udd.cl/nutricion-dietetica-santiago/noticias/2012/06/18/ganadora-del-full-revolution-day/"},{"@type":"ListItem","position":3,"name":"Estudiantes de cuarto año"}]},{"@type":"WebSite","@id":"https://medicina.udd.cl/nutricion-dietetica-santiago/#website","url":"https://medicina.udd.cl/nutricion-dietetica-santiago/","name":"Nutrición y Dietética","description":"Facultad de Medicina Cínica Alemana Universidad del Desarrollo","inLanguage":"es"}]}</script>
<!-- / Yoast SEO plugin. -->

Estudiantes de cuarto año - Nutrición y Dietética

Nutrición y Dietética

Facultad de Medicina Cínica Alemana Universidad del Desarrollo
