{"id":962,"date":"2012-10-22T14:42:12","date_gmt":"2012-10-22T17:42:12","guid":{"rendered":"http:\/\/medicina.udd.cl\/nutricion-dietetica-santiago\/files\/2012\/10\/nutri.png"},"modified":"2012-10-22T14:42:12","modified_gmt":"2012-10-22T17:42:12","slug":"nutri","status":"inherit","type":"attachment","link":"https:\/\/medicina.udd.cl\/nutricion-dietetica-santiago\/noticias\/2012\/10\/22\/primera-jornada-de-estudiantes-de-nutricion-y-dietetica-2\/nutri\/","title":{"rendered":"nutri"},"author":30,"featured_media":0,"comment_status":"open","ping_status":"open","template":"","meta":[],"class_list":["post-962","attachment","type-attachment","status-inherit","hentry"],"yoast_head":"<!-- This site is optimized with the Yoast SEO plugin v26.9 - https:\/\/yoast.com\/product\/yoast-seo-wordpress\/ -->\n<title>nutri - Nutrici\u00f3n y Diet\u00e9tica<\/title>\n<meta name=\"robots\" content=\"index, follow, max-snippet:-1, max-image-preview:large, max-video-preview:-1\" \/>\n<link rel=\"canonical\" href=\"https:\/\/medicina.udd.cl\/nutricion-dietetica-santiago\/files\/2012\/10\/nutri.png\" \/>\n<meta property=\"og:locale\" content=\"es_ES\" \/>\n<meta property=\"og:type\" content=\"article\" \/>\n<meta property=\"og:title\" content=\"nutri - Nutrici\u00f3n y Diet\u00e9tica\" \/>\n<meta property=\"og:url\" content=\"https:\/\/medicina.udd.cl\/nutricion-dietetica-santiago\/files\/2012\/10\/nutri.png\" \/>\n<meta property=\"og:site_name\" content=\"Nutrici\u00f3n y Diet\u00e9tica\" \/>\n<meta property=\"og:image\" content=\"https:\/\/medicina.udd.cl\/nutricion-dietetica-santiago\/files\/2012\/10\/nutri.png\" \/>\n\t<meta property=\"og:image:width\" content=\"300\" \/>\n\t<meta property=\"og:image:height\" content=\"133\" \/>\n\t<meta property=\"og:image:type\" content=\"image\/png\" \/>\n<script type=\"application\/ld+json\" class=\"yoast-schema-graph\">{\"@context\":\"https:\/\/schema.org\",\"@graph\":[{\"@type\":\"WebPage\",\"@id\":\"https:\/\/medicina.udd.cl\/nutricion-dietetica-santiago\/files\/2012\/10\/nutri.png\",\"url\":\"https:\/\/medicina.udd.cl\/nutricion-dietetica-santiago\/files\/2012\/10\/nutri.png\",\"name\":\"nutri - Nutrici\u00f3n y Diet\u00e9tica\",\"isPartOf\":{\"@id\":\"https:\/\/medicina.udd.cl\/nutricion-dietetica-santiago\/#website\"},\"datePublished\":\"2012-10-22T17:42:12+00:00\",\"breadcrumb\":{\"@id\":\"https:\/\/medicina.udd.cl\/nutricion-dietetica-santiago\/files\/2012\/10\/nutri.png#breadcrumb\"},\"inLanguage\":\"es\",\"potentialAction\":[{\"@type\":\"ReadAction\",\"target\":[\"https:\/\/medicina.udd.cl\/nutricion-dietetica-santiago\/files\/2012\/10\/nutri.png\"]}]},{\"@type\":\"BreadcrumbList\",\"@id\":\"https:\/\/medicina.udd.cl\/nutricion-dietetica-santiago\/files\/2012\/10\/nutri.png#breadcrumb\",\"itemListElement\":[{\"@type\":\"ListItem\",\"position\":1,\"name\":\"Home\",\"item\":\"https:\/\/medicina.udd.cl\/nutricion-dietetica-santiago\/\"},{\"@type\":\"ListItem\",\"position\":2,\"name\":\"Primera Jornada de Estudiantes de Nutrici\u00f3n y Diet\u00e9tica\",\"item\":\"https:\/\/medicina.udd.cl\/nutricion-dietetica-santiago\/noticias\/2012\/10\/22\/primera-jornada-de-estudiantes-de-nutricion-y-dietetica-2\/\"},{\"@type\":\"ListItem\",\"position\":3,\"name\":\"nutri\"}]},{\"@type\":\"WebSite\",\"@id\":\"https:\/\/medicina.udd.cl\/nutricion-dietetica-santiago\/#website\",\"url\":\"https:\/\/medicina.udd.cl\/nutricion-dietetica-santiago\/\",\"name\":\"Nutrici\u00f3n y Diet\u00e9tica\",\"description\":\"Facultad de Medicina C\u00ednica Alemana Universidad del Desarrollo\",\"inLanguage\":\"es\"}]}<\/script>\n<!-- \/ Yoast SEO plugin. -->","yoast_head_json":{"title":"nutri - Nutrici\u00f3n y Diet\u00e9tica","robots":{"index":"index","follow":"follow","max-snippet":"max-snippet:-1","max-image-preview":"max-image-preview:large","max-video-preview":"max-video-preview:-1"},"canonical":"https:\/\/medicina.udd.cl\/nutricion-dietetica-santiago\/files\/2012\/10\/nutri.png","og_locale":"es_ES","og_type":"article","og_title":"nutri - Nutrici\u00f3n y Diet\u00e9tica","og_url":"https:\/\/medicina.udd.cl\/nutricion-dietetica-santiago\/files\/2012\/10\/nutri.png","og_site_name":"Nutrici\u00f3n y Diet\u00e9tica","og_image":[{"width":300,"height":133,"url":"https:\/\/medicina.udd.cl\/nutricion-dietetica-santiago\/files\/2012\/10\/nutri.png","type":"image\/png"}],"schema":{"@context":"https:\/\/schema.org","@graph":[{"@type":"WebPage","@id":"https:\/\/medicina.udd.cl\/nutricion-dietetica-santiago\/files\/2012\/10\/nutri.png","url":"https:\/\/medicina.udd.cl\/nutricion-dietetica-santiago\/files\/2012\/10\/nutri.png","name":"nutri - Nutrici\u00f3n y Diet\u00e9tica","isPartOf":{"@id":"https:\/\/medicina.udd.cl\/nutricion-dietetica-santiago\/#website"},"datePublished":"2012-10-22T17:42:12+00:00","breadcrumb":{"@id":"https:\/\/medicina.udd.cl\/nutricion-dietetica-santiago\/files\/2012\/10\/nutri.png#breadcrumb"},"inLanguage":"es","potentialAction":[{"@type":"ReadAction","target":["https:\/\/medicina.udd.cl\/nutricion-dietetica-santiago\/files\/2012\/10\/nutri.png"]}]},{"@type":"BreadcrumbList","@id":"https:\/\/medicina.udd.cl\/nutricion-dietetica-santiago\/files\/2012\/10\/nutri.png#breadcrumb","itemListElement":[{"@type":"ListItem","position":1,"name":"Home","item":"https:\/\/medicina.udd.cl\/nutricion-dietetica-santiago\/"},{"@type":"ListItem","position":2,"name":"Primera Jornada de Estudiantes de Nutrici\u00f3n y Diet\u00e9tica","item":"https:\/\/medicina.udd.cl\/nutricion-dietetica-santiago\/noticias\/2012\/10\/22\/primera-jornada-de-estudiantes-de-nutricion-y-dietetica-2\/"},{"@type":"ListItem","position":3,"name":"nutri"}]},{"@type":"WebSite","@id":"https:\/\/medicina.udd.cl\/nutricion-dietetica-santiago\/#website","url":"https:\/\/medicina.udd.cl\/nutricion-dietetica-santiago\/","name":"Nutrici\u00f3n y Diet\u00e9tica","description":"Facultad de Medicina C\u00ednica Alemana Universidad del Desarrollo","inLanguage":"es"}]}},"description":{"rendered":"<p class=\"attachment\"><a href='https:\/\/medicina.udd.cl\/nutricion-dietetica-santiago\/files\/2012\/10\/nutri.png'><img loading=\"lazy\" decoding=\"async\" width=\"300\" height=\"133\" src=\"https:\/\/medicina.udd.cl\/nutricion-dietetica-santiago\/files\/2012\/10\/nutri-300x133.png\" class=\"attachment-medium size-medium\" alt=\"\" \/><\/a><\/p>\n"},"caption":{"rendered":""},"alt_text":"","media_type":"image","mime_type":"image\/png","media_details":{"width":300,"height":133,"file":"2012\/10\/nutri.png","sizes":{"thumbnail":{"file":"nutri-150x133.png","width":150,"height":133,"mime_type":"image\/png","source_url":"https:\/\/medicina.udd.cl\/nutricion-dietetica-santiago\/files\/2012\/10\/nutri-150x133.png"},"medium":{"file":"nutri-300x133.png","width":300,"height":133,"mime_type":"image\/png","source_url":"https:\/\/medicina.udd.cl\/nutricion-dietetica-santiago\/files\/2012\/10\/nutri-300x133.png"},"newsletter_first":{"file":"nutri-286x133.png","width":286,"height":133,"mime_type":"image\/png","source_url":"https:\/\/medicina.udd.cl\/nutricion-dietetica-santiago\/files\/2012\/10\/nutri-286x133.png"},"newsletter_thumb":{"file":"nutri-288x133.png","width":288,"height":133,"mime_type":"image\/png","source_url":"https:\/\/medicina.udd.cl\/nutricion-dietetica-santiago\/files\/2012\/10\/nutri-288x133.png"},"newsletter_column":{"file":"nutri-182x133.png","width":182,"height":133,"mime_type":"image\/png","source_url":"https:\/\/medicina.udd.cl\/nutricion-dietetica-santiago\/files\/2012\/10\/nutri-182x133.png"},"newsletter_square":{"file":"nutri-62x62.png","width":62,"height":62,"mime_type":"image\/png","source_url":"https:\/\/medicina.udd.cl\/nutricion-dietetica-santiago\/files\/2012\/10\/nutri-62x62.png"},"newsletter_square_large":{"file":"nutri-87x62.png","width":87,"height":62,"mime_type":"image\/png","source_url":"https:\/\/medicina.udd.cl\/nutricion-dietetica-santiago\/files\/2012\/10\/nutri-87x62.png"},"squared":{"file":"nutri-300x133.png","width":300,"height":133,"mime_type":"image\/png","source_url":"https:\/\/medicina.udd.cl\/nutricion-dietetica-santiago\/files\/2012\/10\/nutri-300x133.png"},"portrait-medium":{"file":"nutri-220x133.png","width":220,"height":133,"mime_type":"image\/png","source_url":"https:\/\/medicina.udd.cl\/nutricion-dietetica-santiago\/files\/2012\/10\/nutri-220x133.png"},"landscape-small":{"file":"nutri-125x80.png","width":125,"height":80,"mime_type":"image\/png","source_url":"https:\/\/medicina.udd.cl\/nutricion-dietetica-santiago\/files\/2012\/10\/nutri-125x80.png"},"custom_content":{"file":"nutri-126x126.png","width":126,"height":126,"mime_type":"image\/png","source_url":"https:\/\/medicina.udd.cl\/nutricion-dietetica-santiago\/files\/2012\/10\/nutri-126x126.png"},"full":{"file":"nutri.png","width":300,"height":133,"mime_type":"image\/png","source_url":"https:\/\/medicina.udd.cl\/nutricion-dietetica-santiago\/files\/2012\/10\/nutri.png"}},"image_meta":{"aperture":"0","credit":"","camera":"","caption":"","created_timestamp":"0","copyright":"","focal_length":"0","iso":"0","shutter_speed":"0","title":"","orientation":"0","keywords":[]}},"post":961,"source_url":"https:\/\/medicina.udd.cl\/nutricion-dietetica-santiago\/files\/2012\/10\/nutri.png","_links":{"self":[{"href":"https:\/\/medicina.udd.cl\/nutricion-dietetica-santiago\/wp-json\/wp\/v2\/media\/962","targetHints":{"allow":["GET"]}}],"collection":[{"href":"https:\/\/medicina.udd.cl\/nutricion-dietetica-santiago\/wp-json\/wp\/v2\/media"}],"about":[{"href":"https:\/\/medicina.udd.cl\/nutricion-dietetica-santiago\/wp-json\/wp\/v2\/types\/attachment"}],"author":[{"embeddable":true,"href":"https:\/\/medicina.udd.cl\/nutricion-dietetica-santiago\/wp-json\/wp\/v2\/users\/30"}],"replies":[{"embeddable":true,"href":"https:\/\/medicina.udd.cl\/nutricion-dietetica-santiago\/wp-json\/wp\/v2\/comments?post=962"}],"wp:attached-to":[{"embeddable":true,"post_type":"post","id":961,"href":"https:\/\/medicina.udd.cl\/nutricion-dietetica-santiago\/wp-json\/wp\/v2\/posts\/961"}],"curies":[{"name":"wp","href":"https:\/\/api.w.org\/{rel}","templated":true}]}}

<!-- This site is optimized with the Yoast SEO plugin v26.9 - https://yoast.com/product/yoast-seo-wordpress/ -->
<title>nutri - Nutrición y Dietética</title>
<meta name="robots" content="index, follow, max-snippet:-1, max-image-preview:large, max-video-preview:-1" />
<link rel="canonical" href="https://medicina.udd.cl/nutricion-dietetica-santiago/files/2012/10/nutri.png" />
<meta property="og:locale" content="es_ES" />
<meta property="og:type" content="article" />
<meta property="og:title" content="nutri - Nutrición y Dietética" />
<meta property="og:url" content="https://medicina.udd.cl/nutricion-dietetica-santiago/files/2012/10/nutri.png" />
<meta property="og:site_name" content="Nutrición y Dietética" />
<meta property="og:image" content="https://medicina.udd.cl/nutricion-dietetica-santiago/files/2012/10/nutri.png" />
	<meta property="og:image:width" content="300" />
	<meta property="og:image:height" content="133" />
	<meta property="og:image:type" content="image/png" />
<script type="application/ld+json" class="yoast-schema-graph">{"@context":"https://schema.org","@graph":[{"@type":"WebPage","@id":"https://medicina.udd.cl/nutricion-dietetica-santiago/files/2012/10/nutri.png","url":"https://medicina.udd.cl/nutricion-dietetica-santiago/files/2012/10/nutri.png","name":"nutri - Nutrición y Dietética","isPartOf":{"@id":"https://medicina.udd.cl/nutricion-dietetica-santiago/#website"},"datePublished":"2012-10-22T17:42:12+00:00","breadcrumb":{"@id":"https://medicina.udd.cl/nutricion-dietetica-santiago/files/2012/10/nutri.png#breadcrumb"},"inLanguage":"es","potentialAction":[{"@type":"ReadAction","target":["https://medicina.udd.cl/nutricion-dietetica-santiago/files/2012/10/nutri.png"]}]},{"@type":"BreadcrumbList","@id":"https://medicina.udd.cl/nutricion-dietetica-santiago/files/2012/10/nutri.png#breadcrumb","itemListElement":[{"@type":"ListItem","position":1,"name":"Home","item":"https://medicina.udd.cl/nutricion-dietetica-santiago/"},{"@type":"ListItem","position":2,"name":"Primera Jornada de Estudiantes de Nutrición y Dietética","item":"https://medicina.udd.cl/nutricion-dietetica-santiago/noticias/2012/10/22/primera-jornada-de-estudiantes-de-nutricion-y-dietetica-2/"},{"@type":"ListItem","position":3,"name":"nutri"}]},{"@type":"WebSite","@id":"https://medicina.udd.cl/nutricion-dietetica-santiago/#website","url":"https://medicina.udd.cl/nutricion-dietetica-santiago/","name":"Nutrición y Dietética","description":"Facultad de Medicina Cínica Alemana Universidad del Desarrollo","inLanguage":"es"}]}</script>
<!-- / Yoast SEO plugin. -->

nutri - Nutrición y Dietética

Nutrición y Dietética

Primera Jornada de Estudiantes de Nutrición y Dietética

Facultad de Medicina Cínica Alemana Universidad del Desarrollo
