{"id":2460,"date":"2015-03-04T14:26:31","date_gmt":"2015-03-04T17:26:31","guid":{"rendered":"http:\/\/medicina.udd.cl\/nutricion-dietetica-santiago\/?page_id=2460"},"modified":"2018-10-01T12:11:01","modified_gmt":"2018-10-01T15:11:01","slug":"diplomado","status":"publish","type":"page","link":"https:\/\/medicina.udd.cl\/nutricion-dietetica-santiago\/diplomado\/","title":{"rendered":"Diplomados"},"content":{"rendered":"<ul>\n<li><strong><a href=\"http:\/\/medicina.udd.cl\/ver-diplomado\/diplomado-mindfulness-para-profesionales-de-la-salud-desde-el-autocuidado-hasta-su-aplicacion-en-pacientes\/\" target=\"_blank\" rel=\"noopener\">Diplomado mindfulness para profesionales de la salud<\/a><\/strong><\/li>\n<\/ul>\n<p><img loading=\"lazy\" decoding=\"async\" class=\" wp-image-4631 aligncenter\" src=\"http:\/\/medicina.udd.cl\/nutricion-dietetica-santiago\/files\/2018\/06\/mindfulness-8-e1538406554299.jpg\" alt=\"\" width=\"284\" height=\"125\" srcset=\"https:\/\/medicina.udd.cl\/nutricion-dietetica-santiago\/files\/2018\/06\/mindfulness-8-e1538406554299.jpg 500w, https:\/\/medicina.udd.cl\/nutricion-dietetica-santiago\/files\/2018\/06\/mindfulness-8-e1538406554299-300x132.jpg 300w\" sizes=\"auto, (max-width: 284px) 100vw, 284px\" \/><\/p>\n<p>&nbsp;<\/p>\n","protected":false},"excerpt":{"rendered":"<p>Diplomado mindfulness para profesionales de la salud &nbsp;<\/p>\n","protected":false},"author":40,"featured_media":0,"parent":0,"menu_order":0,"comment_status":"open","ping_status":"open","template":"","meta":{"footnotes":""},"class_list":["post-2460","page","type-page","status-publish","hentry"],"yoast_head":"<!-- This site is optimized with the Yoast SEO plugin v26.9 - https:\/\/yoast.com\/product\/yoast-seo-wordpress\/ -->\n<title>Diplomados - Nutrici\u00f3n y Diet\u00e9tica<\/title>\n<meta name=\"robots\" content=\"index, follow, max-snippet:-1, max-image-preview:large, max-video-preview:-1\" \/>\n<link rel=\"canonical\" href=\"https:\/\/medicina.udd.cl\/nutricion-dietetica-santiago\/diplomado\/\" \/>\n<meta property=\"og:locale\" content=\"es_ES\" \/>\n<meta property=\"og:type\" content=\"article\" \/>\n<meta property=\"og:title\" content=\"Diplomados - Nutrici\u00f3n y Diet\u00e9tica\" \/>\n<meta property=\"og:description\" content=\"Diplomado mindfulness para profesionales de la salud &nbsp;\" \/>\n<meta property=\"og:url\" content=\"https:\/\/medicina.udd.cl\/nutricion-dietetica-santiago\/diplomado\/\" \/>\n<meta property=\"og:site_name\" content=\"Nutrici\u00f3n y Diet\u00e9tica\" \/>\n<meta property=\"article:modified_time\" content=\"2018-10-01T15:11:01+00:00\" \/>\n<meta property=\"og:image\" content=\"http:\/\/medicina.udd.cl\/nutricion-dietetica-santiago\/files\/2018\/06\/mindfulness-8-e1538406554299.jpg\" \/>\n<script type=\"application\/ld+json\" class=\"yoast-schema-graph\">{\"@context\":\"https:\/\/schema.org\",\"@graph\":[{\"@type\":\"WebPage\",\"@id\":\"https:\/\/medicina.udd.cl\/nutricion-dietetica-santiago\/diplomado\/\",\"url\":\"https:\/\/medicina.udd.cl\/nutricion-dietetica-santiago\/diplomado\/\",\"name\":\"Diplomados - Nutrici\u00f3n y Diet\u00e9tica\",\"isPartOf\":{\"@id\":\"https:\/\/medicina.udd.cl\/nutricion-dietetica-santiago\/#website\"},\"primaryImageOfPage\":{\"@id\":\"https:\/\/medicina.udd.cl\/nutricion-dietetica-santiago\/diplomado\/#primaryimage\"},\"image\":{\"@id\":\"https:\/\/medicina.udd.cl\/nutricion-dietetica-santiago\/diplomado\/#primaryimage\"},\"thumbnailUrl\":\"http:\/\/medicina.udd.cl\/nutricion-dietetica-santiago\/files\/2018\/06\/mindfulness-8-e1538406554299.jpg\",\"datePublished\":\"2015-03-04T17:26:31+00:00\",\"dateModified\":\"2018-10-01T15:11:01+00:00\",\"breadcrumb\":{\"@id\":\"https:\/\/medicina.udd.cl\/nutricion-dietetica-santiago\/diplomado\/#breadcrumb\"},\"inLanguage\":\"es\",\"potentialAction\":[{\"@type\":\"ReadAction\",\"target\":[\"https:\/\/medicina.udd.cl\/nutricion-dietetica-santiago\/diplomado\/\"]}]},{\"@type\":\"ImageObject\",\"inLanguage\":\"es\",\"@id\":\"https:\/\/medicina.udd.cl\/nutricion-dietetica-santiago\/diplomado\/#primaryimage\",\"url\":\"http:\/\/medicina.udd.cl\/nutricion-dietetica-santiago\/files\/2018\/06\/mindfulness-8-e1538406554299.jpg\",\"contentUrl\":\"http:\/\/medicina.udd.cl\/nutricion-dietetica-santiago\/files\/2018\/06\/mindfulness-8-e1538406554299.jpg\"},{\"@type\":\"BreadcrumbList\",\"@id\":\"https:\/\/medicina.udd.cl\/nutricion-dietetica-santiago\/diplomado\/#breadcrumb\",\"itemListElement\":[{\"@type\":\"ListItem\",\"position\":1,\"name\":\"Home\",\"item\":\"https:\/\/medicina.udd.cl\/nutricion-dietetica-santiago\/\"},{\"@type\":\"ListItem\",\"position\":2,\"name\":\"Diplomados\"}]},{\"@type\":\"WebSite\",\"@id\":\"https:\/\/medicina.udd.cl\/nutricion-dietetica-santiago\/#website\",\"url\":\"https:\/\/medicina.udd.cl\/nutricion-dietetica-santiago\/\",\"name\":\"Nutrici\u00f3n y Diet\u00e9tica\",\"description\":\"Facultad de Medicina C\u00ednica Alemana Universidad del Desarrollo\",\"inLanguage\":\"es\"}]}<\/script>\n<!-- \/ Yoast SEO plugin. -->","yoast_head_json":{"title":"Diplomados - Nutrici\u00f3n y Diet\u00e9tica","robots":{"index":"index","follow":"follow","max-snippet":"max-snippet:-1","max-image-preview":"max-image-preview:large","max-video-preview":"max-video-preview:-1"},"canonical":"https:\/\/medicina.udd.cl\/nutricion-dietetica-santiago\/diplomado\/","og_locale":"es_ES","og_type":"article","og_title":"Diplomados - Nutrici\u00f3n y Diet\u00e9tica","og_description":"Diplomado mindfulness para profesionales de la salud &nbsp;","og_url":"https:\/\/medicina.udd.cl\/nutricion-dietetica-santiago\/diplomado\/","og_site_name":"Nutrici\u00f3n y Diet\u00e9tica","article_modified_time":"2018-10-01T15:11:01+00:00","og_image":[{"url":"http:\/\/medicina.udd.cl\/nutricion-dietetica-santiago\/files\/2018\/06\/mindfulness-8-e1538406554299.jpg","type":"","width":"","height":""}],"schema":{"@context":"https:\/\/schema.org","@graph":[{"@type":"WebPage","@id":"https:\/\/medicina.udd.cl\/nutricion-dietetica-santiago\/diplomado\/","url":"https:\/\/medicina.udd.cl\/nutricion-dietetica-santiago\/diplomado\/","name":"Diplomados - Nutrici\u00f3n y Diet\u00e9tica","isPartOf":{"@id":"https:\/\/medicina.udd.cl\/nutricion-dietetica-santiago\/#website"},"primaryImageOfPage":{"@id":"https:\/\/medicina.udd.cl\/nutricion-dietetica-santiago\/diplomado\/#primaryimage"},"image":{"@id":"https:\/\/medicina.udd.cl\/nutricion-dietetica-santiago\/diplomado\/#primaryimage"},"thumbnailUrl":"http:\/\/medicina.udd.cl\/nutricion-dietetica-santiago\/files\/2018\/06\/mindfulness-8-e1538406554299.jpg","datePublished":"2015-03-04T17:26:31+00:00","dateModified":"2018-10-01T15:11:01+00:00","breadcrumb":{"@id":"https:\/\/medicina.udd.cl\/nutricion-dietetica-santiago\/diplomado\/#breadcrumb"},"inLanguage":"es","potentialAction":[{"@type":"ReadAction","target":["https:\/\/medicina.udd.cl\/nutricion-dietetica-santiago\/diplomado\/"]}]},{"@type":"ImageObject","inLanguage":"es","@id":"https:\/\/medicina.udd.cl\/nutricion-dietetica-santiago\/diplomado\/#primaryimage","url":"http:\/\/medicina.udd.cl\/nutricion-dietetica-santiago\/files\/2018\/06\/mindfulness-8-e1538406554299.jpg","contentUrl":"http:\/\/medicina.udd.cl\/nutricion-dietetica-santiago\/files\/2018\/06\/mindfulness-8-e1538406554299.jpg"},{"@type":"BreadcrumbList","@id":"https:\/\/medicina.udd.cl\/nutricion-dietetica-santiago\/diplomado\/#breadcrumb","itemListElement":[{"@type":"ListItem","position":1,"name":"Home","item":"https:\/\/medicina.udd.cl\/nutricion-dietetica-santiago\/"},{"@type":"ListItem","position":2,"name":"Diplomados"}]},{"@type":"WebSite","@id":"https:\/\/medicina.udd.cl\/nutricion-dietetica-santiago\/#website","url":"https:\/\/medicina.udd.cl\/nutricion-dietetica-santiago\/","name":"Nutrici\u00f3n y Diet\u00e9tica","description":"Facultad de Medicina C\u00ednica Alemana Universidad del Desarrollo","inLanguage":"es"}]}},"_links":{"self":[{"href":"https:\/\/medicina.udd.cl\/nutricion-dietetica-santiago\/wp-json\/wp\/v2\/pages\/2460","targetHints":{"allow":["GET"]}}],"collection":[{"href":"https:\/\/medicina.udd.cl\/nutricion-dietetica-santiago\/wp-json\/wp\/v2\/pages"}],"about":[{"href":"https:\/\/medicina.udd.cl\/nutricion-dietetica-santiago\/wp-json\/wp\/v2\/types\/page"}],"author":[{"embeddable":true,"href":"https:\/\/medicina.udd.cl\/nutricion-dietetica-santiago\/wp-json\/wp\/v2\/users\/40"}],"replies":[{"embeddable":true,"href":"https:\/\/medicina.udd.cl\/nutricion-dietetica-santiago\/wp-json\/wp\/v2\/comments?post=2460"}],"version-history":[{"count":13,"href":"https:\/\/medicina.udd.cl\/nutricion-dietetica-santiago\/wp-json\/wp\/v2\/pages\/2460\/revisions"}],"predecessor-version":[{"id":4677,"href":"https:\/\/medicina.udd.cl\/nutricion-dietetica-santiago\/wp-json\/wp\/v2\/pages\/2460\/revisions\/4677"}],"wp:attachment":[{"href":"https:\/\/medicina.udd.cl\/nutricion-dietetica-santiago\/wp-json\/wp\/v2\/media?parent=2460"}],"curies":[{"name":"wp","href":"https:\/\/api.w.org\/{rel}","templated":true}]}}