{"id":4304,"date":"2017-07-14T15:18:44","date_gmt":"2017-07-14T19:18:44","guid":{"rendered":"http:\/\/medicina.udd.cl\/nutricion-dietetica-santiago\/?page_id=4304"},"modified":"2017-07-14T15:18:57","modified_gmt":"2017-07-14T19:18:57","slug":"inscripcion-simposio-alimentacion-nutricion-conciencia-sustentable","status":"publish","type":"page","link":"https:\/\/medicina.udd.cl\/nutricion-dietetica-santiago\/inscripcion-simposio-alimentacion-nutricion-conciencia-sustentable\/","title":{"rendered":"Inscripci\u00f3n Simposio \u00abAlimentaci\u00f3n y Nutrici\u00f3n con Conciencia Sustentable\u00bb"},"content":{"rendered":"<div id='wufoo-p1soo66j0nhk381'>\nFill out my <a href='https:\/\/udesarrollo.wufoo.com\/forms\/p1soo66j0nhk381'>online form<\/a>.\n<\/div>\n<script type='text\/javascript'>var p1soo66j0nhk381;(function(d, t) {\nvar s = d.createElement(t), options = {\n'userName'      : 'udesarrollo',    \n'formHash'      : 'p1soo66j0nhk381',    \n'autoResize'    :  true,   \n'height'        : '560',      \n'async'         :  true,          \n'header'        : 'show',      \n'host'          : 'wufoo.com',    \n'entSource'     : 'wordpress',   \n'defaultValues' : ''     \n,'ssl'          :  1           };\ns.src = ('https:' == d.location.protocol ? 'https:\/\/' : 'http:\/\/') + 'secure.wufoo.com\/scripts\/embed\/form.js';\ns.onload = s.onreadystatechange = function() {\nvar rs = this.readyState; if (rs) if (rs != 'complete') if (rs != 'loaded') return;\ntry { p1soo66j0nhk381 = new WufooForm();p1soo66j0nhk381.initialize(options);p1soo66j0nhk381.display(); } catch (e) {}}\nvar scr = d.getElementsByTagName(t)[0], par = scr.parentNode; par.insertBefore(s, scr);\n})(document, 'script');<\/script> <noscript> <iframe height=\"560\" allowTransparency=\"true\" sandbox=\"allow-top-navigation allow-scripts allow-popups allow-forms allow-same-origin allow-popups-to-escape-sandbox\" frameborder=\"0\" scrolling=\"no\" style=\"width:100%;border:none;\"src=\"https:\/\/udesarrollo.wufoo.com\/embed\/p1soo66j0nhk381?entsource=wordpress\"><a href=\"https:\/\/udesarrollo.wufoo.com\/forms\/p1soo66j0nhk381?entsource=wordpress\" rel=\"nofollow\">Fill out my Wufoo form!<\/a><\/iframe> <\/noscript>\n","protected":false},"excerpt":{"rendered":"","protected":false},"author":9192192,"featured_media":0,"parent":0,"menu_order":0,"comment_status":"closed","ping_status":"closed","template":"","meta":{"footnotes":""},"class_list":["post-4304","page","type-page","status-publish","hentry"],"yoast_head":"<!-- This site is optimized with the Yoast SEO plugin v26.9 - https:\/\/yoast.com\/product\/yoast-seo-wordpress\/ -->\n<title>Inscripci\u00f3n Simposio &quot;Alimentaci\u00f3n y Nutrici\u00f3n con Conciencia Sustentable&quot; - Nutrici\u00f3n y Diet\u00e9tica<\/title>\n<meta name=\"robots\" content=\"index, follow, max-snippet:-1, max-image-preview:large, max-video-preview:-1\" \/>\n<link rel=\"canonical\" href=\"https:\/\/medicina.udd.cl\/nutricion-dietetica-santiago\/inscripcion-simposio-alimentacion-nutricion-conciencia-sustentable\/\" \/>\n<meta property=\"og:locale\" content=\"es_ES\" \/>\n<meta property=\"og:type\" content=\"article\" \/>\n<meta property=\"og:title\" content=\"Inscripci\u00f3n Simposio &quot;Alimentaci\u00f3n y Nutrici\u00f3n con Conciencia Sustentable&quot; - Nutrici\u00f3n y Diet\u00e9tica\" \/>\n<meta property=\"og:url\" content=\"https:\/\/medicina.udd.cl\/nutricion-dietetica-santiago\/inscripcion-simposio-alimentacion-nutricion-conciencia-sustentable\/\" \/>\n<meta property=\"og:site_name\" content=\"Nutrici\u00f3n y Diet\u00e9tica\" \/>\n<meta property=\"article:modified_time\" content=\"2017-07-14T19:18:57+00:00\" \/>\n<script type=\"application\/ld+json\" class=\"yoast-schema-graph\">{\"@context\":\"https:\/\/schema.org\",\"@graph\":[{\"@type\":\"WebPage\",\"@id\":\"https:\/\/medicina.udd.cl\/nutricion-dietetica-santiago\/inscripcion-simposio-alimentacion-nutricion-conciencia-sustentable\/\",\"url\":\"https:\/\/medicina.udd.cl\/nutricion-dietetica-santiago\/inscripcion-simposio-alimentacion-nutricion-conciencia-sustentable\/\",\"name\":\"Inscripci\u00f3n Simposio \\\"Alimentaci\u00f3n y Nutrici\u00f3n con Conciencia Sustentable\\\" - Nutrici\u00f3n y Diet\u00e9tica\",\"isPartOf\":{\"@id\":\"https:\/\/medicina.udd.cl\/nutricion-dietetica-santiago\/#website\"},\"datePublished\":\"2017-07-14T19:18:44+00:00\",\"dateModified\":\"2017-07-14T19:18:57+00:00\",\"breadcrumb\":{\"@id\":\"https:\/\/medicina.udd.cl\/nutricion-dietetica-santiago\/inscripcion-simposio-alimentacion-nutricion-conciencia-sustentable\/#breadcrumb\"},\"inLanguage\":\"es\",\"potentialAction\":[{\"@type\":\"ReadAction\",\"target\":[\"https:\/\/medicina.udd.cl\/nutricion-dietetica-santiago\/inscripcion-simposio-alimentacion-nutricion-conciencia-sustentable\/\"]}]},{\"@type\":\"BreadcrumbList\",\"@id\":\"https:\/\/medicina.udd.cl\/nutricion-dietetica-santiago\/inscripcion-simposio-alimentacion-nutricion-conciencia-sustentable\/#breadcrumb\",\"itemListElement\":[{\"@type\":\"ListItem\",\"position\":1,\"name\":\"Home\",\"item\":\"https:\/\/medicina.udd.cl\/nutricion-dietetica-santiago\/\"},{\"@type\":\"ListItem\",\"position\":2,\"name\":\"Inscripci\u00f3n Simposio \u00abAlimentaci\u00f3n y Nutrici\u00f3n con Conciencia Sustentable\u00bb\"}]},{\"@type\":\"WebSite\",\"@id\":\"https:\/\/medicina.udd.cl\/nutricion-dietetica-santiago\/#website\",\"url\":\"https:\/\/medicina.udd.cl\/nutricion-dietetica-santiago\/\",\"name\":\"Nutrici\u00f3n y Diet\u00e9tica\",\"description\":\"Facultad de Medicina C\u00ednica Alemana Universidad del Desarrollo\",\"inLanguage\":\"es\"}]}<\/script>\n<!-- \/ Yoast SEO plugin. -->","yoast_head_json":{"title":"Inscripci\u00f3n Simposio \"Alimentaci\u00f3n y Nutrici\u00f3n con Conciencia Sustentable\" - Nutrici\u00f3n y Diet\u00e9tica","robots":{"index":"index","follow":"follow","max-snippet":"max-snippet:-1","max-image-preview":"max-image-preview:large","max-video-preview":"max-video-preview:-1"},"canonical":"https:\/\/medicina.udd.cl\/nutricion-dietetica-santiago\/inscripcion-simposio-alimentacion-nutricion-conciencia-sustentable\/","og_locale":"es_ES","og_type":"article","og_title":"Inscripci\u00f3n Simposio \"Alimentaci\u00f3n y Nutrici\u00f3n con Conciencia Sustentable\" - Nutrici\u00f3n y Diet\u00e9tica","og_url":"https:\/\/medicina.udd.cl\/nutricion-dietetica-santiago\/inscripcion-simposio-alimentacion-nutricion-conciencia-sustentable\/","og_site_name":"Nutrici\u00f3n y Diet\u00e9tica","article_modified_time":"2017-07-14T19:18:57+00:00","schema":{"@context":"https:\/\/schema.org","@graph":[{"@type":"WebPage","@id":"https:\/\/medicina.udd.cl\/nutricion-dietetica-santiago\/inscripcion-simposio-alimentacion-nutricion-conciencia-sustentable\/","url":"https:\/\/medicina.udd.cl\/nutricion-dietetica-santiago\/inscripcion-simposio-alimentacion-nutricion-conciencia-sustentable\/","name":"Inscripci\u00f3n Simposio \"Alimentaci\u00f3n y Nutrici\u00f3n con Conciencia Sustentable\" - Nutrici\u00f3n y Diet\u00e9tica","isPartOf":{"@id":"https:\/\/medicina.udd.cl\/nutricion-dietetica-santiago\/#website"},"datePublished":"2017-07-14T19:18:44+00:00","dateModified":"2017-07-14T19:18:57+00:00","breadcrumb":{"@id":"https:\/\/medicina.udd.cl\/nutricion-dietetica-santiago\/inscripcion-simposio-alimentacion-nutricion-conciencia-sustentable\/#breadcrumb"},"inLanguage":"es","potentialAction":[{"@type":"ReadAction","target":["https:\/\/medicina.udd.cl\/nutricion-dietetica-santiago\/inscripcion-simposio-alimentacion-nutricion-conciencia-sustentable\/"]}]},{"@type":"BreadcrumbList","@id":"https:\/\/medicina.udd.cl\/nutricion-dietetica-santiago\/inscripcion-simposio-alimentacion-nutricion-conciencia-sustentable\/#breadcrumb","itemListElement":[{"@type":"ListItem","position":1,"name":"Home","item":"https:\/\/medicina.udd.cl\/nutricion-dietetica-santiago\/"},{"@type":"ListItem","position":2,"name":"Inscripci\u00f3n Simposio \u00abAlimentaci\u00f3n y Nutrici\u00f3n con Conciencia Sustentable\u00bb"}]},{"@type":"WebSite","@id":"https:\/\/medicina.udd.cl\/nutricion-dietetica-santiago\/#website","url":"https:\/\/medicina.udd.cl\/nutricion-dietetica-santiago\/","name":"Nutrici\u00f3n y Diet\u00e9tica","description":"Facultad de Medicina C\u00ednica Alemana Universidad del Desarrollo","inLanguage":"es"}]}},"_links":{"self":[{"href":"https:\/\/medicina.udd.cl\/nutricion-dietetica-santiago\/wp-json\/wp\/v2\/pages\/4304","targetHints":{"allow":["GET"]}}],"collection":[{"href":"https:\/\/medicina.udd.cl\/nutricion-dietetica-santiago\/wp-json\/wp\/v2\/pages"}],"about":[{"href":"https:\/\/medicina.udd.cl\/nutricion-dietetica-santiago\/wp-json\/wp\/v2\/types\/page"}],"author":[{"embeddable":true,"href":"https:\/\/medicina.udd.cl\/nutricion-dietetica-santiago\/wp-json\/wp\/v2\/users\/9192192"}],"replies":[{"embeddable":true,"href":"https:\/\/medicina.udd.cl\/nutricion-dietetica-santiago\/wp-json\/wp\/v2\/comments?post=4304"}],"version-history":[{"count":2,"href":"https:\/\/medicina.udd.cl\/nutricion-dietetica-santiago\/wp-json\/wp\/v2\/pages\/4304\/revisions"}],"predecessor-version":[{"id":4306,"href":"https:\/\/medicina.udd.cl\/nutricion-dietetica-santiago\/wp-json\/wp\/v2\/pages\/4304\/revisions\/4306"}],"wp:attachment":[{"href":"https:\/\/medicina.udd.cl\/nutricion-dietetica-santiago\/wp-json\/wp\/v2\/media?parent=4304"}],"curies":[{"name":"wp","href":"https:\/\/api.w.org\/{rel}","templated":true}]}}