{"id":4979,"date":"2019-08-08T11:59:58","date_gmt":"2019-08-08T15:59:58","guid":{"rendered":"http:\/\/medicina.udd.cl\/nutricion-dietetica-santiago\/?page_id=4979"},"modified":"2024-04-24T15:07:39","modified_gmt":"2024-04-24T19:07:39","slug":"perfil-de-egreso","status":"publish","type":"page","link":"https:\/\/medicina.udd.cl\/nutricion-dietetica-santiago\/perfil-de-egreso\/","title":{"rendered":"Perfil de Egreso"},"content":{"rendered":"\n<figure class=\"wp-block-image aligncenter size-large\"><a href=\"https:\/\/medicina.udd.cl\/nutricion-dietetica-santiago\/files\/2022\/09\/PE-Nutrici\u00f3n.pdf\"><img loading=\"lazy\" decoding=\"async\" width=\"816\" height=\"553\" src=\"https:\/\/medicina.udd.cl\/nutricion-dietetica-santiago\/files\/2022\/09\/PE-Nutrici\u00f3n-y-Diet\u00e9tica-UDD.2.jpg\" alt=\"\" class=\"wp-image-6737\" srcset=\"https:\/\/medicina.udd.cl\/nutricion-dietetica-santiago\/files\/2022\/09\/PE-Nutrici\u00f3n-y-Diet\u00e9tica-UDD.2.jpg 816w, https:\/\/medicina.udd.cl\/nutricion-dietetica-santiago\/files\/2022\/09\/PE-Nutrici\u00f3n-y-Diet\u00e9tica-UDD.2-300x203.jpg 300w, https:\/\/medicina.udd.cl\/nutricion-dietetica-santiago\/files\/2022\/09\/PE-Nutrici\u00f3n-y-Diet\u00e9tica-UDD.2-768x520.jpg 768w\" sizes=\"auto, (max-width: 816px) 100vw, 816px\" \/><\/a><\/figure>\n\n\n\n<p>El Nutricionista de la Universidad del Desarrollo es un&nbsp;<strong>profesional integral, con s\u00f3lida formaci\u00f3n cient\u00edfico humanista<\/strong>, que se desempe\u00f1a competentemente en los \u00e1mbitos de n<strong>utrici\u00f3n cl\u00ednica y deportiva, promoci\u00f3n de la salud, gesti\u00f3n e investigaci\u00f3n en las \u00e1reas de alimentaci\u00f3n y nutrici\u00f3n<\/strong>, siendo reconocido por su actuar \u00e9tico e innovador, su emprendimiento y liderazgo y su responsabilidad p\u00fablica.<\/p>\n\n\n<section class=\"wp-block-udd-text-row block--bg-gray\">\n\t<div class=\"text-row\">\n\t\t<div class=\"text-row__content\">\n\t\t\t<div class=\"text-row__content-inner text\">\n\t\t\t\t\t\t\t\t<h2>\u00c1REA CL\u00cdNICO ASISTENCIAL<\/h2>\n\t\t\t\t\t\t\t\t\n<p>Proporciona atenci\u00f3n alimentario nutricional a personas sanas y enfermas, a lo largo del ciclo vital, en todos los niveles de atenci\u00f3n de salud, instituciones deportivas y otros tipos de instituciones y organizaciones p\u00fablicas o privadas.<\/p>\n\t\t\t<\/div>\n\t\t<\/div>\n\t\t<div class=\"text-row__media\">\n\t\t\t<img loading=\"lazy\" decoding=\"async\" width=\"952\" height=\"534\" src=\"https:\/\/medicina.udd.cl\/nutricion-dietetica-santiago\/files\/2023\/10\/bf6a0156-copia-952x534.jpg\" class=\"text-row__media-image\" alt=\"\" srcset=\"https:\/\/medicina.udd.cl\/nutricion-dietetica-santiago\/files\/2023\/10\/bf6a0156-copia-952x534.jpg 952w, https:\/\/medicina.udd.cl\/nutricion-dietetica-santiago\/files\/2023\/10\/bf6a0156-copia-1366x768.jpg 1366w, https:\/\/medicina.udd.cl\/nutricion-dietetica-santiago\/files\/2023\/10\/bf6a0156-copia-680x382.jpg 680w\" sizes=\"auto, (max-width: 952px) 100vw, 952px\" \/>\t\t<\/div>\n\t<\/div>\n<\/section>\n\n\n<section class=\"wp-block-udd-text-row block--content-align-right block--bg-gray\">\n\t<div class=\"text-row\">\n\t\t<div class=\"text-row__content\">\n\t\t\t<div class=\"text-row__content-inner text\">\n\t\t\t\t\t\t\t\t<h2>\u00c1REA DE FOMENTO Y PROMOCI\u00d3N DE LA SALUD<\/h2>\n\t\t\t\t\t\t\t\t\n<p>Gestiona intervenciones de fomento y promoci\u00f3n de la salud a nivel individual y comunitario, en centros educacionales, entidades p\u00fablicas y privadas, organizaciones comunitarias, deportivas y otros.<\/p>\n\t\t\t<\/div>\n\t\t<\/div>\n\t\t<div class=\"text-row__media\">\n\t\t\t<img loading=\"lazy\" decoding=\"async\" width=\"952\" height=\"534\" src=\"https:\/\/medicina.udd.cl\/nutricion-dietetica-santiago\/files\/2023\/10\/bf6a0114-952x534.jpg\" class=\"text-row__media-image\" alt=\"\" srcset=\"https:\/\/medicina.udd.cl\/nutricion-dietetica-santiago\/files\/2023\/10\/bf6a0114-952x534.jpg 952w, https:\/\/medicina.udd.cl\/nutricion-dietetica-santiago\/files\/2023\/10\/bf6a0114-1366x768.jpg 1366w, https:\/\/medicina.udd.cl\/nutricion-dietetica-santiago\/files\/2023\/10\/bf6a0114-680x382.jpg 680w\" sizes=\"auto, (max-width: 952px) 100vw, 952px\" \/>\t\t<\/div>\n\t<\/div>\n<\/section>\n\n\n<section class=\"wp-block-udd-text-row block--bg-gray\">\n\t<div class=\"text-row\">\n\t\t<div class=\"text-row__content\">\n\t\t\t<div class=\"text-row__content-inner text\">\n\t\t\t\t\t\t\t\t<h2>\u00c1REA DE NEGOCIOS Y GESTI\u00d3N EN ALIMENTOS<\/h2>\n\t\t\t\t\t\t\t\t\n<p>Gestiona servicios de alimentaci\u00f3n y nutrici\u00f3n e iniciativas de negocios en el \u00e1mbito de la industria de alimentos, gastronom\u00eda saludable y la nutrici\u00f3n.<br>Desempe\u00f1a un rol asesor en la industria alimentaria en el \u00e1rea de desarrollo de productos garantizando la calidad sanitaria y nutricional de \u00e9stos.<\/p>\n\t\t\t<\/div>\n\t\t<\/div>\n\t\t<div class=\"text-row__media\">\n\t\t\t<img loading=\"lazy\" decoding=\"async\" width=\"952\" height=\"534\" src=\"https:\/\/medicina.udd.cl\/nutricion-dietetica-santiago\/files\/2023\/10\/bf6a0225-952x534.jpg\" class=\"text-row__media-image\" alt=\"\" srcset=\"https:\/\/medicina.udd.cl\/nutricion-dietetica-santiago\/files\/2023\/10\/bf6a0225-952x534.jpg 952w, https:\/\/medicina.udd.cl\/nutricion-dietetica-santiago\/files\/2023\/10\/bf6a0225-1366x768.jpg 1366w, https:\/\/medicina.udd.cl\/nutricion-dietetica-santiago\/files\/2023\/10\/bf6a0225-680x382.jpg 680w\" sizes=\"auto, (max-width: 952px) 100vw, 952px\" \/>\t\t<\/div>\n\t<\/div>\n<\/section>\n\n\n<section class=\"wp-block-udd-text-row block--content-align-right block--bg-gray\">\n\t<div class=\"text-row\">\n\t\t<div class=\"text-row__content\">\n\t\t\t<div class=\"text-row__content-inner text\">\n\t\t\t\t\t\t\t\t<h2>\u00c1REA DE INVESTIGACI\u00d3N<\/h2>\n\t\t\t\t\t\t\t\t\n<p>Aplica el m\u00e9todo cient\u00edfico en la resoluci\u00f3n de problemas propios del quehacer profesional.<\/p>\n\t\t\t<\/div>\n\t\t<\/div>\n\t\t<div class=\"text-row__media\">\n\t\t\t<img loading=\"lazy\" decoding=\"async\" width=\"952\" height=\"534\" src=\"https:\/\/medicina.udd.cl\/nutricion-dietetica-santiago\/files\/2024\/02\/bf6a0171-copia-952x534.jpg\" class=\"text-row__media-image\" alt=\"\" srcset=\"https:\/\/medicina.udd.cl\/nutricion-dietetica-santiago\/files\/2024\/02\/bf6a0171-copia-952x534.jpg 952w, https:\/\/medicina.udd.cl\/nutricion-dietetica-santiago\/files\/2024\/02\/bf6a0171-copia-1366x768.jpg 1366w, https:\/\/medicina.udd.cl\/nutricion-dietetica-santiago\/files\/2024\/02\/bf6a0171-copia-680x382.jpg 680w\" sizes=\"auto, (max-width: 952px) 100vw, 952px\" \/>\t\t<\/div>\n\t<\/div>\n<\/section>\n","protected":false},"excerpt":{"rendered":"<p>El Nutricionista de la Universidad del Desarrollo es un&nbsp;profesional integral, con s\u00f3lida formaci\u00f3n cient\u00edfico humanista, que se desempe\u00f1a competentemente en los \u00e1mbitos de nutrici\u00f3n cl\u00ednica y deportiva, promoci\u00f3n de la salud, gesti\u00f3n e investigaci\u00f3n en las \u00e1reas de alimentaci\u00f3n y nutrici\u00f3n, siendo reconocido por su actuar \u00e9tico e innovador, su emprendimiento y liderazgo y su [&hellip;]<\/p>\n","protected":false},"author":9192218,"featured_media":0,"parent":0,"menu_order":0,"comment_status":"closed","ping_status":"closed","template":"","meta":{"footnotes":""},"class_list":["post-4979","page","type-page","status-publish","hentry"],"yoast_head":"<!-- This site is optimized with the Yoast SEO plugin v26.9 - https:\/\/yoast.com\/product\/yoast-seo-wordpress\/ -->\n<title>Perfil de Egreso - Nutrici\u00f3n y Diet\u00e9tica<\/title>\n<meta name=\"robots\" content=\"index, follow, max-snippet:-1, max-image-preview:large, max-video-preview:-1\" \/>\n<link rel=\"canonical\" href=\"https:\/\/medicina.udd.cl\/nutricion-dietetica-santiago\/perfil-de-egreso\/\" \/>\n<meta property=\"og:locale\" content=\"es_ES\" \/>\n<meta property=\"og:type\" content=\"article\" \/>\n<meta property=\"og:title\" content=\"Perfil de Egreso - Nutrici\u00f3n y Diet\u00e9tica\" \/>\n<meta property=\"og:description\" content=\"El Nutricionista de la Universidad del Desarrollo es un&nbsp;profesional integral, con s\u00f3lida formaci\u00f3n cient\u00edfico humanista, que se desempe\u00f1a competentemente en los \u00e1mbitos de nutrici\u00f3n cl\u00ednica y deportiva, promoci\u00f3n de la salud, gesti\u00f3n e investigaci\u00f3n en las \u00e1reas de alimentaci\u00f3n y nutrici\u00f3n, siendo reconocido por su actuar \u00e9tico e innovador, su emprendimiento y liderazgo y su [&hellip;]\" \/>\n<meta property=\"og:url\" content=\"https:\/\/medicina.udd.cl\/nutricion-dietetica-santiago\/perfil-de-egreso\/\" \/>\n<meta property=\"og:site_name\" content=\"Nutrici\u00f3n y Diet\u00e9tica\" \/>\n<meta property=\"article:modified_time\" content=\"2024-04-24T19:07:39+00:00\" \/>\n<meta property=\"og:image\" content=\"https:\/\/medicina.udd.cl\/nutricion-dietetica-santiago\/files\/2023\/10\/bf6a0156-copia-scaled.jpg\" \/>\n<meta name=\"twitter:label1\" content=\"Tiempo de lectura\" \/>\n\t<meta name=\"twitter:data1\" content=\"2 minutos\" \/>\n<script type=\"application\/ld+json\" class=\"yoast-schema-graph\">{\"@context\":\"https:\/\/schema.org\",\"@graph\":[{\"@type\":\"WebPage\",\"@id\":\"https:\/\/medicina.udd.cl\/nutricion-dietetica-santiago\/perfil-de-egreso\/\",\"url\":\"https:\/\/medicina.udd.cl\/nutricion-dietetica-santiago\/perfil-de-egreso\/\",\"name\":\"Perfil de Egreso - Nutrici\u00f3n y Diet\u00e9tica\",\"isPartOf\":{\"@id\":\"https:\/\/medicina.udd.cl\/nutricion-dietetica-santiago\/#website\"},\"primaryImageOfPage\":{\"@id\":\"https:\/\/medicina.udd.cl\/nutricion-dietetica-santiago\/perfil-de-egreso\/#primaryimage\"},\"image\":{\"@id\":\"https:\/\/medicina.udd.cl\/nutricion-dietetica-santiago\/perfil-de-egreso\/#primaryimage\"},\"thumbnailUrl\":\"https:\/\/medicina.udd.cl\/nutricion-dietetica-santiago\/files\/2023\/10\/bf6a0156-copia-scaled.jpg\",\"datePublished\":\"2019-08-08T15:59:58+00:00\",\"dateModified\":\"2024-04-24T19:07:39+00:00\",\"breadcrumb\":{\"@id\":\"https:\/\/medicina.udd.cl\/nutricion-dietetica-santiago\/perfil-de-egreso\/#breadcrumb\"},\"inLanguage\":\"es\",\"potentialAction\":[{\"@type\":\"ReadAction\",\"target\":[\"https:\/\/medicina.udd.cl\/nutricion-dietetica-santiago\/perfil-de-egreso\/\"]}]},{\"@type\":\"ImageObject\",\"inLanguage\":\"es\",\"@id\":\"https:\/\/medicina.udd.cl\/nutricion-dietetica-santiago\/perfil-de-egreso\/#primaryimage\",\"url\":\"https:\/\/medicina.udd.cl\/nutricion-dietetica-santiago\/files\/2023\/10\/bf6a0156-copia-scaled.jpg\",\"contentUrl\":\"https:\/\/medicina.udd.cl\/nutricion-dietetica-santiago\/files\/2023\/10\/bf6a0156-copia-scaled.jpg\",\"width\":2560,\"height\":1707},{\"@type\":\"BreadcrumbList\",\"@id\":\"https:\/\/medicina.udd.cl\/nutricion-dietetica-santiago\/perfil-de-egreso\/#breadcrumb\",\"itemListElement\":[{\"@type\":\"ListItem\",\"position\":1,\"name\":\"Home\",\"item\":\"https:\/\/medicina.udd.cl\/nutricion-dietetica-santiago\/\"},{\"@type\":\"ListItem\",\"position\":2,\"name\":\"Perfil de Egreso\"}]},{\"@type\":\"WebSite\",\"@id\":\"https:\/\/medicina.udd.cl\/nutricion-dietetica-santiago\/#website\",\"url\":\"https:\/\/medicina.udd.cl\/nutricion-dietetica-santiago\/\",\"name\":\"Nutrici\u00f3n y Diet\u00e9tica\",\"description\":\"Facultad de Medicina C\u00ednica Alemana Universidad del Desarrollo\",\"inLanguage\":\"es\"}]}<\/script>\n<!-- \/ Yoast SEO plugin. -->","yoast_head_json":{"title":"Perfil de Egreso - Nutrici\u00f3n y Diet\u00e9tica","robots":{"index":"index","follow":"follow","max-snippet":"max-snippet:-1","max-image-preview":"max-image-preview:large","max-video-preview":"max-video-preview:-1"},"canonical":"https:\/\/medicina.udd.cl\/nutricion-dietetica-santiago\/perfil-de-egreso\/","og_locale":"es_ES","og_type":"article","og_title":"Perfil de Egreso - Nutrici\u00f3n y Diet\u00e9tica","og_description":"El Nutricionista de la Universidad del Desarrollo es un&nbsp;profesional integral, con s\u00f3lida formaci\u00f3n cient\u00edfico humanista, que se desempe\u00f1a competentemente en los \u00e1mbitos de nutrici\u00f3n cl\u00ednica y deportiva, promoci\u00f3n de la salud, gesti\u00f3n e investigaci\u00f3n en las \u00e1reas de alimentaci\u00f3n y nutrici\u00f3n, siendo reconocido por su actuar \u00e9tico e innovador, su emprendimiento y liderazgo y su [&hellip;]","og_url":"https:\/\/medicina.udd.cl\/nutricion-dietetica-santiago\/perfil-de-egreso\/","og_site_name":"Nutrici\u00f3n y Diet\u00e9tica","article_modified_time":"2024-04-24T19:07:39+00:00","og_image":[{"url":"https:\/\/medicina.udd.cl\/nutricion-dietetica-santiago\/files\/2023\/10\/bf6a0156-copia-scaled.jpg","type":"","width":"","height":""}],"twitter_misc":{"Tiempo de lectura":"2 minutos"},"schema":{"@context":"https:\/\/schema.org","@graph":[{"@type":"WebPage","@id":"https:\/\/medicina.udd.cl\/nutricion-dietetica-santiago\/perfil-de-egreso\/","url":"https:\/\/medicina.udd.cl\/nutricion-dietetica-santiago\/perfil-de-egreso\/","name":"Perfil de Egreso - Nutrici\u00f3n y Diet\u00e9tica","isPartOf":{"@id":"https:\/\/medicina.udd.cl\/nutricion-dietetica-santiago\/#website"},"primaryImageOfPage":{"@id":"https:\/\/medicina.udd.cl\/nutricion-dietetica-santiago\/perfil-de-egreso\/#primaryimage"},"image":{"@id":"https:\/\/medicina.udd.cl\/nutricion-dietetica-santiago\/perfil-de-egreso\/#primaryimage"},"thumbnailUrl":"https:\/\/medicina.udd.cl\/nutricion-dietetica-santiago\/files\/2023\/10\/bf6a0156-copia-scaled.jpg","datePublished":"2019-08-08T15:59:58+00:00","dateModified":"2024-04-24T19:07:39+00:00","breadcrumb":{"@id":"https:\/\/medicina.udd.cl\/nutricion-dietetica-santiago\/perfil-de-egreso\/#breadcrumb"},"inLanguage":"es","potentialAction":[{"@type":"ReadAction","target":["https:\/\/medicina.udd.cl\/nutricion-dietetica-santiago\/perfil-de-egreso\/"]}]},{"@type":"ImageObject","inLanguage":"es","@id":"https:\/\/medicina.udd.cl\/nutricion-dietetica-santiago\/perfil-de-egreso\/#primaryimage","url":"https:\/\/medicina.udd.cl\/nutricion-dietetica-santiago\/files\/2023\/10\/bf6a0156-copia-scaled.jpg","contentUrl":"https:\/\/medicina.udd.cl\/nutricion-dietetica-santiago\/files\/2023\/10\/bf6a0156-copia-scaled.jpg","width":2560,"height":1707},{"@type":"BreadcrumbList","@id":"https:\/\/medicina.udd.cl\/nutricion-dietetica-santiago\/perfil-de-egreso\/#breadcrumb","itemListElement":[{"@type":"ListItem","position":1,"name":"Home","item":"https:\/\/medicina.udd.cl\/nutricion-dietetica-santiago\/"},{"@type":"ListItem","position":2,"name":"Perfil de Egreso"}]},{"@type":"WebSite","@id":"https:\/\/medicina.udd.cl\/nutricion-dietetica-santiago\/#website","url":"https:\/\/medicina.udd.cl\/nutricion-dietetica-santiago\/","name":"Nutrici\u00f3n y Diet\u00e9tica","description":"Facultad de Medicina C\u00ednica Alemana Universidad del Desarrollo","inLanguage":"es"}]}},"_links":{"self":[{"href":"https:\/\/medicina.udd.cl\/nutricion-dietetica-santiago\/wp-json\/wp\/v2\/pages\/4979","targetHints":{"allow":["GET"]}}],"collection":[{"href":"https:\/\/medicina.udd.cl\/nutricion-dietetica-santiago\/wp-json\/wp\/v2\/pages"}],"about":[{"href":"https:\/\/medicina.udd.cl\/nutricion-dietetica-santiago\/wp-json\/wp\/v2\/types\/page"}],"author":[{"embeddable":true,"href":"https:\/\/medicina.udd.cl\/nutricion-dietetica-santiago\/wp-json\/wp\/v2\/users\/9192218"}],"replies":[{"embeddable":true,"href":"https:\/\/medicina.udd.cl\/nutricion-dietetica-santiago\/wp-json\/wp\/v2\/comments?post=4979"}],"version-history":[{"count":8,"href":"https:\/\/medicina.udd.cl\/nutricion-dietetica-santiago\/wp-json\/wp\/v2\/pages\/4979\/revisions"}],"predecessor-version":[{"id":8217,"href":"https:\/\/medicina.udd.cl\/nutricion-dietetica-santiago\/wp-json\/wp\/v2\/pages\/4979\/revisions\/8217"}],"wp:attachment":[{"href":"https:\/\/medicina.udd.cl\/nutricion-dietetica-santiago\/wp-json\/wp\/v2\/media?parent=4979"}],"curies":[{"name":"wp","href":"https:\/\/api.w.org\/{rel}","templated":true}]}}