{"id":1523,"date":"2013-08-21T15:55:35","date_gmt":"2013-08-21T19:55:35","guid":{"rendered":"http:\/\/medicina.udd.cl\/nutricion-dietetica-santiago\/?post_type=person&#038;p=1523"},"modified":"2026-03-06T09:21:07","modified_gmt":"2026-03-06T12:21:07","slug":"ana-palacio-aguero","status":"publish","type":"person","link":"https:\/\/medicina.udd.cl\/nutricion-dietetica-santiago\/persona\/ana-palacio-aguero\/","title":{"rendered":"Ana Palacio Ag\u00fcero"},"featured_media":4528,"template":"","people_tax":[4035],"people_areas":[],"people_levels":[],"class_list":["post-1523","person","type-person","status-publish","has-post-thumbnail","hentry","people_tax-profesor","people_list-coordinadores","people_list-docentes"],"yoast_head":"<!-- This site is optimized with the Yoast SEO plugin v26.9 - https:\/\/yoast.com\/product\/yoast-seo-wordpress\/ -->\n<title>Ana Palacio Ag\u00fcero - Nutrici\u00f3n y Diet\u00e9tica<\/title>\n<meta name=\"robots\" content=\"index, follow, max-snippet:-1, max-image-preview:large, max-video-preview:-1\" \/>\n<link rel=\"canonical\" href=\"https:\/\/medicina.udd.cl\/nutricion-dietetica-santiago\/persona\/ana-palacio-aguero\/\" \/>\n<meta property=\"og:locale\" content=\"es_ES\" \/>\n<meta property=\"og:type\" content=\"article\" \/>\n<meta property=\"og:title\" content=\"Ana Palacio Ag\u00fcero - Nutrici\u00f3n y Diet\u00e9tica\" \/>\n<meta property=\"og:url\" content=\"https:\/\/medicina.udd.cl\/nutricion-dietetica-santiago\/persona\/ana-palacio-aguero\/\" \/>\n<meta property=\"og:site_name\" content=\"Nutrici\u00f3n y Diet\u00e9tica\" \/>\n<meta property=\"article:modified_time\" content=\"2026-03-06T12:21:07+00:00\" \/>\n<meta property=\"og:image\" content=\"https:\/\/medicina.udd.cl\/nutricion-dietetica-santiago\/files\/2013\/08\/foto-nutri.jpg\" \/>\n\t<meta property=\"og:image:width\" content=\"2136\" \/>\n\t<meta property=\"og:image:height\" content=\"3216\" \/>\n\t<meta property=\"og:image:type\" content=\"image\/jpeg\" \/>\n<meta name=\"twitter:label1\" content=\"Tiempo de lectura\" \/>\n\t<meta name=\"twitter:data1\" content=\"1 minuto\" \/>\n<script type=\"application\/ld+json\" class=\"yoast-schema-graph\">{\"@context\":\"https:\/\/schema.org\",\"@graph\":[{\"@type\":\"WebPage\",\"@id\":\"https:\/\/medicina.udd.cl\/nutricion-dietetica-santiago\/persona\/ana-palacio-aguero\/\",\"url\":\"https:\/\/medicina.udd.cl\/nutricion-dietetica-santiago\/persona\/ana-palacio-aguero\/\",\"name\":\"Ana Palacio Ag\u00fcero - Nutrici\u00f3n y Diet\u00e9tica\",\"isPartOf\":{\"@id\":\"https:\/\/medicina.udd.cl\/nutricion-dietetica-santiago\/#website\"},\"primaryImageOfPage\":{\"@id\":\"https:\/\/medicina.udd.cl\/nutricion-dietetica-santiago\/persona\/ana-palacio-aguero\/#primaryimage\"},\"image\":{\"@id\":\"https:\/\/medicina.udd.cl\/nutricion-dietetica-santiago\/persona\/ana-palacio-aguero\/#primaryimage\"},\"thumbnailUrl\":\"https:\/\/medicina.udd.cl\/nutricion-dietetica-santiago\/files\/2013\/08\/foto-nutri.jpg\",\"datePublished\":\"2013-08-21T19:55:35+00:00\",\"dateModified\":\"2026-03-06T12:21:07+00:00\",\"breadcrumb\":{\"@id\":\"https:\/\/medicina.udd.cl\/nutricion-dietetica-santiago\/persona\/ana-palacio-aguero\/#breadcrumb\"},\"inLanguage\":\"es\",\"potentialAction\":[{\"@type\":\"ReadAction\",\"target\":[\"https:\/\/medicina.udd.cl\/nutricion-dietetica-santiago\/persona\/ana-palacio-aguero\/\"]}]},{\"@type\":\"ImageObject\",\"inLanguage\":\"es\",\"@id\":\"https:\/\/medicina.udd.cl\/nutricion-dietetica-santiago\/persona\/ana-palacio-aguero\/#primaryimage\",\"url\":\"https:\/\/medicina.udd.cl\/nutricion-dietetica-santiago\/files\/2013\/08\/foto-nutri.jpg\",\"contentUrl\":\"https:\/\/medicina.udd.cl\/nutricion-dietetica-santiago\/files\/2013\/08\/foto-nutri.jpg\",\"width\":2136,\"height\":3216},{\"@type\":\"BreadcrumbList\",\"@id\":\"https:\/\/medicina.udd.cl\/nutricion-dietetica-santiago\/persona\/ana-palacio-aguero\/#breadcrumb\",\"itemListElement\":[{\"@type\":\"ListItem\",\"position\":1,\"name\":\"Home\",\"item\":\"https:\/\/medicina.udd.cl\/nutricion-dietetica-santiago\/\"},{\"@type\":\"ListItem\",\"position\":2,\"name\":\"Personas\",\"item\":\"https:\/\/medicina.udd.cl\/nutricion-dietetica-santiago\/persona\/\"},{\"@type\":\"ListItem\",\"position\":3,\"name\":\"Ana Palacio Ag\u00fcero\"}]},{\"@type\":\"WebSite\",\"@id\":\"https:\/\/medicina.udd.cl\/nutricion-dietetica-santiago\/#website\",\"url\":\"https:\/\/medicina.udd.cl\/nutricion-dietetica-santiago\/\",\"name\":\"Nutrici\u00f3n y Diet\u00e9tica\",\"description\":\"Facultad de Medicina C\u00ednica Alemana Universidad del Desarrollo\",\"inLanguage\":\"es\"}]}<\/script>\n<!-- \/ Yoast SEO plugin. -->","yoast_head_json":{"title":"Ana Palacio Ag\u00fcero - Nutrici\u00f3n y Diet\u00e9tica","robots":{"index":"index","follow":"follow","max-snippet":"max-snippet:-1","max-image-preview":"max-image-preview:large","max-video-preview":"max-video-preview:-1"},"canonical":"https:\/\/medicina.udd.cl\/nutricion-dietetica-santiago\/persona\/ana-palacio-aguero\/","og_locale":"es_ES","og_type":"article","og_title":"Ana Palacio Ag\u00fcero - Nutrici\u00f3n y Diet\u00e9tica","og_url":"https:\/\/medicina.udd.cl\/nutricion-dietetica-santiago\/persona\/ana-palacio-aguero\/","og_site_name":"Nutrici\u00f3n y Diet\u00e9tica","article_modified_time":"2026-03-06T12:21:07+00:00","og_image":[{"width":2136,"height":3216,"url":"https:\/\/medicina.udd.cl\/nutricion-dietetica-santiago\/files\/2013\/08\/foto-nutri.jpg","type":"image\/jpeg"}],"twitter_misc":{"Tiempo de lectura":"1 minuto"},"schema":{"@context":"https:\/\/schema.org","@graph":[{"@type":"WebPage","@id":"https:\/\/medicina.udd.cl\/nutricion-dietetica-santiago\/persona\/ana-palacio-aguero\/","url":"https:\/\/medicina.udd.cl\/nutricion-dietetica-santiago\/persona\/ana-palacio-aguero\/","name":"Ana Palacio Ag\u00fcero - Nutrici\u00f3n y Diet\u00e9tica","isPartOf":{"@id":"https:\/\/medicina.udd.cl\/nutricion-dietetica-santiago\/#website"},"primaryImageOfPage":{"@id":"https:\/\/medicina.udd.cl\/nutricion-dietetica-santiago\/persona\/ana-palacio-aguero\/#primaryimage"},"image":{"@id":"https:\/\/medicina.udd.cl\/nutricion-dietetica-santiago\/persona\/ana-palacio-aguero\/#primaryimage"},"thumbnailUrl":"https:\/\/medicina.udd.cl\/nutricion-dietetica-santiago\/files\/2013\/08\/foto-nutri.jpg","datePublished":"2013-08-21T19:55:35+00:00","dateModified":"2026-03-06T12:21:07+00:00","breadcrumb":{"@id":"https:\/\/medicina.udd.cl\/nutricion-dietetica-santiago\/persona\/ana-palacio-aguero\/#breadcrumb"},"inLanguage":"es","potentialAction":[{"@type":"ReadAction","target":["https:\/\/medicina.udd.cl\/nutricion-dietetica-santiago\/persona\/ana-palacio-aguero\/"]}]},{"@type":"ImageObject","inLanguage":"es","@id":"https:\/\/medicina.udd.cl\/nutricion-dietetica-santiago\/persona\/ana-palacio-aguero\/#primaryimage","url":"https:\/\/medicina.udd.cl\/nutricion-dietetica-santiago\/files\/2013\/08\/foto-nutri.jpg","contentUrl":"https:\/\/medicina.udd.cl\/nutricion-dietetica-santiago\/files\/2013\/08\/foto-nutri.jpg","width":2136,"height":3216},{"@type":"BreadcrumbList","@id":"https:\/\/medicina.udd.cl\/nutricion-dietetica-santiago\/persona\/ana-palacio-aguero\/#breadcrumb","itemListElement":[{"@type":"ListItem","position":1,"name":"Home","item":"https:\/\/medicina.udd.cl\/nutricion-dietetica-santiago\/"},{"@type":"ListItem","position":2,"name":"Personas","item":"https:\/\/medicina.udd.cl\/nutricion-dietetica-santiago\/persona\/"},{"@type":"ListItem","position":3,"name":"Ana Palacio Ag\u00fcero"}]},{"@type":"WebSite","@id":"https:\/\/medicina.udd.cl\/nutricion-dietetica-santiago\/#website","url":"https:\/\/medicina.udd.cl\/nutricion-dietetica-santiago\/","name":"Nutrici\u00f3n y Diet\u00e9tica","description":"Facultad de Medicina C\u00ednica Alemana Universidad del Desarrollo","inLanguage":"es"}]}},"label":"Ana Palacio Ag\u00fcero","role":"Docente","thumbnail_url":"https:\/\/medicina.udd.cl\/nutricion-dietetica-santiago\/files\/2013\/08\/foto-nutri.jpg","email":"anapalacio@udd.cl","tel_job":"","content":{"rendered":"<div class=\"person-modal person-modal--scl\">\n\t<header class=\"person-modal__header\">\n\t\t<div class=\"person-modal__bg\"><\/div>\n\t\t<div class=\"modal-container\">\n\t\t\t\t\t\t<div class=\"person-modal__media\">\n\t\t\t\t<img width=\"332\" height=\"500\" src=\"https:\/\/medicina.udd.cl\/nutricion-dietetica-santiago\/files\/2013\/08\/foto-nutri.jpg\" class=\"person-modal__image wp-post-image\" alt=\"\" decoding=\"async\" loading=\"lazy\" srcset=\"https:\/\/medicina.udd.cl\/nutricion-dietetica-santiago\/files\/2013\/08\/foto-nutri.jpg 2136w, https:\/\/medicina.udd.cl\/nutricion-dietetica-santiago\/files\/2013\/08\/foto-nutri-199x300.jpg 199w, https:\/\/medicina.udd.cl\/nutricion-dietetica-santiago\/files\/2013\/08\/foto-nutri-768x1156.jpg 768w, https:\/\/medicina.udd.cl\/nutricion-dietetica-santiago\/files\/2013\/08\/foto-nutri-680x1024.jpg 680w, https:\/\/medicina.udd.cl\/nutricion-dietetica-santiago\/files\/2013\/08\/foto-nutri-638x960.jpg 638w\" sizes=\"auto, (max-width: 332px) 100vw, 332px\" \/>\t\t\t<\/div>\n\t\t\t\t\t\t<div class=\"person-modal__data\">\n\t\t\t\t<h1 class=\"person-modal__name\">Ana Palacio Ag\u00fcero<\/h1>\n\t\t\t\t\t\t\t<span class=\"person-modal__description\">Docente<\/span>\n\t\t\t\t\t\t\t\t\t\t\t\t\t<a href=\"mailto:&#097;&#110;&#097;pa&#108;&#097;&#099;&#105;o&#064;u&#100;&#100;.c&#108;\" class=\"person-modal__email\">&#97;na&#112;&#97;&#108;a&#99;i&#111;&#64;u&#100;d&#46;&#99;&#108;<\/a>\n\t\t\t\t\t\t\t\t\t<\/div>\n\t\t<\/div>\n\t<\/header>\n\t<div class=\"modal-container\">\n\t\t\t<div class=\"person-modal__content text\">\n\t\t\t\t\t\t\t\t\t\t<ul>\n<li>Mag\u00edster en Nutrici\u00f3n Cl\u00ednica, INTA, Universidad de Chile<\/li>\n<\/ul>\n\t\t<\/div>\n\t<\/div>\n<\/div>\n"},"identifier":"10bf7f64bc39ba3cb19d33d15a7f15ed2fe7479d","has_credential":[],"given_name":"Ana","family_name":"Palacio Ag\u00fcero","name":"Ana Palacio Ag\u00fcero","job_title":"Docente","telephone":"","note":"","im":"","_self_schedule":null,"_links":{"self":[{"href":"https:\/\/medicina.udd.cl\/nutricion-dietetica-santiago\/wp-json\/wp\/v2\/people\/1523","targetHints":{"allow":["GET"]}}],"collection":[{"href":"https:\/\/medicina.udd.cl\/nutricion-dietetica-santiago\/wp-json\/wp\/v2\/people"}],"about":[{"href":"https:\/\/medicina.udd.cl\/nutricion-dietetica-santiago\/wp-json\/wp\/v2\/types\/person"}],"wp:featuredmedia":[{"embeddable":true,"href":"https:\/\/medicina.udd.cl\/nutricion-dietetica-santiago\/wp-json\/wp\/v2\/media\/4528"}],"wp:attachment":[{"href":"https:\/\/medicina.udd.cl\/nutricion-dietetica-santiago\/wp-json\/wp\/v2\/media?parent=1523"}],"wp:term":[{"taxonomy":"people_tax","embeddable":true,"href":"https:\/\/medicina.udd.cl\/nutricion-dietetica-santiago\/wp-json\/wp\/v2\/people_tax?post=1523"},{"taxonomy":"people_areas","embeddable":true,"href":"https:\/\/medicina.udd.cl\/nutricion-dietetica-santiago\/wp-json\/wp\/v2\/people_areas?post=1523"},{"taxonomy":"people_levels","embeddable":true,"href":"https:\/\/medicina.udd.cl\/nutricion-dietetica-santiago\/wp-json\/wp\/v2\/people_levels?post=1523"}],"curies":[{"name":"wp","href":"https:\/\/api.w.org\/{rel}","templated":true}]}}

Ana Palacio Agüero

<!-- This site is optimized with the Yoast SEO plugin v26.9 - https://yoast.com/product/yoast-seo-wordpress/ -->
<title>Ana Palacio Agüero - Nutrición y Dietética</title>
<meta name="robots" content="index, follow, max-snippet:-1, max-image-preview:large, max-video-preview:-1" />
<link rel="canonical" href="https://medicina.udd.cl/nutricion-dietetica-santiago/persona/ana-palacio-aguero/" />
<meta property="og:locale" content="es_ES" />
<meta property="og:type" content="article" />
<meta property="og:title" content="Ana Palacio Agüero - Nutrición y Dietética" />
<meta property="og:url" content="https://medicina.udd.cl/nutricion-dietetica-santiago/persona/ana-palacio-aguero/" />
<meta property="og:site_name" content="Nutrición y Dietética" />
<meta property="article:modified_time" content="2026-03-06T12:21:07+00:00" />
<meta property="og:image" content="https://medicina.udd.cl/nutricion-dietetica-santiago/files/2013/08/foto-nutri.jpg" />
	<meta property="og:image:width" content="2136" />
	<meta property="og:image:height" content="3216" />
	<meta property="og:image:type" content="image/jpeg" />
<meta name="twitter:label1" content="Tiempo de lectura" />
	<meta name="twitter:data1" content="1 minuto" />
<script type="application/ld+json" class="yoast-schema-graph">{"@context":"https://schema.org","@graph":[{"@type":"WebPage","@id":"https://medicina.udd.cl/nutricion-dietetica-santiago/persona/ana-palacio-aguero/","url":"https://medicina.udd.cl/nutricion-dietetica-santiago/persona/ana-palacio-aguero/","name":"Ana Palacio Agüero - Nutrición y Dietética","isPartOf":{"@id":"https://medicina.udd.cl/nutricion-dietetica-santiago/#website"},"primaryImageOfPage":{"@id":"https://medicina.udd.cl/nutricion-dietetica-santiago/persona/ana-palacio-aguero/#primaryimage"},"image":{"@id":"https://medicina.udd.cl/nutricion-dietetica-santiago/persona/ana-palacio-aguero/#primaryimage"},"thumbnailUrl":"https://medicina.udd.cl/nutricion-dietetica-santiago/files/2013/08/foto-nutri.jpg","datePublished":"2013-08-21T19:55:35+00:00","dateModified":"2026-03-06T12:21:07+00:00","breadcrumb":{"@id":"https://medicina.udd.cl/nutricion-dietetica-santiago/persona/ana-palacio-aguero/#breadcrumb"},"inLanguage":"es","potentialAction":[{"@type":"ReadAction","target":["https://medicina.udd.cl/nutricion-dietetica-santiago/persona/ana-palacio-aguero/"]}]},{"@type":"ImageObject","inLanguage":"es","@id":"https://medicina.udd.cl/nutricion-dietetica-santiago/persona/ana-palacio-aguero/#primaryimage","url":"https://medicina.udd.cl/nutricion-dietetica-santiago/files/2013/08/foto-nutri.jpg","contentUrl":"https://medicina.udd.cl/nutricion-dietetica-santiago/files/2013/08/foto-nutri.jpg","width":2136,"height":3216},{"@type":"BreadcrumbList","@id":"https://medicina.udd.cl/nutricion-dietetica-santiago/persona/ana-palacio-aguero/#breadcrumb","itemListElement":[{"@type":"ListItem","position":1,"name":"Home","item":"https://medicina.udd.cl/nutricion-dietetica-santiago/"},{"@type":"ListItem","position":2,"name":"Personas","item":"https://medicina.udd.cl/nutricion-dietetica-santiago/persona/"},{"@type":"ListItem","position":3,"name":"Ana Palacio Agüero"}]},{"@type":"WebSite","@id":"https://medicina.udd.cl/nutricion-dietetica-santiago/#website","url":"https://medicina.udd.cl/nutricion-dietetica-santiago/","name":"Nutrición y Dietética","description":"Facultad de Medicina Cínica Alemana Universidad del Desarrollo","inLanguage":"es"}]}</script>
<!-- / Yoast SEO plugin. -->

Ana Palacio Agüero - Nutrición y Dietética

Nutrición y Dietética

Facultad de Medicina Cínica Alemana Universidad del Desarrollo

<div class="person-modal person-modal--scl">
	<header class="person-modal__header">
		<div class="person-modal__bg"></div>
		<div class="modal-container">
						<div class="person-modal__media">
				<img width="332" height="500" src="https://medicina.udd.cl/nutricion-dietetica-santiago/files/2013/08/foto-nutri.jpg" class="person-modal__image wp-post-image" alt="" decoding="async" loading="lazy" srcset="https://medicina.udd.cl/nutricion-dietetica-santiago/files/2013/08/foto-nutri.jpg 2136w, https://medicina.udd.cl/nutricion-dietetica-santiago/files/2013/08/foto-nutri-199x300.jpg 199w, https://medicina.udd.cl/nutricion-dietetica-santiago/files/2013/08/foto-nutri-768x1156.jpg 768w, https://medicina.udd.cl/nutricion-dietetica-santiago/files/2013/08/foto-nutri-680x1024.jpg 680w, https://medicina.udd.cl/nutricion-dietetica-santiago/files/2013/08/foto-nutri-638x960.jpg 638w" sizes="auto, (max-width: 332px) 100vw, 332px" />			</div>
						<div class="person-modal__data">
				<h1 class="person-modal__name">Ana Palacio Agüero</h1>
							<span class="person-modal__description">Docente</span>
													<a href="mailto:&#097;&#110;&#097;pa&#108;&#097;&#099;&#105;o&#064;u&#100;&#100;.c&#108;" class="person-modal__email">&#97;na&#112;&#97;&#108;a&#99;i&#111;&#64;u&#100;d&#46;&#99;&#108;</a>
									</div>
		</div>
	</header>
	<div class="modal-container">
			<div class="person-modal__content text">
										<ul>
<li>Magíster en Nutrición Clínica, INTA, Universidad de Chile</li>
</ul>
		</div>
	</div>
</div>

Palacio Agüero
