{"id":2060,"date":"2014-03-14T14:21:17","date_gmt":"2014-03-14T18:21:17","guid":{"rendered":"http:\/\/medicina.udd.cl\/nutricion-dietetica-santiago\/?post_type=person&#038;p=2060"},"modified":"2024-02-16T16:29:03","modified_gmt":"2024-02-16T19:29:03","slug":"agustina-norambuena-caullan","status":"publish","type":"person","link":"https:\/\/medicina.udd.cl\/nutricion-dietetica-santiago\/persona\/agustina-norambuena-caullan\/","title":{"rendered":"Agustina Norambuena Caull\u00e1n"},"featured_media":7184,"template":"","people_tax":[4037],"people_areas":[],"people_levels":[],"class_list":["post-2060","person","type-person","status-publish","has-post-thumbnail","hentry","people_tax-equipo"],"yoast_head":"<!-- This site is optimized with the Yoast SEO plugin v26.9 - https:\/\/yoast.com\/product\/yoast-seo-wordpress\/ -->\n<title>Agustina Norambuena Caull\u00e1n - Nutrici\u00f3n y Diet\u00e9tica<\/title>\n<meta name=\"robots\" content=\"index, follow, max-snippet:-1, max-image-preview:large, max-video-preview:-1\" \/>\n<link rel=\"canonical\" href=\"https:\/\/medicina.udd.cl\/nutricion-dietetica-santiago\/persona\/agustina-norambuena-caullan\/\" \/>\n<meta property=\"og:locale\" content=\"es_ES\" \/>\n<meta property=\"og:type\" content=\"article\" \/>\n<meta property=\"og:title\" content=\"Agustina Norambuena Caull\u00e1n - Nutrici\u00f3n y Diet\u00e9tica\" \/>\n<meta property=\"og:url\" content=\"https:\/\/medicina.udd.cl\/nutricion-dietetica-santiago\/persona\/agustina-norambuena-caullan\/\" \/>\n<meta property=\"og:site_name\" content=\"Nutrici\u00f3n y Diet\u00e9tica\" \/>\n<meta property=\"article:modified_time\" content=\"2024-02-16T19:29:03+00:00\" \/>\n<meta property=\"og:image\" content=\"https:\/\/medicina.udd.cl\/nutricion-dietetica-santiago\/files\/2014\/03\/nut-agustina-norambuena-byn_-scaled.jpg\" \/>\n\t<meta property=\"og:image:width\" content=\"2560\" \/>\n\t<meta property=\"og:image:height\" content=\"2560\" \/>\n\t<meta property=\"og:image:type\" content=\"image\/jpeg\" \/>\n<meta name=\"twitter:label1\" content=\"Tiempo de lectura\" \/>\n\t<meta name=\"twitter:data1\" content=\"1 minuto\" \/>\n<script type=\"application\/ld+json\" class=\"yoast-schema-graph\">{\"@context\":\"https:\/\/schema.org\",\"@graph\":[{\"@type\":\"WebPage\",\"@id\":\"https:\/\/medicina.udd.cl\/nutricion-dietetica-santiago\/persona\/agustina-norambuena-caullan\/\",\"url\":\"https:\/\/medicina.udd.cl\/nutricion-dietetica-santiago\/persona\/agustina-norambuena-caullan\/\",\"name\":\"Agustina Norambuena Caull\u00e1n - Nutrici\u00f3n y Diet\u00e9tica\",\"isPartOf\":{\"@id\":\"https:\/\/medicina.udd.cl\/nutricion-dietetica-santiago\/#website\"},\"primaryImageOfPage\":{\"@id\":\"https:\/\/medicina.udd.cl\/nutricion-dietetica-santiago\/persona\/agustina-norambuena-caullan\/#primaryimage\"},\"image\":{\"@id\":\"https:\/\/medicina.udd.cl\/nutricion-dietetica-santiago\/persona\/agustina-norambuena-caullan\/#primaryimage\"},\"thumbnailUrl\":\"https:\/\/medicina.udd.cl\/nutricion-dietetica-santiago\/files\/2014\/03\/nut-agustina-norambuena-byn_-scaled.jpg\",\"datePublished\":\"2014-03-14T18:21:17+00:00\",\"dateModified\":\"2024-02-16T19:29:03+00:00\",\"breadcrumb\":{\"@id\":\"https:\/\/medicina.udd.cl\/nutricion-dietetica-santiago\/persona\/agustina-norambuena-caullan\/#breadcrumb\"},\"inLanguage\":\"es\",\"potentialAction\":[{\"@type\":\"ReadAction\",\"target\":[\"https:\/\/medicina.udd.cl\/nutricion-dietetica-santiago\/persona\/agustina-norambuena-caullan\/\"]}]},{\"@type\":\"ImageObject\",\"inLanguage\":\"es\",\"@id\":\"https:\/\/medicina.udd.cl\/nutricion-dietetica-santiago\/persona\/agustina-norambuena-caullan\/#primaryimage\",\"url\":\"https:\/\/medicina.udd.cl\/nutricion-dietetica-santiago\/files\/2014\/03\/nut-agustina-norambuena-byn_-scaled.jpg\",\"contentUrl\":\"https:\/\/medicina.udd.cl\/nutricion-dietetica-santiago\/files\/2014\/03\/nut-agustina-norambuena-byn_-scaled.jpg\",\"width\":2560,\"height\":2560},{\"@type\":\"BreadcrumbList\",\"@id\":\"https:\/\/medicina.udd.cl\/nutricion-dietetica-santiago\/persona\/agustina-norambuena-caullan\/#breadcrumb\",\"itemListElement\":[{\"@type\":\"ListItem\",\"position\":1,\"name\":\"Home\",\"item\":\"https:\/\/medicina.udd.cl\/nutricion-dietetica-santiago\/\"},{\"@type\":\"ListItem\",\"position\":2,\"name\":\"Personas\",\"item\":\"https:\/\/medicina.udd.cl\/nutricion-dietetica-santiago\/persona\/\"},{\"@type\":\"ListItem\",\"position\":3,\"name\":\"Agustina Norambuena Caull\u00e1n\"}]},{\"@type\":\"WebSite\",\"@id\":\"https:\/\/medicina.udd.cl\/nutricion-dietetica-santiago\/#website\",\"url\":\"https:\/\/medicina.udd.cl\/nutricion-dietetica-santiago\/\",\"name\":\"Nutrici\u00f3n y Diet\u00e9tica\",\"description\":\"Facultad de Medicina C\u00ednica Alemana Universidad del Desarrollo\",\"inLanguage\":\"es\"}]}<\/script>\n<!-- \/ Yoast SEO plugin. -->","yoast_head_json":{"title":"Agustina Norambuena Caull\u00e1n - Nutrici\u00f3n y Diet\u00e9tica","robots":{"index":"index","follow":"follow","max-snippet":"max-snippet:-1","max-image-preview":"max-image-preview:large","max-video-preview":"max-video-preview:-1"},"canonical":"https:\/\/medicina.udd.cl\/nutricion-dietetica-santiago\/persona\/agustina-norambuena-caullan\/","og_locale":"es_ES","og_type":"article","og_title":"Agustina Norambuena Caull\u00e1n - Nutrici\u00f3n y Diet\u00e9tica","og_url":"https:\/\/medicina.udd.cl\/nutricion-dietetica-santiago\/persona\/agustina-norambuena-caullan\/","og_site_name":"Nutrici\u00f3n y Diet\u00e9tica","article_modified_time":"2024-02-16T19:29:03+00:00","og_image":[{"width":2560,"height":2560,"url":"https:\/\/medicina.udd.cl\/nutricion-dietetica-santiago\/files\/2014\/03\/nut-agustina-norambuena-byn_-scaled.jpg","type":"image\/jpeg"}],"twitter_misc":{"Tiempo de lectura":"1 minuto"},"schema":{"@context":"https:\/\/schema.org","@graph":[{"@type":"WebPage","@id":"https:\/\/medicina.udd.cl\/nutricion-dietetica-santiago\/persona\/agustina-norambuena-caullan\/","url":"https:\/\/medicina.udd.cl\/nutricion-dietetica-santiago\/persona\/agustina-norambuena-caullan\/","name":"Agustina Norambuena Caull\u00e1n - Nutrici\u00f3n y Diet\u00e9tica","isPartOf":{"@id":"https:\/\/medicina.udd.cl\/nutricion-dietetica-santiago\/#website"},"primaryImageOfPage":{"@id":"https:\/\/medicina.udd.cl\/nutricion-dietetica-santiago\/persona\/agustina-norambuena-caullan\/#primaryimage"},"image":{"@id":"https:\/\/medicina.udd.cl\/nutricion-dietetica-santiago\/persona\/agustina-norambuena-caullan\/#primaryimage"},"thumbnailUrl":"https:\/\/medicina.udd.cl\/nutricion-dietetica-santiago\/files\/2014\/03\/nut-agustina-norambuena-byn_-scaled.jpg","datePublished":"2014-03-14T18:21:17+00:00","dateModified":"2024-02-16T19:29:03+00:00","breadcrumb":{"@id":"https:\/\/medicina.udd.cl\/nutricion-dietetica-santiago\/persona\/agustina-norambuena-caullan\/#breadcrumb"},"inLanguage":"es","potentialAction":[{"@type":"ReadAction","target":["https:\/\/medicina.udd.cl\/nutricion-dietetica-santiago\/persona\/agustina-norambuena-caullan\/"]}]},{"@type":"ImageObject","inLanguage":"es","@id":"https:\/\/medicina.udd.cl\/nutricion-dietetica-santiago\/persona\/agustina-norambuena-caullan\/#primaryimage","url":"https:\/\/medicina.udd.cl\/nutricion-dietetica-santiago\/files\/2014\/03\/nut-agustina-norambuena-byn_-scaled.jpg","contentUrl":"https:\/\/medicina.udd.cl\/nutricion-dietetica-santiago\/files\/2014\/03\/nut-agustina-norambuena-byn_-scaled.jpg","width":2560,"height":2560},{"@type":"BreadcrumbList","@id":"https:\/\/medicina.udd.cl\/nutricion-dietetica-santiago\/persona\/agustina-norambuena-caullan\/#breadcrumb","itemListElement":[{"@type":"ListItem","position":1,"name":"Home","item":"https:\/\/medicina.udd.cl\/nutricion-dietetica-santiago\/"},{"@type":"ListItem","position":2,"name":"Personas","item":"https:\/\/medicina.udd.cl\/nutricion-dietetica-santiago\/persona\/"},{"@type":"ListItem","position":3,"name":"Agustina Norambuena Caull\u00e1n"}]},{"@type":"WebSite","@id":"https:\/\/medicina.udd.cl\/nutricion-dietetica-santiago\/#website","url":"https:\/\/medicina.udd.cl\/nutricion-dietetica-santiago\/","name":"Nutrici\u00f3n y Diet\u00e9tica","description":"Facultad de Medicina C\u00ednica Alemana Universidad del Desarrollo","inLanguage":"es"}]}},"label":"Agustina Norambuena Caull\u00e1n","role":"Docente de Alimentaci\u00f3n del estado nutricional I y II  ","thumbnail_url":"https:\/\/medicina.udd.cl\/nutricion-dietetica-santiago\/files\/2014\/03\/nut-agustina-norambuena-byn_-500x500.jpg","email":"anorambuena@udd.cl","tel_job":"","content":{"rendered":"<div class=\"person-modal person-modal--scl\">\n\t<header class=\"person-modal__header\">\n\t\t<div class=\"person-modal__bg\"><\/div>\n\t\t<div class=\"modal-container\">\n\t\t\t\t\t\t<div class=\"person-modal__media\">\n\t\t\t\t<img width=\"500\" height=\"500\" src=\"https:\/\/medicina.udd.cl\/nutricion-dietetica-santiago\/files\/2014\/03\/nut-agustina-norambuena-byn_-500x500.jpg\" class=\"person-modal__image wp-post-image\" alt=\"\" decoding=\"async\" loading=\"lazy\" srcset=\"https:\/\/medicina.udd.cl\/nutricion-dietetica-santiago\/files\/2014\/03\/nut-agustina-norambuena-byn_-500x500.jpg 500w, https:\/\/medicina.udd.cl\/nutricion-dietetica-santiago\/files\/2014\/03\/nut-agustina-norambuena-byn_-300x300.jpg 300w, https:\/\/medicina.udd.cl\/nutricion-dietetica-santiago\/files\/2014\/03\/nut-agustina-norambuena-byn_-1024x1024.jpg 1024w, https:\/\/medicina.udd.cl\/nutricion-dietetica-santiago\/files\/2014\/03\/nut-agustina-norambuena-byn_-150x150.jpg 150w, https:\/\/medicina.udd.cl\/nutricion-dietetica-santiago\/files\/2014\/03\/nut-agustina-norambuena-byn_-768x768.jpg 768w, https:\/\/medicina.udd.cl\/nutricion-dietetica-santiago\/files\/2014\/03\/nut-agustina-norambuena-byn_-62x62.jpg 62w, https:\/\/medicina.udd.cl\/nutricion-dietetica-santiago\/files\/2014\/03\/nut-agustina-norambuena-byn_-1536x1536.jpg 1536w, https:\/\/medicina.udd.cl\/nutricion-dietetica-santiago\/files\/2014\/03\/nut-agustina-norambuena-byn_-2048x2048.jpg 2048w, https:\/\/medicina.udd.cl\/nutricion-dietetica-santiago\/files\/2014\/03\/nut-agustina-norambuena-byn_-750x750.jpg 750w, https:\/\/medicina.udd.cl\/nutricion-dietetica-santiago\/files\/2014\/03\/nut-agustina-norambuena-byn_-250x250.jpg 250w, https:\/\/medicina.udd.cl\/nutricion-dietetica-santiago\/files\/2014\/03\/nut-agustina-norambuena-byn_-126x126.jpg 126w\" sizes=\"auto, (max-width: 500px) 100vw, 500px\" \/>\t\t\t<\/div>\n\t\t\t\t\t\t<div class=\"person-modal__data\">\n\t\t\t\t<h1 class=\"person-modal__name\">Agustina Norambuena Caull\u00e1n<\/h1>\n\t\t\t\t\t\t\t<span class=\"person-modal__description\">Docente de Alimentaci\u00f3n del estado nutricional I y II  <\/span>\n\t\t\t\t\t\t\t\t\t\t\t\t\t<a href=\"mailto:anor&#097;&#109;b&#117;en&#097;&#064;&#117;&#100;&#100;&#046;c&#108;\" class=\"person-modal__email\">&#97;&#110;&#111;&#114;am&#98;&#117;&#101;na&#64;ud&#100;&#46;cl<\/a>\n\t\t\t\t\t\t\t\t\t<\/div>\n\t\t<\/div>\n\t<\/header>\n\t<div class=\"modal-container\">\n\t\t\t<div class=\"person-modal__content text\">\n\t\t\t\t\t\t\t\t\t\t<ul>\n<li><span>Mag\u00edster en Nutrici\u00f3n y Alimentos &#8211; INTA Universidad de Chile.<\/span><\/li>\n<li><span>Diplomado online: Nutrici\u00f3n en Pediatr\u00eda. Sociedad Chilena de Pediatr\u00eda.<\/span><\/li>\n<li><span>Diplomado online: Enfermedad Cel\u00edaca y trastornos relacionados al gluten &#8211; Universidad del Salvador, Argentina.<\/span><\/li>\n<li><span>Diplomado online: Nutrici\u00f3n Digesto- Abortiva &#8211; Nutrinfo.com.<\/span><\/li>\n<li><span>Diplomado Educaci\u00f3n en Docencia Cl\u00ednica &#8211; Universidad del Desarrollo.<\/span><\/li>\n<li><span>Nutricionista &#8211; Universidad del B\u00edo-B\u00edo.<\/span><\/li>\n<\/ul>\n\t\t<\/div>\n\t<\/div>\n<\/div>\n"},"identifier":"5162a4788b143bccf8d604ad00c3dc3b0bff70b5","has_credential":[],"given_name":"Agustina","family_name":"Norambuena Caull\u00e1n","name":"Agustina Norambuena Caull\u00e1n","job_title":"Docente de Alimentaci\u00f3n del estado nutricional I y II  ","telephone":"","note":"","im":"","_self_schedule":null,"_links":{"self":[{"href":"https:\/\/medicina.udd.cl\/nutricion-dietetica-santiago\/wp-json\/wp\/v2\/people\/2060","targetHints":{"allow":["GET"]}}],"collection":[{"href":"https:\/\/medicina.udd.cl\/nutricion-dietetica-santiago\/wp-json\/wp\/v2\/people"}],"about":[{"href":"https:\/\/medicina.udd.cl\/nutricion-dietetica-santiago\/wp-json\/wp\/v2\/types\/person"}],"wp:featuredmedia":[{"embeddable":true,"href":"https:\/\/medicina.udd.cl\/nutricion-dietetica-santiago\/wp-json\/wp\/v2\/media\/7184"}],"wp:attachment":[{"href":"https:\/\/medicina.udd.cl\/nutricion-dietetica-santiago\/wp-json\/wp\/v2\/media?parent=2060"}],"wp:term":[{"taxonomy":"people_tax","embeddable":true,"href":"https:\/\/medicina.udd.cl\/nutricion-dietetica-santiago\/wp-json\/wp\/v2\/people_tax?post=2060"},{"taxonomy":"people_areas","embeddable":true,"href":"https:\/\/medicina.udd.cl\/nutricion-dietetica-santiago\/wp-json\/wp\/v2\/people_areas?post=2060"},{"taxonomy":"people_levels","embeddable":true,"href":"https:\/\/medicina.udd.cl\/nutricion-dietetica-santiago\/wp-json\/wp\/v2\/people_levels?post=2060"}],"curies":[{"name":"wp","href":"https:\/\/api.w.org\/{rel}","templated":true}]}}

Agustina Norambuena Caullán

<!-- This site is optimized with the Yoast SEO plugin v26.9 - https://yoast.com/product/yoast-seo-wordpress/ -->
<title>Agustina Norambuena Caullán - Nutrición y Dietética</title>
<meta name="robots" content="index, follow, max-snippet:-1, max-image-preview:large, max-video-preview:-1" />
<link rel="canonical" href="https://medicina.udd.cl/nutricion-dietetica-santiago/persona/agustina-norambuena-caullan/" />
<meta property="og:locale" content="es_ES" />
<meta property="og:type" content="article" />
<meta property="og:title" content="Agustina Norambuena Caullán - Nutrición y Dietética" />
<meta property="og:url" content="https://medicina.udd.cl/nutricion-dietetica-santiago/persona/agustina-norambuena-caullan/" />
<meta property="og:site_name" content="Nutrición y Dietética" />
<meta property="article:modified_time" content="2024-02-16T19:29:03+00:00" />
<meta property="og:image" content="https://medicina.udd.cl/nutricion-dietetica-santiago/files/2014/03/nut-agustina-norambuena-byn_-scaled.jpg" />
	<meta property="og:image:width" content="2560" />
	<meta property="og:image:height" content="2560" />
	<meta property="og:image:type" content="image/jpeg" />
<meta name="twitter:label1" content="Tiempo de lectura" />
	<meta name="twitter:data1" content="1 minuto" />
<script type="application/ld+json" class="yoast-schema-graph">{"@context":"https://schema.org","@graph":[{"@type":"WebPage","@id":"https://medicina.udd.cl/nutricion-dietetica-santiago/persona/agustina-norambuena-caullan/","url":"https://medicina.udd.cl/nutricion-dietetica-santiago/persona/agustina-norambuena-caullan/","name":"Agustina Norambuena Caullán - Nutrición y Dietética","isPartOf":{"@id":"https://medicina.udd.cl/nutricion-dietetica-santiago/#website"},"primaryImageOfPage":{"@id":"https://medicina.udd.cl/nutricion-dietetica-santiago/persona/agustina-norambuena-caullan/#primaryimage"},"image":{"@id":"https://medicina.udd.cl/nutricion-dietetica-santiago/persona/agustina-norambuena-caullan/#primaryimage"},"thumbnailUrl":"https://medicina.udd.cl/nutricion-dietetica-santiago/files/2014/03/nut-agustina-norambuena-byn_-scaled.jpg","datePublished":"2014-03-14T18:21:17+00:00","dateModified":"2024-02-16T19:29:03+00:00","breadcrumb":{"@id":"https://medicina.udd.cl/nutricion-dietetica-santiago/persona/agustina-norambuena-caullan/#breadcrumb"},"inLanguage":"es","potentialAction":[{"@type":"ReadAction","target":["https://medicina.udd.cl/nutricion-dietetica-santiago/persona/agustina-norambuena-caullan/"]}]},{"@type":"ImageObject","inLanguage":"es","@id":"https://medicina.udd.cl/nutricion-dietetica-santiago/persona/agustina-norambuena-caullan/#primaryimage","url":"https://medicina.udd.cl/nutricion-dietetica-santiago/files/2014/03/nut-agustina-norambuena-byn_-scaled.jpg","contentUrl":"https://medicina.udd.cl/nutricion-dietetica-santiago/files/2014/03/nut-agustina-norambuena-byn_-scaled.jpg","width":2560,"height":2560},{"@type":"BreadcrumbList","@id":"https://medicina.udd.cl/nutricion-dietetica-santiago/persona/agustina-norambuena-caullan/#breadcrumb","itemListElement":[{"@type":"ListItem","position":1,"name":"Home","item":"https://medicina.udd.cl/nutricion-dietetica-santiago/"},{"@type":"ListItem","position":2,"name":"Personas","item":"https://medicina.udd.cl/nutricion-dietetica-santiago/persona/"},{"@type":"ListItem","position":3,"name":"Agustina Norambuena Caullán"}]},{"@type":"WebSite","@id":"https://medicina.udd.cl/nutricion-dietetica-santiago/#website","url":"https://medicina.udd.cl/nutricion-dietetica-santiago/","name":"Nutrición y Dietética","description":"Facultad de Medicina Cínica Alemana Universidad del Desarrollo","inLanguage":"es"}]}</script>
<!-- / Yoast SEO plugin. -->

Agustina Norambuena Caullán - Nutrición y Dietética

Nutrición y Dietética

Facultad de Medicina Cínica Alemana Universidad del Desarrollo

Docente de Alimentación del estado nutricional I y II

<div class="person-modal person-modal--scl">
	<header class="person-modal__header">
		<div class="person-modal__bg"></div>
		<div class="modal-container">
						<div class="person-modal__media">
				<img width="500" height="500" src="https://medicina.udd.cl/nutricion-dietetica-santiago/files/2014/03/nut-agustina-norambuena-byn_-500x500.jpg" class="person-modal__image wp-post-image" alt="" decoding="async" loading="lazy" srcset="https://medicina.udd.cl/nutricion-dietetica-santiago/files/2014/03/nut-agustina-norambuena-byn_-500x500.jpg 500w, https://medicina.udd.cl/nutricion-dietetica-santiago/files/2014/03/nut-agustina-norambuena-byn_-300x300.jpg 300w, https://medicina.udd.cl/nutricion-dietetica-santiago/files/2014/03/nut-agustina-norambuena-byn_-1024x1024.jpg 1024w, https://medicina.udd.cl/nutricion-dietetica-santiago/files/2014/03/nut-agustina-norambuena-byn_-150x150.jpg 150w, https://medicina.udd.cl/nutricion-dietetica-santiago/files/2014/03/nut-agustina-norambuena-byn_-768x768.jpg 768w, https://medicina.udd.cl/nutricion-dietetica-santiago/files/2014/03/nut-agustina-norambuena-byn_-62x62.jpg 62w, https://medicina.udd.cl/nutricion-dietetica-santiago/files/2014/03/nut-agustina-norambuena-byn_-1536x1536.jpg 1536w, https://medicina.udd.cl/nutricion-dietetica-santiago/files/2014/03/nut-agustina-norambuena-byn_-2048x2048.jpg 2048w, https://medicina.udd.cl/nutricion-dietetica-santiago/files/2014/03/nut-agustina-norambuena-byn_-750x750.jpg 750w, https://medicina.udd.cl/nutricion-dietetica-santiago/files/2014/03/nut-agustina-norambuena-byn_-250x250.jpg 250w, https://medicina.udd.cl/nutricion-dietetica-santiago/files/2014/03/nut-agustina-norambuena-byn_-126x126.jpg 126w" sizes="auto, (max-width: 500px) 100vw, 500px" />			</div>
						<div class="person-modal__data">
				<h1 class="person-modal__name">Agustina Norambuena Caullán</h1>
							<span class="person-modal__description">Docente de Alimentación del estado nutricional I y II  </span>
													<a href="mailto:anor&#097;&#109;b&#117;en&#097;&#064;&#117;&#100;&#100;&#046;c&#108;" class="person-modal__email">&#97;&#110;&#111;&#114;am&#98;&#117;&#101;na&#64;ud&#100;&#46;cl</a>
									</div>
		</div>
	</header>
	<div class="modal-container">
			<div class="person-modal__content text">
										<ul>
<li><span>Magíster en Nutrición y Alimentos &#8211; INTA Universidad de Chile.</span></li>
<li><span>Diplomado online: Nutrición en Pediatría. Sociedad Chilena de Pediatría.</span></li>
<li><span>Diplomado online: Enfermedad Celíaca y trastornos relacionados al gluten &#8211; Universidad del Salvador, Argentina.</span></li>
<li><span>Diplomado online: Nutrición Digesto- Abortiva &#8211; Nutrinfo.com.</span></li>
<li><span>Diplomado Educación en Docencia Clínica &#8211; Universidad del Desarrollo.</span></li>
<li><span>Nutricionista &#8211; Universidad del Bío-Bío.</span></li>
</ul>
		</div>
	</div>
</div>

Norambuena Caullán
