{"id":4114,"date":"2017-05-29T10:29:56","date_gmt":"2017-05-29T14:29:56","guid":{"rendered":"http:\/\/medicina.udd.cl\/nutricion-dietetica-santiago\/?post_type=person&#038;p=4114"},"modified":"2017-06-02T12:21:15","modified_gmt":"2017-06-02T16:21:15","slug":"macarena-yolito-garcia","status":"publish","type":"person","link":"https:\/\/medicina.udd.cl\/nutricion-dietetica-santiago\/persona\/macarena-yolito-garcia\/","title":{"rendered":"Macarena Yolito Garc\u00eda"},"featured_media":4103,"template":"","people_tax":[4037],"people_areas":[],"people_levels":[],"class_list":["post-4114","person","type-person","status-publish","has-post-thumbnail","hentry","people_tax-equipo","people_list-coordinadores"],"yoast_head":"<!-- This site is optimized with the Yoast SEO plugin v26.9 - https:\/\/yoast.com\/product\/yoast-seo-wordpress\/ -->\n<title>Macarena Yolito Garc\u00eda - Nutrici\u00f3n y Diet\u00e9tica<\/title>\n<meta name=\"robots\" content=\"index, follow, max-snippet:-1, max-image-preview:large, max-video-preview:-1\" \/>\n<link rel=\"canonical\" href=\"https:\/\/medicina.udd.cl\/nutricion-dietetica-santiago\/persona\/macarena-yolito-garcia\/\" \/>\n<meta property=\"og:locale\" content=\"es_ES\" \/>\n<meta property=\"og:type\" content=\"article\" \/>\n<meta property=\"og:title\" content=\"Macarena Yolito Garc\u00eda - Nutrici\u00f3n y Diet\u00e9tica\" \/>\n<meta property=\"og:url\" content=\"https:\/\/medicina.udd.cl\/nutricion-dietetica-santiago\/persona\/macarena-yolito-garcia\/\" \/>\n<meta property=\"og:site_name\" content=\"Nutrici\u00f3n y Diet\u00e9tica\" \/>\n<meta property=\"article:modified_time\" content=\"2017-06-02T16:21:15+00:00\" \/>\n<meta property=\"og:image\" content=\"https:\/\/medicina.udd.cl\/nutricion-dietetica-santiago\/files\/2017\/05\/Macarena-Yolito.jpg\" \/>\n\t<meta property=\"og:image:width\" content=\"2694\" \/>\n\t<meta property=\"og:image:height\" content=\"3375\" \/>\n\t<meta property=\"og:image:type\" content=\"image\/jpeg\" \/>\n<script type=\"application\/ld+json\" class=\"yoast-schema-graph\">{\"@context\":\"https:\/\/schema.org\",\"@graph\":[{\"@type\":\"WebPage\",\"@id\":\"https:\/\/medicina.udd.cl\/nutricion-dietetica-santiago\/persona\/macarena-yolito-garcia\/\",\"url\":\"https:\/\/medicina.udd.cl\/nutricion-dietetica-santiago\/persona\/macarena-yolito-garcia\/\",\"name\":\"Macarena Yolito Garc\u00eda - Nutrici\u00f3n y Diet\u00e9tica\",\"isPartOf\":{\"@id\":\"https:\/\/medicina.udd.cl\/nutricion-dietetica-santiago\/#website\"},\"primaryImageOfPage\":{\"@id\":\"https:\/\/medicina.udd.cl\/nutricion-dietetica-santiago\/persona\/macarena-yolito-garcia\/#primaryimage\"},\"image\":{\"@id\":\"https:\/\/medicina.udd.cl\/nutricion-dietetica-santiago\/persona\/macarena-yolito-garcia\/#primaryimage\"},\"thumbnailUrl\":\"https:\/\/medicina.udd.cl\/nutricion-dietetica-santiago\/files\/2017\/05\/Macarena-Yolito.jpg\",\"datePublished\":\"2017-05-29T14:29:56+00:00\",\"dateModified\":\"2017-06-02T16:21:15+00:00\",\"breadcrumb\":{\"@id\":\"https:\/\/medicina.udd.cl\/nutricion-dietetica-santiago\/persona\/macarena-yolito-garcia\/#breadcrumb\"},\"inLanguage\":\"es\",\"potentialAction\":[{\"@type\":\"ReadAction\",\"target\":[\"https:\/\/medicina.udd.cl\/nutricion-dietetica-santiago\/persona\/macarena-yolito-garcia\/\"]}]},{\"@type\":\"ImageObject\",\"inLanguage\":\"es\",\"@id\":\"https:\/\/medicina.udd.cl\/nutricion-dietetica-santiago\/persona\/macarena-yolito-garcia\/#primaryimage\",\"url\":\"https:\/\/medicina.udd.cl\/nutricion-dietetica-santiago\/files\/2017\/05\/Macarena-Yolito.jpg\",\"contentUrl\":\"https:\/\/medicina.udd.cl\/nutricion-dietetica-santiago\/files\/2017\/05\/Macarena-Yolito.jpg\",\"width\":2694,\"height\":3375},{\"@type\":\"BreadcrumbList\",\"@id\":\"https:\/\/medicina.udd.cl\/nutricion-dietetica-santiago\/persona\/macarena-yolito-garcia\/#breadcrumb\",\"itemListElement\":[{\"@type\":\"ListItem\",\"position\":1,\"name\":\"Home\",\"item\":\"https:\/\/medicina.udd.cl\/nutricion-dietetica-santiago\/\"},{\"@type\":\"ListItem\",\"position\":2,\"name\":\"Personas\",\"item\":\"https:\/\/medicina.udd.cl\/nutricion-dietetica-santiago\/persona\/\"},{\"@type\":\"ListItem\",\"position\":3,\"name\":\"Macarena Yolito Garc\u00eda\"}]},{\"@type\":\"WebSite\",\"@id\":\"https:\/\/medicina.udd.cl\/nutricion-dietetica-santiago\/#website\",\"url\":\"https:\/\/medicina.udd.cl\/nutricion-dietetica-santiago\/\",\"name\":\"Nutrici\u00f3n y Diet\u00e9tica\",\"description\":\"Facultad de Medicina C\u00ednica Alemana Universidad del Desarrollo\",\"inLanguage\":\"es\"}]}<\/script>\n<!-- \/ Yoast SEO plugin. -->","yoast_head_json":{"title":"Macarena Yolito Garc\u00eda - Nutrici\u00f3n y Diet\u00e9tica","robots":{"index":"index","follow":"follow","max-snippet":"max-snippet:-1","max-image-preview":"max-image-preview:large","max-video-preview":"max-video-preview:-1"},"canonical":"https:\/\/medicina.udd.cl\/nutricion-dietetica-santiago\/persona\/macarena-yolito-garcia\/","og_locale":"es_ES","og_type":"article","og_title":"Macarena Yolito Garc\u00eda - Nutrici\u00f3n y Diet\u00e9tica","og_url":"https:\/\/medicina.udd.cl\/nutricion-dietetica-santiago\/persona\/macarena-yolito-garcia\/","og_site_name":"Nutrici\u00f3n y Diet\u00e9tica","article_modified_time":"2017-06-02T16:21:15+00:00","og_image":[{"width":2694,"height":3375,"url":"https:\/\/medicina.udd.cl\/nutricion-dietetica-santiago\/files\/2017\/05\/Macarena-Yolito.jpg","type":"image\/jpeg"}],"schema":{"@context":"https:\/\/schema.org","@graph":[{"@type":"WebPage","@id":"https:\/\/medicina.udd.cl\/nutricion-dietetica-santiago\/persona\/macarena-yolito-garcia\/","url":"https:\/\/medicina.udd.cl\/nutricion-dietetica-santiago\/persona\/macarena-yolito-garcia\/","name":"Macarena Yolito Garc\u00eda - Nutrici\u00f3n y Diet\u00e9tica","isPartOf":{"@id":"https:\/\/medicina.udd.cl\/nutricion-dietetica-santiago\/#website"},"primaryImageOfPage":{"@id":"https:\/\/medicina.udd.cl\/nutricion-dietetica-santiago\/persona\/macarena-yolito-garcia\/#primaryimage"},"image":{"@id":"https:\/\/medicina.udd.cl\/nutricion-dietetica-santiago\/persona\/macarena-yolito-garcia\/#primaryimage"},"thumbnailUrl":"https:\/\/medicina.udd.cl\/nutricion-dietetica-santiago\/files\/2017\/05\/Macarena-Yolito.jpg","datePublished":"2017-05-29T14:29:56+00:00","dateModified":"2017-06-02T16:21:15+00:00","breadcrumb":{"@id":"https:\/\/medicina.udd.cl\/nutricion-dietetica-santiago\/persona\/macarena-yolito-garcia\/#breadcrumb"},"inLanguage":"es","potentialAction":[{"@type":"ReadAction","target":["https:\/\/medicina.udd.cl\/nutricion-dietetica-santiago\/persona\/macarena-yolito-garcia\/"]}]},{"@type":"ImageObject","inLanguage":"es","@id":"https:\/\/medicina.udd.cl\/nutricion-dietetica-santiago\/persona\/macarena-yolito-garcia\/#primaryimage","url":"https:\/\/medicina.udd.cl\/nutricion-dietetica-santiago\/files\/2017\/05\/Macarena-Yolito.jpg","contentUrl":"https:\/\/medicina.udd.cl\/nutricion-dietetica-santiago\/files\/2017\/05\/Macarena-Yolito.jpg","width":2694,"height":3375},{"@type":"BreadcrumbList","@id":"https:\/\/medicina.udd.cl\/nutricion-dietetica-santiago\/persona\/macarena-yolito-garcia\/#breadcrumb","itemListElement":[{"@type":"ListItem","position":1,"name":"Home","item":"https:\/\/medicina.udd.cl\/nutricion-dietetica-santiago\/"},{"@type":"ListItem","position":2,"name":"Personas","item":"https:\/\/medicina.udd.cl\/nutricion-dietetica-santiago\/persona\/"},{"@type":"ListItem","position":3,"name":"Macarena Yolito Garc\u00eda"}]},{"@type":"WebSite","@id":"https:\/\/medicina.udd.cl\/nutricion-dietetica-santiago\/#website","url":"https:\/\/medicina.udd.cl\/nutricion-dietetica-santiago\/","name":"Nutrici\u00f3n y Diet\u00e9tica","description":"Facultad de Medicina C\u00ednica Alemana Universidad del Desarrollo","inLanguage":"es"}]}},"label":"Macarena Yolito Garc\u00eda","role":"Coordinadora Unidad Cl\u00ednica y del Adulto Mayor ","thumbnail_url":"https:\/\/medicina.udd.cl\/nutricion-dietetica-santiago\/files\/2017\/05\/Macarena-Yolito.jpg","email":"myolito@udd.cl","tel_job":"","content":{"rendered":"<div class=\"person-modal person-modal--scl\">\n\t<header class=\"person-modal__header\">\n\t\t<div class=\"person-modal__bg\"><\/div>\n\t\t<div class=\"modal-container\">\n\t\t\t\t\t\t<div class=\"person-modal__media\">\n\t\t\t\t<img width=\"399\" height=\"500\" src=\"https:\/\/medicina.udd.cl\/nutricion-dietetica-santiago\/files\/2017\/05\/Macarena-Yolito.jpg\" class=\"person-modal__image wp-post-image\" alt=\"\" decoding=\"async\" loading=\"lazy\" srcset=\"https:\/\/medicina.udd.cl\/nutricion-dietetica-santiago\/files\/2017\/05\/Macarena-Yolito.jpg 2694w, https:\/\/medicina.udd.cl\/nutricion-dietetica-santiago\/files\/2017\/05\/Macarena-Yolito-239x300.jpg 239w, https:\/\/medicina.udd.cl\/nutricion-dietetica-santiago\/files\/2017\/05\/Macarena-Yolito-768x962.jpg 768w, https:\/\/medicina.udd.cl\/nutricion-dietetica-santiago\/files\/2017\/05\/Macarena-Yolito-817x1024.jpg 817w, https:\/\/medicina.udd.cl\/nutricion-dietetica-santiago\/files\/2017\/05\/Macarena-Yolito-766x960.jpg 766w\" sizes=\"auto, (max-width: 399px) 100vw, 399px\" \/>\t\t\t<\/div>\n\t\t\t\t\t\t<div class=\"person-modal__data\">\n\t\t\t\t<h1 class=\"person-modal__name\">Macarena Yolito Garc\u00eda<\/h1>\n\t\t\t\t\t\t\t<span class=\"person-modal__description\">Coordinadora Unidad Cl\u00ednica y del Adulto Mayor <\/span>\n\t\t\t\t\t\t\t\t\t\t\t\t\t<a href=\"mailto:&#109;&#121;&#111;&#108;i&#116;&#111;&#064;u&#100;d&#046;&#099;&#108;\" class=\"person-modal__email\">m&#121;o&#108;&#105;t&#111;&#64;u&#100;&#100;&#46;c&#108;<\/a>\n\t\t\t\t\t\t\t\t\t<\/div>\n\t\t<\/div>\n\t<\/header>\n\t<div class=\"modal-container\">\n\t\t\t<div class=\"person-modal__content text\">\n\t\t\t\t\t\t\t\t\t\t<ul>\n<li>Mag\u00edster en Nutrici\u00f3n Humana, Pontificia Universidad Cat\u00f3lica de Chile<\/li>\n<li>Nutricionista, Universidad Mayor<\/li>\n<\/ul>\n\t\t<\/div>\n\t<\/div>\n<\/div>\n"},"identifier":"10e8aea720538c183b17697f1fb98db20000ab77","has_credential":[],"given_name":"Macarena","family_name":"Yolito Garc\u00eda","name":"Macarena Yolito Garc\u00eda","job_title":"Coordinadora Unidad Cl\u00ednica y del Adulto Mayor ","telephone":"","note":"","im":"","_self_schedule":null,"_links":{"self":[{"href":"https:\/\/medicina.udd.cl\/nutricion-dietetica-santiago\/wp-json\/wp\/v2\/people\/4114","targetHints":{"allow":["GET"]}}],"collection":[{"href":"https:\/\/medicina.udd.cl\/nutricion-dietetica-santiago\/wp-json\/wp\/v2\/people"}],"about":[{"href":"https:\/\/medicina.udd.cl\/nutricion-dietetica-santiago\/wp-json\/wp\/v2\/types\/person"}],"wp:featuredmedia":[{"embeddable":true,"href":"https:\/\/medicina.udd.cl\/nutricion-dietetica-santiago\/wp-json\/wp\/v2\/media\/4103"}],"wp:attachment":[{"href":"https:\/\/medicina.udd.cl\/nutricion-dietetica-santiago\/wp-json\/wp\/v2\/media?parent=4114"}],"wp:term":[{"taxonomy":"people_tax","embeddable":true,"href":"https:\/\/medicina.udd.cl\/nutricion-dietetica-santiago\/wp-json\/wp\/v2\/people_tax?post=4114"},{"taxonomy":"people_areas","embeddable":true,"href":"https:\/\/medicina.udd.cl\/nutricion-dietetica-santiago\/wp-json\/wp\/v2\/people_areas?post=4114"},{"taxonomy":"people_levels","embeddable":true,"href":"https:\/\/medicina.udd.cl\/nutricion-dietetica-santiago\/wp-json\/wp\/v2\/people_levels?post=4114"}],"curies":[{"name":"wp","href":"https:\/\/api.w.org\/{rel}","templated":true}]}}

Macarena Yolito García

<!-- This site is optimized with the Yoast SEO plugin v26.9 - https://yoast.com/product/yoast-seo-wordpress/ -->
<title>Macarena Yolito García - Nutrición y Dietética</title>
<meta name="robots" content="index, follow, max-snippet:-1, max-image-preview:large, max-video-preview:-1" />
<link rel="canonical" href="https://medicina.udd.cl/nutricion-dietetica-santiago/persona/macarena-yolito-garcia/" />
<meta property="og:locale" content="es_ES" />
<meta property="og:type" content="article" />
<meta property="og:title" content="Macarena Yolito García - Nutrición y Dietética" />
<meta property="og:url" content="https://medicina.udd.cl/nutricion-dietetica-santiago/persona/macarena-yolito-garcia/" />
<meta property="og:site_name" content="Nutrición y Dietética" />
<meta property="article:modified_time" content="2017-06-02T16:21:15+00:00" />
<meta property="og:image" content="https://medicina.udd.cl/nutricion-dietetica-santiago/files/2017/05/Macarena-Yolito.jpg" />
	<meta property="og:image:width" content="2694" />
	<meta property="og:image:height" content="3375" />
	<meta property="og:image:type" content="image/jpeg" />
<script type="application/ld+json" class="yoast-schema-graph">{"@context":"https://schema.org","@graph":[{"@type":"WebPage","@id":"https://medicina.udd.cl/nutricion-dietetica-santiago/persona/macarena-yolito-garcia/","url":"https://medicina.udd.cl/nutricion-dietetica-santiago/persona/macarena-yolito-garcia/","name":"Macarena Yolito García - Nutrición y Dietética","isPartOf":{"@id":"https://medicina.udd.cl/nutricion-dietetica-santiago/#website"},"primaryImageOfPage":{"@id":"https://medicina.udd.cl/nutricion-dietetica-santiago/persona/macarena-yolito-garcia/#primaryimage"},"image":{"@id":"https://medicina.udd.cl/nutricion-dietetica-santiago/persona/macarena-yolito-garcia/#primaryimage"},"thumbnailUrl":"https://medicina.udd.cl/nutricion-dietetica-santiago/files/2017/05/Macarena-Yolito.jpg","datePublished":"2017-05-29T14:29:56+00:00","dateModified":"2017-06-02T16:21:15+00:00","breadcrumb":{"@id":"https://medicina.udd.cl/nutricion-dietetica-santiago/persona/macarena-yolito-garcia/#breadcrumb"},"inLanguage":"es","potentialAction":[{"@type":"ReadAction","target":["https://medicina.udd.cl/nutricion-dietetica-santiago/persona/macarena-yolito-garcia/"]}]},{"@type":"ImageObject","inLanguage":"es","@id":"https://medicina.udd.cl/nutricion-dietetica-santiago/persona/macarena-yolito-garcia/#primaryimage","url":"https://medicina.udd.cl/nutricion-dietetica-santiago/files/2017/05/Macarena-Yolito.jpg","contentUrl":"https://medicina.udd.cl/nutricion-dietetica-santiago/files/2017/05/Macarena-Yolito.jpg","width":2694,"height":3375},{"@type":"BreadcrumbList","@id":"https://medicina.udd.cl/nutricion-dietetica-santiago/persona/macarena-yolito-garcia/#breadcrumb","itemListElement":[{"@type":"ListItem","position":1,"name":"Home","item":"https://medicina.udd.cl/nutricion-dietetica-santiago/"},{"@type":"ListItem","position":2,"name":"Personas","item":"https://medicina.udd.cl/nutricion-dietetica-santiago/persona/"},{"@type":"ListItem","position":3,"name":"Macarena Yolito García"}]},{"@type":"WebSite","@id":"https://medicina.udd.cl/nutricion-dietetica-santiago/#website","url":"https://medicina.udd.cl/nutricion-dietetica-santiago/","name":"Nutrición y Dietética","description":"Facultad de Medicina Cínica Alemana Universidad del Desarrollo","inLanguage":"es"}]}</script>
<!-- / Yoast SEO plugin. -->

Macarena Yolito García - Nutrición y Dietética

Nutrición y Dietética

Facultad de Medicina Cínica Alemana Universidad del Desarrollo

Coordinadora Unidad Clínica y del Adulto Mayor

<div class="person-modal person-modal--scl">
	<header class="person-modal__header">
		<div class="person-modal__bg"></div>
		<div class="modal-container">
						<div class="person-modal__media">
				<img width="399" height="500" src="https://medicina.udd.cl/nutricion-dietetica-santiago/files/2017/05/Macarena-Yolito.jpg" class="person-modal__image wp-post-image" alt="" decoding="async" loading="lazy" srcset="https://medicina.udd.cl/nutricion-dietetica-santiago/files/2017/05/Macarena-Yolito.jpg 2694w, https://medicina.udd.cl/nutricion-dietetica-santiago/files/2017/05/Macarena-Yolito-239x300.jpg 239w, https://medicina.udd.cl/nutricion-dietetica-santiago/files/2017/05/Macarena-Yolito-768x962.jpg 768w, https://medicina.udd.cl/nutricion-dietetica-santiago/files/2017/05/Macarena-Yolito-817x1024.jpg 817w, https://medicina.udd.cl/nutricion-dietetica-santiago/files/2017/05/Macarena-Yolito-766x960.jpg 766w" sizes="auto, (max-width: 399px) 100vw, 399px" />			</div>
						<div class="person-modal__data">
				<h1 class="person-modal__name">Macarena Yolito García</h1>
							<span class="person-modal__description">Coordinadora Unidad Clínica y del Adulto Mayor </span>
													<a href="mailto:&#109;&#121;&#111;&#108;i&#116;&#111;&#064;u&#100;d&#046;&#099;&#108;" class="person-modal__email">m&#121;o&#108;&#105;t&#111;&#64;u&#100;&#100;&#46;c&#108;</a>
									</div>
		</div>
	</header>
	<div class="modal-container">
			<div class="person-modal__content text">
										<ul>
<li>Magíster en Nutrición Humana, Pontificia Universidad Católica de Chile</li>
<li>Nutricionista, Universidad Mayor</li>
</ul>
		</div>
	</div>
</div>

Yolito García
