{"id":4213,"date":"2017-06-13T16:43:14","date_gmt":"2017-06-13T20:43:14","guid":{"rendered":"http:\/\/medicina.udd.cl\/nutricion-dietetica-santiago\/?post_type=person&#038;p=4213"},"modified":"2018-03-13T11:46:25","modified_gmt":"2018-03-13T14:46:25","slug":"daiana-quintiliano-s-dourado","status":"publish","type":"person","link":"https:\/\/medicina.udd.cl\/nutricion-dietetica-santiago\/persona\/daiana-quintiliano-s-dourado\/","title":{"rendered":"Daiana  Quintiliano S. Dourado"},"featured_media":4212,"template":"","people_tax":[4037],"people_areas":[],"people_levels":[],"class_list":["post-4213","person","type-person","status-publish","has-post-thumbnail","hentry","people_tax-equipo","people_list-docentes"],"yoast_head":"<!-- This site is optimized with the Yoast SEO plugin v26.9 - https:\/\/yoast.com\/product\/yoast-seo-wordpress\/ -->\n<title>Daiana Quintiliano S. Dourado - Nutrici\u00f3n y Diet\u00e9tica<\/title>\n<meta name=\"robots\" content=\"index, follow, max-snippet:-1, max-image-preview:large, max-video-preview:-1\" \/>\n<link rel=\"canonical\" href=\"https:\/\/medicina.udd.cl\/nutricion-dietetica-santiago\/persona\/daiana-quintiliano-s-dourado\/\" \/>\n<meta property=\"og:locale\" content=\"es_ES\" \/>\n<meta property=\"og:type\" content=\"article\" \/>\n<meta property=\"og:title\" content=\"Daiana Quintiliano S. Dourado - Nutrici\u00f3n y Diet\u00e9tica\" \/>\n<meta property=\"og:url\" content=\"https:\/\/medicina.udd.cl\/nutricion-dietetica-santiago\/persona\/daiana-quintiliano-s-dourado\/\" \/>\n<meta property=\"og:site_name\" content=\"Nutrici\u00f3n y Diet\u00e9tica\" \/>\n<meta property=\"article:modified_time\" content=\"2018-03-13T14:46:25+00:00\" \/>\n<meta property=\"og:image\" content=\"https:\/\/medicina.udd.cl\/nutricion-dietetica-santiago\/files\/2017\/06\/Dayanna-Quintiliano.jpg\" \/>\n\t<meta property=\"og:image:width\" content=\"2938\" \/>\n\t<meta property=\"og:image:height\" content=\"3669\" \/>\n\t<meta property=\"og:image:type\" content=\"image\/jpeg\" \/>\n<script type=\"application\/ld+json\" class=\"yoast-schema-graph\">{\"@context\":\"https:\/\/schema.org\",\"@graph\":[{\"@type\":\"WebPage\",\"@id\":\"https:\/\/medicina.udd.cl\/nutricion-dietetica-santiago\/persona\/daiana-quintiliano-s-dourado\/\",\"url\":\"https:\/\/medicina.udd.cl\/nutricion-dietetica-santiago\/persona\/daiana-quintiliano-s-dourado\/\",\"name\":\"Daiana Quintiliano S. Dourado - Nutrici\u00f3n y Diet\u00e9tica\",\"isPartOf\":{\"@id\":\"https:\/\/medicina.udd.cl\/nutricion-dietetica-santiago\/#website\"},\"primaryImageOfPage\":{\"@id\":\"https:\/\/medicina.udd.cl\/nutricion-dietetica-santiago\/persona\/daiana-quintiliano-s-dourado\/#primaryimage\"},\"image\":{\"@id\":\"https:\/\/medicina.udd.cl\/nutricion-dietetica-santiago\/persona\/daiana-quintiliano-s-dourado\/#primaryimage\"},\"thumbnailUrl\":\"https:\/\/medicina.udd.cl\/nutricion-dietetica-santiago\/files\/2017\/06\/Dayanna-Quintiliano.jpg\",\"datePublished\":\"2017-06-13T20:43:14+00:00\",\"dateModified\":\"2018-03-13T14:46:25+00:00\",\"breadcrumb\":{\"@id\":\"https:\/\/medicina.udd.cl\/nutricion-dietetica-santiago\/persona\/daiana-quintiliano-s-dourado\/#breadcrumb\"},\"inLanguage\":\"es\",\"potentialAction\":[{\"@type\":\"ReadAction\",\"target\":[\"https:\/\/medicina.udd.cl\/nutricion-dietetica-santiago\/persona\/daiana-quintiliano-s-dourado\/\"]}]},{\"@type\":\"ImageObject\",\"inLanguage\":\"es\",\"@id\":\"https:\/\/medicina.udd.cl\/nutricion-dietetica-santiago\/persona\/daiana-quintiliano-s-dourado\/#primaryimage\",\"url\":\"https:\/\/medicina.udd.cl\/nutricion-dietetica-santiago\/files\/2017\/06\/Dayanna-Quintiliano.jpg\",\"contentUrl\":\"https:\/\/medicina.udd.cl\/nutricion-dietetica-santiago\/files\/2017\/06\/Dayanna-Quintiliano.jpg\",\"width\":2938,\"height\":3669},{\"@type\":\"BreadcrumbList\",\"@id\":\"https:\/\/medicina.udd.cl\/nutricion-dietetica-santiago\/persona\/daiana-quintiliano-s-dourado\/#breadcrumb\",\"itemListElement\":[{\"@type\":\"ListItem\",\"position\":1,\"name\":\"Home\",\"item\":\"https:\/\/medicina.udd.cl\/nutricion-dietetica-santiago\/\"},{\"@type\":\"ListItem\",\"position\":2,\"name\":\"Personas\",\"item\":\"https:\/\/medicina.udd.cl\/nutricion-dietetica-santiago\/persona\/\"},{\"@type\":\"ListItem\",\"position\":3,\"name\":\"Daiana Quintiliano S. Dourado\"}]},{\"@type\":\"WebSite\",\"@id\":\"https:\/\/medicina.udd.cl\/nutricion-dietetica-santiago\/#website\",\"url\":\"https:\/\/medicina.udd.cl\/nutricion-dietetica-santiago\/\",\"name\":\"Nutrici\u00f3n y Diet\u00e9tica\",\"description\":\"Facultad de Medicina C\u00ednica Alemana Universidad del Desarrollo\",\"inLanguage\":\"es\"}]}<\/script>\n<!-- \/ Yoast SEO plugin. -->","yoast_head_json":{"title":"Daiana Quintiliano S. Dourado - Nutrici\u00f3n y Diet\u00e9tica","robots":{"index":"index","follow":"follow","max-snippet":"max-snippet:-1","max-image-preview":"max-image-preview:large","max-video-preview":"max-video-preview:-1"},"canonical":"https:\/\/medicina.udd.cl\/nutricion-dietetica-santiago\/persona\/daiana-quintiliano-s-dourado\/","og_locale":"es_ES","og_type":"article","og_title":"Daiana Quintiliano S. Dourado - Nutrici\u00f3n y Diet\u00e9tica","og_url":"https:\/\/medicina.udd.cl\/nutricion-dietetica-santiago\/persona\/daiana-quintiliano-s-dourado\/","og_site_name":"Nutrici\u00f3n y Diet\u00e9tica","article_modified_time":"2018-03-13T14:46:25+00:00","og_image":[{"width":2938,"height":3669,"url":"https:\/\/medicina.udd.cl\/nutricion-dietetica-santiago\/files\/2017\/06\/Dayanna-Quintiliano.jpg","type":"image\/jpeg"}],"schema":{"@context":"https:\/\/schema.org","@graph":[{"@type":"WebPage","@id":"https:\/\/medicina.udd.cl\/nutricion-dietetica-santiago\/persona\/daiana-quintiliano-s-dourado\/","url":"https:\/\/medicina.udd.cl\/nutricion-dietetica-santiago\/persona\/daiana-quintiliano-s-dourado\/","name":"Daiana Quintiliano S. Dourado - Nutrici\u00f3n y Diet\u00e9tica","isPartOf":{"@id":"https:\/\/medicina.udd.cl\/nutricion-dietetica-santiago\/#website"},"primaryImageOfPage":{"@id":"https:\/\/medicina.udd.cl\/nutricion-dietetica-santiago\/persona\/daiana-quintiliano-s-dourado\/#primaryimage"},"image":{"@id":"https:\/\/medicina.udd.cl\/nutricion-dietetica-santiago\/persona\/daiana-quintiliano-s-dourado\/#primaryimage"},"thumbnailUrl":"https:\/\/medicina.udd.cl\/nutricion-dietetica-santiago\/files\/2017\/06\/Dayanna-Quintiliano.jpg","datePublished":"2017-06-13T20:43:14+00:00","dateModified":"2018-03-13T14:46:25+00:00","breadcrumb":{"@id":"https:\/\/medicina.udd.cl\/nutricion-dietetica-santiago\/persona\/daiana-quintiliano-s-dourado\/#breadcrumb"},"inLanguage":"es","potentialAction":[{"@type":"ReadAction","target":["https:\/\/medicina.udd.cl\/nutricion-dietetica-santiago\/persona\/daiana-quintiliano-s-dourado\/"]}]},{"@type":"ImageObject","inLanguage":"es","@id":"https:\/\/medicina.udd.cl\/nutricion-dietetica-santiago\/persona\/daiana-quintiliano-s-dourado\/#primaryimage","url":"https:\/\/medicina.udd.cl\/nutricion-dietetica-santiago\/files\/2017\/06\/Dayanna-Quintiliano.jpg","contentUrl":"https:\/\/medicina.udd.cl\/nutricion-dietetica-santiago\/files\/2017\/06\/Dayanna-Quintiliano.jpg","width":2938,"height":3669},{"@type":"BreadcrumbList","@id":"https:\/\/medicina.udd.cl\/nutricion-dietetica-santiago\/persona\/daiana-quintiliano-s-dourado\/#breadcrumb","itemListElement":[{"@type":"ListItem","position":1,"name":"Home","item":"https:\/\/medicina.udd.cl\/nutricion-dietetica-santiago\/"},{"@type":"ListItem","position":2,"name":"Personas","item":"https:\/\/medicina.udd.cl\/nutricion-dietetica-santiago\/persona\/"},{"@type":"ListItem","position":3,"name":"Daiana Quintiliano S. Dourado"}]},{"@type":"WebSite","@id":"https:\/\/medicina.udd.cl\/nutricion-dietetica-santiago\/#website","url":"https:\/\/medicina.udd.cl\/nutricion-dietetica-santiago\/","name":"Nutrici\u00f3n y Diet\u00e9tica","description":"Facultad de Medicina C\u00ednica Alemana Universidad del Desarrollo","inLanguage":"es"}]}},"label":"Daiana  Quintiliano S. Dourado","role":"Docente Unidad de Investigaci\u00f3n ","thumbnail_url":"https:\/\/medicina.udd.cl\/nutricion-dietetica-santiago\/files\/2017\/06\/Dayanna-Quintiliano.jpg","email":"d.quintiliano@udd.cl","tel_job":"","content":{"rendered":"<div class=\"person-modal person-modal--scl\">\n\t<header class=\"person-modal__header\">\n\t\t<div class=\"person-modal__bg\"><\/div>\n\t\t<div class=\"modal-container\">\n\t\t\t\t\t\t<div class=\"person-modal__media\">\n\t\t\t\t<img width=\"400\" height=\"500\" src=\"https:\/\/medicina.udd.cl\/nutricion-dietetica-santiago\/files\/2017\/06\/Dayanna-Quintiliano.jpg\" class=\"person-modal__image wp-post-image\" alt=\"\" decoding=\"async\" loading=\"lazy\" srcset=\"https:\/\/medicina.udd.cl\/nutricion-dietetica-santiago\/files\/2017\/06\/Dayanna-Quintiliano.jpg 2938w, https:\/\/medicina.udd.cl\/nutricion-dietetica-santiago\/files\/2017\/06\/Dayanna-Quintiliano-240x300.jpg 240w, https:\/\/medicina.udd.cl\/nutricion-dietetica-santiago\/files\/2017\/06\/Dayanna-Quintiliano-768x959.jpg 768w, https:\/\/medicina.udd.cl\/nutricion-dietetica-santiago\/files\/2017\/06\/Dayanna-Quintiliano-820x1024.jpg 820w, https:\/\/medicina.udd.cl\/nutricion-dietetica-santiago\/files\/2017\/06\/Dayanna-Quintiliano-769x960.jpg 769w\" sizes=\"auto, (max-width: 400px) 100vw, 400px\" \/>\t\t\t<\/div>\n\t\t\t\t\t\t<div class=\"person-modal__data\">\n\t\t\t\t<h1 class=\"person-modal__name\">Daiana  Quintiliano S. Dourado<\/h1>\n\t\t\t\t\t\t\t<span class=\"person-modal__description\">Docente Unidad de Investigaci\u00f3n <\/span>\n\t\t\t\t\t\t\t\t\t\t\t\t\t<a href=\"mailto:&#100;&#046;q&#117;in&#116;il&#105;a&#110;o&#064;udd&#046;&#099;&#108;\" class=\"person-modal__email\">&#100;.qu&#105;n&#116;&#105;&#108;ian&#111;&#64;&#117;dd&#46;&#99;l<\/a>\n\t\t\t\t\t\t\t\t\t<\/div>\n\t\t<\/div>\n\t<\/header>\n\t<div class=\"modal-container\">\n\t\t\t<div class=\"person-modal__content text\">\n\t\t\t\t\t\t\t\t\t\t<ul>\n<li>Doctora en Nutrici\u00f3n en Salud P\u00fablica, Universidad de S\u00e3o Paulo, Brasil<\/li>\n<li>Mag\u00edster en Nutrici\u00f3n en Salud P\u00fablica, Universidad de S\u00e3o Paulo, Brasil<\/li>\n<li>Nutricionista, Universidad del Centro Oeste de Paran\u00e1, Brasil<\/li>\n<li>Especialista en Nutrici\u00f3n Cl\u00ednica, Univerisad Federal do Paran\u00e1, Brasil<\/li>\n<\/ul>\n\t\t<\/div>\n\t<\/div>\n<\/div>\n"},"identifier":"234aaceaf321924e9cddb1f9499370d49a5a5c57","has_credential":[],"given_name":"Daiana ","family_name":"Quintiliano S. Dourado","name":"Daiana  Quintiliano S. Dourado","job_title":"Docente Unidad de Investigaci\u00f3n ","telephone":"","note":"","im":"","_self_schedule":null,"_links":{"self":[{"href":"https:\/\/medicina.udd.cl\/nutricion-dietetica-santiago\/wp-json\/wp\/v2\/people\/4213","targetHints":{"allow":["GET"]}}],"collection":[{"href":"https:\/\/medicina.udd.cl\/nutricion-dietetica-santiago\/wp-json\/wp\/v2\/people"}],"about":[{"href":"https:\/\/medicina.udd.cl\/nutricion-dietetica-santiago\/wp-json\/wp\/v2\/types\/person"}],"wp:featuredmedia":[{"embeddable":true,"href":"https:\/\/medicina.udd.cl\/nutricion-dietetica-santiago\/wp-json\/wp\/v2\/media\/4212"}],"wp:attachment":[{"href":"https:\/\/medicina.udd.cl\/nutricion-dietetica-santiago\/wp-json\/wp\/v2\/media?parent=4213"}],"wp:term":[{"taxonomy":"people_tax","embeddable":true,"href":"https:\/\/medicina.udd.cl\/nutricion-dietetica-santiago\/wp-json\/wp\/v2\/people_tax?post=4213"},{"taxonomy":"people_areas","embeddable":true,"href":"https:\/\/medicina.udd.cl\/nutricion-dietetica-santiago\/wp-json\/wp\/v2\/people_areas?post=4213"},{"taxonomy":"people_levels","embeddable":true,"href":"https:\/\/medicina.udd.cl\/nutricion-dietetica-santiago\/wp-json\/wp\/v2\/people_levels?post=4213"}],"curies":[{"name":"wp","href":"https:\/\/api.w.org\/{rel}","templated":true}]}}

<!-- This site is optimized with the Yoast SEO plugin v26.9 - https://yoast.com/product/yoast-seo-wordpress/ -->
<title>Daiana Quintiliano S. Dourado - Nutrición y Dietética</title>
<meta name="robots" content="index, follow, max-snippet:-1, max-image-preview:large, max-video-preview:-1" />
<link rel="canonical" href="https://medicina.udd.cl/nutricion-dietetica-santiago/persona/daiana-quintiliano-s-dourado/" />
<meta property="og:locale" content="es_ES" />
<meta property="og:type" content="article" />
<meta property="og:title" content="Daiana Quintiliano S. Dourado - Nutrición y Dietética" />
<meta property="og:url" content="https://medicina.udd.cl/nutricion-dietetica-santiago/persona/daiana-quintiliano-s-dourado/" />
<meta property="og:site_name" content="Nutrición y Dietética" />
<meta property="article:modified_time" content="2018-03-13T14:46:25+00:00" />
<meta property="og:image" content="https://medicina.udd.cl/nutricion-dietetica-santiago/files/2017/06/Dayanna-Quintiliano.jpg" />
	<meta property="og:image:width" content="2938" />
	<meta property="og:image:height" content="3669" />
	<meta property="og:image:type" content="image/jpeg" />
<script type="application/ld+json" class="yoast-schema-graph">{"@context":"https://schema.org","@graph":[{"@type":"WebPage","@id":"https://medicina.udd.cl/nutricion-dietetica-santiago/persona/daiana-quintiliano-s-dourado/","url":"https://medicina.udd.cl/nutricion-dietetica-santiago/persona/daiana-quintiliano-s-dourado/","name":"Daiana Quintiliano S. Dourado - Nutrición y Dietética","isPartOf":{"@id":"https://medicina.udd.cl/nutricion-dietetica-santiago/#website"},"primaryImageOfPage":{"@id":"https://medicina.udd.cl/nutricion-dietetica-santiago/persona/daiana-quintiliano-s-dourado/#primaryimage"},"image":{"@id":"https://medicina.udd.cl/nutricion-dietetica-santiago/persona/daiana-quintiliano-s-dourado/#primaryimage"},"thumbnailUrl":"https://medicina.udd.cl/nutricion-dietetica-santiago/files/2017/06/Dayanna-Quintiliano.jpg","datePublished":"2017-06-13T20:43:14+00:00","dateModified":"2018-03-13T14:46:25+00:00","breadcrumb":{"@id":"https://medicina.udd.cl/nutricion-dietetica-santiago/persona/daiana-quintiliano-s-dourado/#breadcrumb"},"inLanguage":"es","potentialAction":[{"@type":"ReadAction","target":["https://medicina.udd.cl/nutricion-dietetica-santiago/persona/daiana-quintiliano-s-dourado/"]}]},{"@type":"ImageObject","inLanguage":"es","@id":"https://medicina.udd.cl/nutricion-dietetica-santiago/persona/daiana-quintiliano-s-dourado/#primaryimage","url":"https://medicina.udd.cl/nutricion-dietetica-santiago/files/2017/06/Dayanna-Quintiliano.jpg","contentUrl":"https://medicina.udd.cl/nutricion-dietetica-santiago/files/2017/06/Dayanna-Quintiliano.jpg","width":2938,"height":3669},{"@type":"BreadcrumbList","@id":"https://medicina.udd.cl/nutricion-dietetica-santiago/persona/daiana-quintiliano-s-dourado/#breadcrumb","itemListElement":[{"@type":"ListItem","position":1,"name":"Home","item":"https://medicina.udd.cl/nutricion-dietetica-santiago/"},{"@type":"ListItem","position":2,"name":"Personas","item":"https://medicina.udd.cl/nutricion-dietetica-santiago/persona/"},{"@type":"ListItem","position":3,"name":"Daiana Quintiliano S. Dourado"}]},{"@type":"WebSite","@id":"https://medicina.udd.cl/nutricion-dietetica-santiago/#website","url":"https://medicina.udd.cl/nutricion-dietetica-santiago/","name":"Nutrición y Dietética","description":"Facultad de Medicina Cínica Alemana Universidad del Desarrollo","inLanguage":"es"}]}</script>
<!-- / Yoast SEO plugin. -->

Daiana Quintiliano S. Dourado - Nutrición y Dietética

Nutrición y Dietética

Facultad de Medicina Cínica Alemana Universidad del Desarrollo

Docente Unidad de Investigación

<div class="person-modal person-modal--scl">
	<header class="person-modal__header">
		<div class="person-modal__bg"></div>
		<div class="modal-container">
						<div class="person-modal__media">
				<img width="400" height="500" src="https://medicina.udd.cl/nutricion-dietetica-santiago/files/2017/06/Dayanna-Quintiliano.jpg" class="person-modal__image wp-post-image" alt="" decoding="async" loading="lazy" srcset="https://medicina.udd.cl/nutricion-dietetica-santiago/files/2017/06/Dayanna-Quintiliano.jpg 2938w, https://medicina.udd.cl/nutricion-dietetica-santiago/files/2017/06/Dayanna-Quintiliano-240x300.jpg 240w, https://medicina.udd.cl/nutricion-dietetica-santiago/files/2017/06/Dayanna-Quintiliano-768x959.jpg 768w, https://medicina.udd.cl/nutricion-dietetica-santiago/files/2017/06/Dayanna-Quintiliano-820x1024.jpg 820w, https://medicina.udd.cl/nutricion-dietetica-santiago/files/2017/06/Dayanna-Quintiliano-769x960.jpg 769w" sizes="auto, (max-width: 400px) 100vw, 400px" />			</div>
						<div class="person-modal__data">
				<h1 class="person-modal__name">Daiana  Quintiliano S. Dourado</h1>
							<span class="person-modal__description">Docente Unidad de Investigación </span>
													<a href="mailto:&#100;&#046;q&#117;in&#116;il&#105;a&#110;o&#064;udd&#046;&#099;&#108;" class="person-modal__email">&#100;.qu&#105;n&#116;&#105;&#108;ian&#111;&#64;&#117;dd&#46;&#99;l</a>
									</div>
		</div>
	</header>
	<div class="modal-container">
			<div class="person-modal__content text">
										<ul>
<li>Doctora en Nutrición en Salud Pública, Universidad de São Paulo, Brasil</li>
<li>Magíster en Nutrición en Salud Pública, Universidad de São Paulo, Brasil</li>
<li>Nutricionista, Universidad del Centro Oeste de Paraná, Brasil</li>
<li>Especialista en Nutrición Clínica, Univerisad Federal do Paraná, Brasil</li>
</ul>
		</div>
	</div>
</div>
