{"id":7275,"date":"2023-11-17T17:42:48","date_gmt":"2023-11-17T20:42:48","guid":{"rendered":"https:\/\/medicina.udd.cl\/nutricion-dietetica-santiago\/?post_type=person&#038;p=7275"},"modified":"2024-02-16T16:08:56","modified_gmt":"2024-02-16T19:08:56","slug":"solange-brevis","status":"publish","type":"person","link":"https:\/\/medicina.udd.cl\/nutricion-dietetica-santiago\/persona\/solange-brevis\/","title":{"rendered":"Solange  Brevis"},"featured_media":7276,"template":"","people_tax":[],"people_areas":[],"people_levels":[],"class_list":["post-7275","person","type-person","status-publish","has-post-thumbnail","hentry"],"yoast_head":"<!-- This site is optimized with the Yoast SEO plugin v26.9 - https:\/\/yoast.com\/product\/yoast-seo-wordpress\/ -->\n<title>Solange Brevis - Nutrici\u00f3n y Diet\u00e9tica<\/title>\n<meta name=\"robots\" content=\"index, follow, max-snippet:-1, max-image-preview:large, max-video-preview:-1\" \/>\n<link rel=\"canonical\" href=\"https:\/\/medicina.udd.cl\/nutricion-dietetica-santiago\/persona\/solange-brevis\/\" \/>\n<meta property=\"og:locale\" content=\"es_ES\" \/>\n<meta property=\"og:type\" content=\"article\" \/>\n<meta property=\"og:title\" content=\"Solange Brevis - Nutrici\u00f3n y Diet\u00e9tica\" \/>\n<meta property=\"og:url\" content=\"https:\/\/medicina.udd.cl\/nutricion-dietetica-santiago\/persona\/solange-brevis\/\" \/>\n<meta property=\"og:site_name\" content=\"Nutrici\u00f3n y Diet\u00e9tica\" \/>\n<meta property=\"article:modified_time\" content=\"2024-02-16T19:08:56+00:00\" \/>\n<meta property=\"og:image\" content=\"https:\/\/medicina.udd.cl\/nutricion-dietetica-santiago\/files\/2023\/11\/solange-brevis-byn_.jpg\" \/>\n\t<meta property=\"og:image:width\" content=\"491\" \/>\n\t<meta property=\"og:image:height\" content=\"491\" \/>\n\t<meta property=\"og:image:type\" content=\"image\/jpeg\" \/>\n<meta name=\"twitter:label1\" content=\"Tiempo de lectura\" \/>\n\t<meta name=\"twitter:data1\" content=\"1 minuto\" \/>\n<script type=\"application\/ld+json\" class=\"yoast-schema-graph\">{\"@context\":\"https:\/\/schema.org\",\"@graph\":[{\"@type\":\"WebPage\",\"@id\":\"https:\/\/medicina.udd.cl\/nutricion-dietetica-santiago\/persona\/solange-brevis\/\",\"url\":\"https:\/\/medicina.udd.cl\/nutricion-dietetica-santiago\/persona\/solange-brevis\/\",\"name\":\"Solange Brevis - Nutrici\u00f3n y Diet\u00e9tica\",\"isPartOf\":{\"@id\":\"https:\/\/medicina.udd.cl\/nutricion-dietetica-santiago\/#website\"},\"primaryImageOfPage\":{\"@id\":\"https:\/\/medicina.udd.cl\/nutricion-dietetica-santiago\/persona\/solange-brevis\/#primaryimage\"},\"image\":{\"@id\":\"https:\/\/medicina.udd.cl\/nutricion-dietetica-santiago\/persona\/solange-brevis\/#primaryimage\"},\"thumbnailUrl\":\"https:\/\/medicina.udd.cl\/nutricion-dietetica-santiago\/files\/2023\/11\/solange-brevis-byn_.jpg\",\"datePublished\":\"2023-11-17T20:42:48+00:00\",\"dateModified\":\"2024-02-16T19:08:56+00:00\",\"breadcrumb\":{\"@id\":\"https:\/\/medicina.udd.cl\/nutricion-dietetica-santiago\/persona\/solange-brevis\/#breadcrumb\"},\"inLanguage\":\"es\",\"potentialAction\":[{\"@type\":\"ReadAction\",\"target\":[\"https:\/\/medicina.udd.cl\/nutricion-dietetica-santiago\/persona\/solange-brevis\/\"]}]},{\"@type\":\"ImageObject\",\"inLanguage\":\"es\",\"@id\":\"https:\/\/medicina.udd.cl\/nutricion-dietetica-santiago\/persona\/solange-brevis\/#primaryimage\",\"url\":\"https:\/\/medicina.udd.cl\/nutricion-dietetica-santiago\/files\/2023\/11\/solange-brevis-byn_.jpg\",\"contentUrl\":\"https:\/\/medicina.udd.cl\/nutricion-dietetica-santiago\/files\/2023\/11\/solange-brevis-byn_.jpg\",\"width\":491,\"height\":491},{\"@type\":\"BreadcrumbList\",\"@id\":\"https:\/\/medicina.udd.cl\/nutricion-dietetica-santiago\/persona\/solange-brevis\/#breadcrumb\",\"itemListElement\":[{\"@type\":\"ListItem\",\"position\":1,\"name\":\"Home\",\"item\":\"https:\/\/medicina.udd.cl\/nutricion-dietetica-santiago\/\"},{\"@type\":\"ListItem\",\"position\":2,\"name\":\"Personas\",\"item\":\"https:\/\/medicina.udd.cl\/nutricion-dietetica-santiago\/persona\/\"},{\"@type\":\"ListItem\",\"position\":3,\"name\":\"Solange Brevis\"}]},{\"@type\":\"WebSite\",\"@id\":\"https:\/\/medicina.udd.cl\/nutricion-dietetica-santiago\/#website\",\"url\":\"https:\/\/medicina.udd.cl\/nutricion-dietetica-santiago\/\",\"name\":\"Nutrici\u00f3n y Diet\u00e9tica\",\"description\":\"Facultad de Medicina C\u00ednica Alemana Universidad del Desarrollo\",\"inLanguage\":\"es\"}]}<\/script>\n<!-- \/ Yoast SEO plugin. -->","yoast_head_json":{"title":"Solange Brevis - Nutrici\u00f3n y Diet\u00e9tica","robots":{"index":"index","follow":"follow","max-snippet":"max-snippet:-1","max-image-preview":"max-image-preview:large","max-video-preview":"max-video-preview:-1"},"canonical":"https:\/\/medicina.udd.cl\/nutricion-dietetica-santiago\/persona\/solange-brevis\/","og_locale":"es_ES","og_type":"article","og_title":"Solange Brevis - Nutrici\u00f3n y Diet\u00e9tica","og_url":"https:\/\/medicina.udd.cl\/nutricion-dietetica-santiago\/persona\/solange-brevis\/","og_site_name":"Nutrici\u00f3n y Diet\u00e9tica","article_modified_time":"2024-02-16T19:08:56+00:00","og_image":[{"width":491,"height":491,"url":"https:\/\/medicina.udd.cl\/nutricion-dietetica-santiago\/files\/2023\/11\/solange-brevis-byn_.jpg","type":"image\/jpeg"}],"twitter_misc":{"Tiempo de lectura":"1 minuto"},"schema":{"@context":"https:\/\/schema.org","@graph":[{"@type":"WebPage","@id":"https:\/\/medicina.udd.cl\/nutricion-dietetica-santiago\/persona\/solange-brevis\/","url":"https:\/\/medicina.udd.cl\/nutricion-dietetica-santiago\/persona\/solange-brevis\/","name":"Solange Brevis - Nutrici\u00f3n y Diet\u00e9tica","isPartOf":{"@id":"https:\/\/medicina.udd.cl\/nutricion-dietetica-santiago\/#website"},"primaryImageOfPage":{"@id":"https:\/\/medicina.udd.cl\/nutricion-dietetica-santiago\/persona\/solange-brevis\/#primaryimage"},"image":{"@id":"https:\/\/medicina.udd.cl\/nutricion-dietetica-santiago\/persona\/solange-brevis\/#primaryimage"},"thumbnailUrl":"https:\/\/medicina.udd.cl\/nutricion-dietetica-santiago\/files\/2023\/11\/solange-brevis-byn_.jpg","datePublished":"2023-11-17T20:42:48+00:00","dateModified":"2024-02-16T19:08:56+00:00","breadcrumb":{"@id":"https:\/\/medicina.udd.cl\/nutricion-dietetica-santiago\/persona\/solange-brevis\/#breadcrumb"},"inLanguage":"es","potentialAction":[{"@type":"ReadAction","target":["https:\/\/medicina.udd.cl\/nutricion-dietetica-santiago\/persona\/solange-brevis\/"]}]},{"@type":"ImageObject","inLanguage":"es","@id":"https:\/\/medicina.udd.cl\/nutricion-dietetica-santiago\/persona\/solange-brevis\/#primaryimage","url":"https:\/\/medicina.udd.cl\/nutricion-dietetica-santiago\/files\/2023\/11\/solange-brevis-byn_.jpg","contentUrl":"https:\/\/medicina.udd.cl\/nutricion-dietetica-santiago\/files\/2023\/11\/solange-brevis-byn_.jpg","width":491,"height":491},{"@type":"BreadcrumbList","@id":"https:\/\/medicina.udd.cl\/nutricion-dietetica-santiago\/persona\/solange-brevis\/#breadcrumb","itemListElement":[{"@type":"ListItem","position":1,"name":"Home","item":"https:\/\/medicina.udd.cl\/nutricion-dietetica-santiago\/"},{"@type":"ListItem","position":2,"name":"Personas","item":"https:\/\/medicina.udd.cl\/nutricion-dietetica-santiago\/persona\/"},{"@type":"ListItem","position":3,"name":"Solange Brevis"}]},{"@type":"WebSite","@id":"https:\/\/medicina.udd.cl\/nutricion-dietetica-santiago\/#website","url":"https:\/\/medicina.udd.cl\/nutricion-dietetica-santiago\/","name":"Nutrici\u00f3n y Diet\u00e9tica","description":"Facultad de Medicina C\u00ednica Alemana Universidad del Desarrollo","inLanguage":"es"}]}},"label":"Solange  Brevis","role":"Coordinadora y Docente - Interdisciplina e Innovaci\u00f3n en Alimentos ","thumbnail_url":"https:\/\/medicina.udd.cl\/nutricion-dietetica-santiago\/files\/2023\/11\/solange-brevis-byn_.jpg","email":"s.brevis@udd.cl","tel_job":"","content":{"rendered":"<div class=\"person-modal person-modal--scl\">\n\t<header class=\"person-modal__header\">\n\t\t<div class=\"person-modal__bg\"><\/div>\n\t\t<div class=\"modal-container\">\n\t\t\t\t\t\t<div class=\"person-modal__media\">\n\t\t\t\t<img width=\"491\" height=\"491\" src=\"https:\/\/medicina.udd.cl\/nutricion-dietetica-santiago\/files\/2023\/11\/solange-brevis-byn_.jpg\" class=\"person-modal__image wp-post-image\" alt=\"\" decoding=\"async\" loading=\"lazy\" srcset=\"https:\/\/medicina.udd.cl\/nutricion-dietetica-santiago\/files\/2023\/11\/solange-brevis-byn_.jpg 491w, https:\/\/medicina.udd.cl\/nutricion-dietetica-santiago\/files\/2023\/11\/solange-brevis-byn_-300x300.jpg 300w, https:\/\/medicina.udd.cl\/nutricion-dietetica-santiago\/files\/2023\/11\/solange-brevis-byn_-150x150.jpg 150w, https:\/\/medicina.udd.cl\/nutricion-dietetica-santiago\/files\/2023\/11\/solange-brevis-byn_-62x62.jpg 62w, https:\/\/medicina.udd.cl\/nutricion-dietetica-santiago\/files\/2023\/11\/solange-brevis-byn_-250x250.jpg 250w, https:\/\/medicina.udd.cl\/nutricion-dietetica-santiago\/files\/2023\/11\/solange-brevis-byn_-126x126.jpg 126w\" sizes=\"auto, (max-width: 491px) 100vw, 491px\" \/>\t\t\t<\/div>\n\t\t\t\t\t\t<div class=\"person-modal__data\">\n\t\t\t\t<h1 class=\"person-modal__name\">Solange  Brevis<\/h1>\n\t\t\t\t\t\t\t<span class=\"person-modal__description\">Coordinadora y Docente - Interdisciplina e Innovaci\u00f3n en Alimentos <\/span>\n\t\t\t\t\t\t\t\t\t\t\t\t\t<a href=\"mailto:&#115;.brev&#105;s&#064;&#117;d&#100;&#046;&#099;l\" class=\"person-modal__email\">&#115;&#46;&#98;&#114;e&#118;is&#64;&#117;d&#100;&#46;c&#108;<\/a>\n\t\t\t\t\t\t\t\t\t<\/div>\n\t\t<\/div>\n\t<\/header>\n\t<div class=\"modal-container\">\n\t\t\t<div class=\"person-modal__content text\">\n\t\t\t\t\t\t\t\t\t\t<ul>\n<li class=\"MsoNormal\"><span lang=\"ES\">Magister en Pol\u00edticas P\u00fablicas menci\u00f3n en Econom\u00eda y Gesti\u00f3n P\u00fablica \u2013 Universidad del Desarrollo.<\/span><\/li>\n<li class=\"MsoNormal\"><span lang=\"ES\">Diplomado en Docencia Universitaria &#8211; Universidad del Desarrollo.<\/span><\/li>\n<li class=\"MsoNormal\"><span lang=\"ES\">Diplomado en Investigaci\u00f3n a la ciencia abierta &#8211; Universidad del Desarrollo.<\/span><\/li>\n<li class=\"MsoNormal\"><span lang=\"ES\">Diplomado con especialidad en Gesti\u00f3n P\u00fablica, Administraci\u00f3n de Empresas y Negocios.<\/span><\/li>\n<li class=\"MsoNormal\"><span lang=\"ES\">Ingeniero en Alimentos &#8211; Universidad del B\u00edo &#8211; B\u00edo.<\/span><\/li>\n<\/ul>\n\t\t<\/div>\n\t<\/div>\n<\/div>\n"},"identifier":"98d177e9607e0c72f98657f29c199aafa41e2b39","has_credential":[],"given_name":"Solange ","family_name":"Brevis","name":"Solange  Brevis","job_title":"Coordinadora y Docente - Interdisciplina e Innovaci\u00f3n en Alimentos ","telephone":"","note":"","im":"","_self_schedule":null,"_links":{"self":[{"href":"https:\/\/medicina.udd.cl\/nutricion-dietetica-santiago\/wp-json\/wp\/v2\/people\/7275","targetHints":{"allow":["GET"]}}],"collection":[{"href":"https:\/\/medicina.udd.cl\/nutricion-dietetica-santiago\/wp-json\/wp\/v2\/people"}],"about":[{"href":"https:\/\/medicina.udd.cl\/nutricion-dietetica-santiago\/wp-json\/wp\/v2\/types\/person"}],"wp:featuredmedia":[{"embeddable":true,"href":"https:\/\/medicina.udd.cl\/nutricion-dietetica-santiago\/wp-json\/wp\/v2\/media\/7276"}],"wp:attachment":[{"href":"https:\/\/medicina.udd.cl\/nutricion-dietetica-santiago\/wp-json\/wp\/v2\/media?parent=7275"}],"wp:term":[{"taxonomy":"people_tax","embeddable":true,"href":"https:\/\/medicina.udd.cl\/nutricion-dietetica-santiago\/wp-json\/wp\/v2\/people_tax?post=7275"},{"taxonomy":"people_areas","embeddable":true,"href":"https:\/\/medicina.udd.cl\/nutricion-dietetica-santiago\/wp-json\/wp\/v2\/people_areas?post=7275"},{"taxonomy":"people_levels","embeddable":true,"href":"https:\/\/medicina.udd.cl\/nutricion-dietetica-santiago\/wp-json\/wp\/v2\/people_levels?post=7275"}],"curies":[{"name":"wp","href":"https:\/\/api.w.org\/{rel}","templated":true}]}}

<!-- This site is optimized with the Yoast SEO plugin v26.9 - https://yoast.com/product/yoast-seo-wordpress/ -->
<title>Solange Brevis - Nutrición y Dietética</title>
<meta name="robots" content="index, follow, max-snippet:-1, max-image-preview:large, max-video-preview:-1" />
<link rel="canonical" href="https://medicina.udd.cl/nutricion-dietetica-santiago/persona/solange-brevis/" />
<meta property="og:locale" content="es_ES" />
<meta property="og:type" content="article" />
<meta property="og:title" content="Solange Brevis - Nutrición y Dietética" />
<meta property="og:url" content="https://medicina.udd.cl/nutricion-dietetica-santiago/persona/solange-brevis/" />
<meta property="og:site_name" content="Nutrición y Dietética" />
<meta property="article:modified_time" content="2024-02-16T19:08:56+00:00" />
<meta property="og:image" content="https://medicina.udd.cl/nutricion-dietetica-santiago/files/2023/11/solange-brevis-byn_.jpg" />
	<meta property="og:image:width" content="491" />
	<meta property="og:image:height" content="491" />
	<meta property="og:image:type" content="image/jpeg" />
<meta name="twitter:label1" content="Tiempo de lectura" />
	<meta name="twitter:data1" content="1 minuto" />
<script type="application/ld+json" class="yoast-schema-graph">{"@context":"https://schema.org","@graph":[{"@type":"WebPage","@id":"https://medicina.udd.cl/nutricion-dietetica-santiago/persona/solange-brevis/","url":"https://medicina.udd.cl/nutricion-dietetica-santiago/persona/solange-brevis/","name":"Solange Brevis - Nutrición y Dietética","isPartOf":{"@id":"https://medicina.udd.cl/nutricion-dietetica-santiago/#website"},"primaryImageOfPage":{"@id":"https://medicina.udd.cl/nutricion-dietetica-santiago/persona/solange-brevis/#primaryimage"},"image":{"@id":"https://medicina.udd.cl/nutricion-dietetica-santiago/persona/solange-brevis/#primaryimage"},"thumbnailUrl":"https://medicina.udd.cl/nutricion-dietetica-santiago/files/2023/11/solange-brevis-byn_.jpg","datePublished":"2023-11-17T20:42:48+00:00","dateModified":"2024-02-16T19:08:56+00:00","breadcrumb":{"@id":"https://medicina.udd.cl/nutricion-dietetica-santiago/persona/solange-brevis/#breadcrumb"},"inLanguage":"es","potentialAction":[{"@type":"ReadAction","target":["https://medicina.udd.cl/nutricion-dietetica-santiago/persona/solange-brevis/"]}]},{"@type":"ImageObject","inLanguage":"es","@id":"https://medicina.udd.cl/nutricion-dietetica-santiago/persona/solange-brevis/#primaryimage","url":"https://medicina.udd.cl/nutricion-dietetica-santiago/files/2023/11/solange-brevis-byn_.jpg","contentUrl":"https://medicina.udd.cl/nutricion-dietetica-santiago/files/2023/11/solange-brevis-byn_.jpg","width":491,"height":491},{"@type":"BreadcrumbList","@id":"https://medicina.udd.cl/nutricion-dietetica-santiago/persona/solange-brevis/#breadcrumb","itemListElement":[{"@type":"ListItem","position":1,"name":"Home","item":"https://medicina.udd.cl/nutricion-dietetica-santiago/"},{"@type":"ListItem","position":2,"name":"Personas","item":"https://medicina.udd.cl/nutricion-dietetica-santiago/persona/"},{"@type":"ListItem","position":3,"name":"Solange Brevis"}]},{"@type":"WebSite","@id":"https://medicina.udd.cl/nutricion-dietetica-santiago/#website","url":"https://medicina.udd.cl/nutricion-dietetica-santiago/","name":"Nutrición y Dietética","description":"Facultad de Medicina Cínica Alemana Universidad del Desarrollo","inLanguage":"es"}]}</script>
<!-- / Yoast SEO plugin. -->

Solange Brevis - Nutrición y Dietética

Nutrición y Dietética

Facultad de Medicina Cínica Alemana Universidad del Desarrollo

Coordinadora y Docente - Interdisciplina e Innovación en Alimentos

<div class="person-modal person-modal--scl">
	<header class="person-modal__header">
		<div class="person-modal__bg"></div>
		<div class="modal-container">
						<div class="person-modal__media">
				<img width="491" height="491" src="https://medicina.udd.cl/nutricion-dietetica-santiago/files/2023/11/solange-brevis-byn_.jpg" class="person-modal__image wp-post-image" alt="" decoding="async" loading="lazy" srcset="https://medicina.udd.cl/nutricion-dietetica-santiago/files/2023/11/solange-brevis-byn_.jpg 491w, https://medicina.udd.cl/nutricion-dietetica-santiago/files/2023/11/solange-brevis-byn_-300x300.jpg 300w, https://medicina.udd.cl/nutricion-dietetica-santiago/files/2023/11/solange-brevis-byn_-150x150.jpg 150w, https://medicina.udd.cl/nutricion-dietetica-santiago/files/2023/11/solange-brevis-byn_-62x62.jpg 62w, https://medicina.udd.cl/nutricion-dietetica-santiago/files/2023/11/solange-brevis-byn_-250x250.jpg 250w, https://medicina.udd.cl/nutricion-dietetica-santiago/files/2023/11/solange-brevis-byn_-126x126.jpg 126w" sizes="auto, (max-width: 491px) 100vw, 491px" />			</div>
						<div class="person-modal__data">
				<h1 class="person-modal__name">Solange  Brevis</h1>
							<span class="person-modal__description">Coordinadora y Docente - Interdisciplina e Innovación en Alimentos </span>
													<a href="mailto:&#115;.brev&#105;s&#064;&#117;d&#100;&#046;&#099;l" class="person-modal__email">&#115;&#46;&#98;&#114;e&#118;is&#64;&#117;d&#100;&#46;c&#108;</a>
									</div>
		</div>
	</header>
	<div class="modal-container">
			<div class="person-modal__content text">
										<ul>
<li class="MsoNormal"><span lang="ES">Magister en Políticas Públicas mención en Economía y Gestión Pública – Universidad del Desarrollo.</span></li>
<li class="MsoNormal"><span lang="ES">Diplomado en Docencia Universitaria &#8211; Universidad del Desarrollo.</span></li>
<li class="MsoNormal"><span lang="ES">Diplomado en Investigación a la ciencia abierta &#8211; Universidad del Desarrollo.</span></li>
<li class="MsoNormal"><span lang="ES">Diplomado con especialidad en Gestión Pública, Administración de Empresas y Negocios.</span></li>
<li class="MsoNormal"><span lang="ES">Ingeniero en Alimentos &#8211; Universidad del Bío &#8211; Bío.</span></li>
</ul>
		</div>
	</div>
</div>
