{"id":169,"date":"2013-07-27T20:30:45","date_gmt":"2013-07-28T00:30:45","guid":{"rendered":"http:\/\/medicina.udd.cl\/observatorio-bioetica-derecho\/calendario\/jornada-para-los-comites-etico-cientificos\/"},"modified":"2013-07-27T20:30:45","modified_gmt":"2013-07-28T00:30:45","slug":"jornada-para-los-comites-etico-cientificos","status":"publish","type":"event","link":"https:\/\/medicina.udd.cl\/observatorio-bioetica-derecho\/eventos\/jornada-para-los-comites-etico-cientificos\/","title":{"rendered":"Jornada para los Comit\u00e9s \u00c9tico &#8211; Cient\u00edficos"},"content":{"rendered":"<p>Organiza Comisi&oacute;n Ministerial de &Eacute;tica de la Investigaci&oacute;n en Salud (CMEIS) y Oficina de Bio&eacute;tica, Ministerio de Salud.<\/p>\n<p>Co &#8211; organiza: Observatorio de Bio&eacute;tica &amp; Derecho UDD.<\/p>\n<p>&nbsp;<\/p>\n","protected":false},"author":42,"featured_media":0,"template":"","locations":[4020],"events-tax":[4032],"class_list":["post-169","event","type-event","status-publish","hentry","locations-santiago","events_tax-academico"],"yoast_head":"<!-- This site is optimized with the Yoast SEO plugin v26.9 - https:\/\/yoast.com\/product\/yoast-seo-wordpress\/ -->\n<title>Jornada para los Comit\u00e9s \u00c9tico - Cient\u00edficos - Observatorio de Bio\u00e9tica y Derecho<\/title>\n<meta name=\"robots\" content=\"index, follow, max-snippet:-1, max-image-preview:large, max-video-preview:-1\" \/>\n<link rel=\"canonical\" href=\"https:\/\/medicina.udd.cl\/observatorio-bioetica-derecho\/eventos\/jornada-para-los-comites-etico-cientificos\/\" \/>\n<meta property=\"og:locale\" content=\"es_ES\" \/>\n<meta property=\"og:type\" content=\"article\" \/>\n<meta property=\"og:title\" content=\"Jornada para los Comit\u00e9s \u00c9tico - Cient\u00edficos - Observatorio de Bio\u00e9tica y Derecho\" \/>\n<meta property=\"og:description\" content=\"Aula Magna, Facultad de Medicina CAS - UDD\" \/>\n<meta property=\"og:url\" content=\"https:\/\/medicina.udd.cl\/observatorio-bioetica-derecho\/eventos\/jornada-para-los-comites-etico-cientificos\/\" \/>\n<meta property=\"og:site_name\" content=\"Observatorio de Bio\u00e9tica y Derecho\" \/>\n<script type=\"application\/ld+json\" class=\"yoast-schema-graph\">{\"@context\":\"https:\/\/schema.org\",\"@graph\":[{\"@type\":\"WebPage\",\"@id\":\"https:\/\/medicina.udd.cl\/observatorio-bioetica-derecho\/eventos\/jornada-para-los-comites-etico-cientificos\/\",\"url\":\"https:\/\/medicina.udd.cl\/observatorio-bioetica-derecho\/eventos\/jornada-para-los-comites-etico-cientificos\/\",\"name\":\"Jornada para los Comit\u00e9s \u00c9tico - Cient\u00edficos - Observatorio de Bio\u00e9tica y Derecho\",\"isPartOf\":{\"@id\":\"https:\/\/medicina.udd.cl\/observatorio-bioetica-derecho\/#website\"},\"datePublished\":\"2013-07-28T00:30:45+00:00\",\"breadcrumb\":{\"@id\":\"https:\/\/medicina.udd.cl\/observatorio-bioetica-derecho\/eventos\/jornada-para-los-comites-etico-cientificos\/#breadcrumb\"},\"inLanguage\":\"es\",\"potentialAction\":[{\"@type\":\"ReadAction\",\"target\":[\"https:\/\/medicina.udd.cl\/observatorio-bioetica-derecho\/eventos\/jornada-para-los-comites-etico-cientificos\/\"]}]},{\"@type\":\"BreadcrumbList\",\"@id\":\"https:\/\/medicina.udd.cl\/observatorio-bioetica-derecho\/eventos\/jornada-para-los-comites-etico-cientificos\/#breadcrumb\",\"itemListElement\":[{\"@type\":\"ListItem\",\"position\":1,\"name\":\"Home\",\"item\":\"https:\/\/medicina.udd.cl\/observatorio-bioetica-derecho\/\"},{\"@type\":\"ListItem\",\"position\":2,\"name\":\"Eventos\",\"item\":\"https:\/\/medicina.udd.cl\/observatorio-bioetica-derecho\/eventos\/\"},{\"@type\":\"ListItem\",\"position\":3,\"name\":\"Jornada para los Comit\u00e9s \u00c9tico &#8211; Cient\u00edficos\"}]},{\"@type\":\"WebSite\",\"@id\":\"https:\/\/medicina.udd.cl\/observatorio-bioetica-derecho\/#website\",\"url\":\"https:\/\/medicina.udd.cl\/observatorio-bioetica-derecho\/\",\"name\":\"Observatorio de Bio\u00e9tica y Derecho\",\"description\":\"Observatorio de Bio\u00e9tica y Derecho\",\"inLanguage\":\"es\"}]}<\/script>\n<!-- \/ Yoast SEO plugin. -->","yoast_head_json":{"title":"Jornada para los Comit\u00e9s \u00c9tico - Cient\u00edficos - Observatorio de Bio\u00e9tica y Derecho","robots":{"index":"index","follow":"follow","max-snippet":"max-snippet:-1","max-image-preview":"max-image-preview:large","max-video-preview":"max-video-preview:-1"},"canonical":"https:\/\/medicina.udd.cl\/observatorio-bioetica-derecho\/eventos\/jornada-para-los-comites-etico-cientificos\/","og_locale":"es_ES","og_type":"article","og_title":"Jornada para los Comit\u00e9s \u00c9tico - Cient\u00edficos - Observatorio de Bio\u00e9tica y Derecho","og_description":"Aula Magna, Facultad de Medicina CAS - UDD","og_url":"https:\/\/medicina.udd.cl\/observatorio-bioetica-derecho\/eventos\/jornada-para-los-comites-etico-cientificos\/","og_site_name":"Observatorio de Bio\u00e9tica y Derecho","schema":{"@context":"https:\/\/schema.org","@graph":[{"@type":"WebPage","@id":"https:\/\/medicina.udd.cl\/observatorio-bioetica-derecho\/eventos\/jornada-para-los-comites-etico-cientificos\/","url":"https:\/\/medicina.udd.cl\/observatorio-bioetica-derecho\/eventos\/jornada-para-los-comites-etico-cientificos\/","name":"Jornada para los Comit\u00e9s \u00c9tico - Cient\u00edficos - Observatorio de Bio\u00e9tica y Derecho","isPartOf":{"@id":"https:\/\/medicina.udd.cl\/observatorio-bioetica-derecho\/#website"},"datePublished":"2013-07-28T00:30:45+00:00","breadcrumb":{"@id":"https:\/\/medicina.udd.cl\/observatorio-bioetica-derecho\/eventos\/jornada-para-los-comites-etico-cientificos\/#breadcrumb"},"inLanguage":"es","potentialAction":[{"@type":"ReadAction","target":["https:\/\/medicina.udd.cl\/observatorio-bioetica-derecho\/eventos\/jornada-para-los-comites-etico-cientificos\/"]}]},{"@type":"BreadcrumbList","@id":"https:\/\/medicina.udd.cl\/observatorio-bioetica-derecho\/eventos\/jornada-para-los-comites-etico-cientificos\/#breadcrumb","itemListElement":[{"@type":"ListItem","position":1,"name":"Home","item":"https:\/\/medicina.udd.cl\/observatorio-bioetica-derecho\/"},{"@type":"ListItem","position":2,"name":"Eventos","item":"https:\/\/medicina.udd.cl\/observatorio-bioetica-derecho\/eventos\/"},{"@type":"ListItem","position":3,"name":"Jornada para los Comit\u00e9s \u00c9tico &#8211; Cient\u00edficos"}]},{"@type":"WebSite","@id":"https:\/\/medicina.udd.cl\/observatorio-bioetica-derecho\/#website","url":"https:\/\/medicina.udd.cl\/observatorio-bioetica-derecho\/","name":"Observatorio de Bio\u00e9tica y Derecho","description":"Observatorio de Bio\u00e9tica y Derecho","inLanguage":"es"}]}},"dtstart":"2013-07-31T09:00:00-04:00","dtend":"2013-07-31T09:00:00-04:00","full_day":false,"attendance_mode":"","_links":{"self":[{"href":"https:\/\/medicina.udd.cl\/observatorio-bioetica-derecho\/wp-json\/wp\/v2\/events\/169","targetHints":{"allow":["GET"]}}],"collection":[{"href":"https:\/\/medicina.udd.cl\/observatorio-bioetica-derecho\/wp-json\/wp\/v2\/events"}],"about":[{"href":"https:\/\/medicina.udd.cl\/observatorio-bioetica-derecho\/wp-json\/wp\/v2\/types\/event"}],"author":[{"embeddable":true,"href":"https:\/\/medicina.udd.cl\/observatorio-bioetica-derecho\/wp-json\/wp\/v2\/users\/42"}],"version-history":[{"count":0,"href":"https:\/\/medicina.udd.cl\/observatorio-bioetica-derecho\/wp-json\/wp\/v2\/events\/169\/revisions"}],"wp:attachment":[{"href":"https:\/\/medicina.udd.cl\/observatorio-bioetica-derecho\/wp-json\/wp\/v2\/media?parent=169"}],"wp:term":[{"taxonomy":"locations","embeddable":true,"href":"https:\/\/medicina.udd.cl\/observatorio-bioetica-derecho\/wp-json\/wp\/v2\/locations?post=169"},{"taxonomy":"events_tax","embeddable":true,"href":"https:\/\/medicina.udd.cl\/observatorio-bioetica-derecho\/wp-json\/wp\/v2\/events-tax?post=169"}],"curies":[{"name":"wp","href":"https:\/\/api.w.org\/{rel}","templated":true}]}}

Jornada para los Comités Ético &#8211; Científicos

<!-- This site is optimized with the Yoast SEO plugin v26.9 - https://yoast.com/product/yoast-seo-wordpress/ -->
<title>Jornada para los Comités Ético - Científicos - Observatorio de Bioética y Derecho</title>
<meta name="robots" content="index, follow, max-snippet:-1, max-image-preview:large, max-video-preview:-1" />
<link rel="canonical" href="https://medicina.udd.cl/observatorio-bioetica-derecho/eventos/jornada-para-los-comites-etico-cientificos/" />
<meta property="og:locale" content="es_ES" />
<meta property="og:type" content="article" />
<meta property="og:title" content="Jornada para los Comités Ético - Científicos - Observatorio de Bioética y Derecho" />
<meta property="og:description" content="Aula Magna, Facultad de Medicina CAS - UDD" />
<meta property="og:url" content="https://medicina.udd.cl/observatorio-bioetica-derecho/eventos/jornada-para-los-comites-etico-cientificos/" />
<meta property="og:site_name" content="Observatorio de Bioética y Derecho" />
<script type="application/ld+json" class="yoast-schema-graph">{"@context":"https://schema.org","@graph":[{"@type":"WebPage","@id":"https://medicina.udd.cl/observatorio-bioetica-derecho/eventos/jornada-para-los-comites-etico-cientificos/","url":"https://medicina.udd.cl/observatorio-bioetica-derecho/eventos/jornada-para-los-comites-etico-cientificos/","name":"Jornada para los Comités Ético - Científicos - Observatorio de Bioética y Derecho","isPartOf":{"@id":"https://medicina.udd.cl/observatorio-bioetica-derecho/#website"},"datePublished":"2013-07-28T00:30:45+00:00","breadcrumb":{"@id":"https://medicina.udd.cl/observatorio-bioetica-derecho/eventos/jornada-para-los-comites-etico-cientificos/#breadcrumb"},"inLanguage":"es","potentialAction":[{"@type":"ReadAction","target":["https://medicina.udd.cl/observatorio-bioetica-derecho/eventos/jornada-para-los-comites-etico-cientificos/"]}]},{"@type":"BreadcrumbList","@id":"https://medicina.udd.cl/observatorio-bioetica-derecho/eventos/jornada-para-los-comites-etico-cientificos/#breadcrumb","itemListElement":[{"@type":"ListItem","position":1,"name":"Home","item":"https://medicina.udd.cl/observatorio-bioetica-derecho/"},{"@type":"ListItem","position":2,"name":"Eventos","item":"https://medicina.udd.cl/observatorio-bioetica-derecho/eventos/"},{"@type":"ListItem","position":3,"name":"Jornada para los Comités Ético &#8211; Científicos"}]},{"@type":"WebSite","@id":"https://medicina.udd.cl/observatorio-bioetica-derecho/#website","url":"https://medicina.udd.cl/observatorio-bioetica-derecho/","name":"Observatorio de Bioética y Derecho","description":"Observatorio de Bioética y Derecho","inLanguage":"es"}]}</script>
<!-- / Yoast SEO plugin. -->

Jornada para los Comités Ético - Científicos - Observatorio de Bioética y Derecho

Observatorio de Bioética y Derecho
