{"id":243,"date":"2013-10-21T15:21:47","date_gmt":"2013-10-21T18:21:47","guid":{"rendered":"http:\/\/medicina.udd.cl\/observatorio-bioetica-derecho\/?post_type=event&#038;p=243"},"modified":"2022-07-07T18:30:59","modified_gmt":"2022-07-07T22:30:59","slug":"foro-responsabilidad-legal-del-medico-en-la-practica-clinica","status":"publish","type":"event","link":"https:\/\/medicina.udd.cl\/observatorio-bioetica-derecho\/eventos\/foro-responsabilidad-legal-del-medico-en-la-practica-clinica\/","title":{"rendered":"Foro Responsabilidad Legal del M\u00e9dico en la Pr\u00e1ctica Cl\u00ednica"},"content":{"rendered":"<p>El foro es organizado por el Observatorio de Bio\u00e9tica &amp; Derecho. Expondr\u00e1 el doctor Gustavo Rencoret y el abogado Fernando Ureta.<\/p>\n<p>Inscripciones al correo electr\u00f3nico obioetica@gmail.com<\/p>\n","protected":false},"author":42,"featured_media":0,"template":"","locations":[4020],"events-tax":[4032],"class_list":["post-243","event","type-event","status-publish","hentry","locations-santiago","events_tax-academico"],"yoast_head":"<!-- This site is optimized with the Yoast SEO plugin v26.9 - https:\/\/yoast.com\/product\/yoast-seo-wordpress\/ -->\n<title>Foro Responsabilidad Legal del M\u00e9dico en la Pr\u00e1ctica Cl\u00ednica - Observatorio de Bio\u00e9tica y Derecho<\/title>\n<meta name=\"robots\" content=\"index, follow, max-snippet:-1, max-image-preview:large, max-video-preview:-1\" \/>\n<link rel=\"canonical\" href=\"https:\/\/medicina.udd.cl\/observatorio-bioetica-derecho\/eventos\/foro-responsabilidad-legal-del-medico-en-la-practica-clinica\/\" \/>\n<meta property=\"og:locale\" content=\"es_ES\" \/>\n<meta property=\"og:type\" content=\"article\" \/>\n<meta property=\"og:title\" content=\"Foro Responsabilidad Legal del M\u00e9dico en la Pr\u00e1ctica Cl\u00ednica - Observatorio de Bio\u00e9tica y Derecho\" \/>\n<meta property=\"og:description\" content=\"El foro es organizado por el Observatorio de Bio\u00e9tica &amp; Derecho. Expondr\u00e1 el doctor Gustavo Rencoret y el abogado Fernando Ureta. Inscripciones al correo electr\u00f3nico obioetica@gmail.com\" \/>\n<meta property=\"og:url\" content=\"https:\/\/medicina.udd.cl\/observatorio-bioetica-derecho\/eventos\/foro-responsabilidad-legal-del-medico-en-la-practica-clinica\/\" \/>\n<meta property=\"og:site_name\" content=\"Observatorio de Bio\u00e9tica y Derecho\" \/>\n<meta property=\"article:modified_time\" content=\"2022-07-07T22:30:59+00:00\" \/>\n<script type=\"application\/ld+json\" class=\"yoast-schema-graph\">{\"@context\":\"https:\/\/schema.org\",\"@graph\":[{\"@type\":\"WebPage\",\"@id\":\"https:\/\/medicina.udd.cl\/observatorio-bioetica-derecho\/eventos\/foro-responsabilidad-legal-del-medico-en-la-practica-clinica\/\",\"url\":\"https:\/\/medicina.udd.cl\/observatorio-bioetica-derecho\/eventos\/foro-responsabilidad-legal-del-medico-en-la-practica-clinica\/\",\"name\":\"Foro Responsabilidad Legal del M\u00e9dico en la Pr\u00e1ctica Cl\u00ednica - Observatorio de Bio\u00e9tica y Derecho\",\"isPartOf\":{\"@id\":\"https:\/\/medicina.udd.cl\/observatorio-bioetica-derecho\/#website\"},\"datePublished\":\"2013-10-21T18:21:47+00:00\",\"dateModified\":\"2022-07-07T22:30:59+00:00\",\"breadcrumb\":{\"@id\":\"https:\/\/medicina.udd.cl\/observatorio-bioetica-derecho\/eventos\/foro-responsabilidad-legal-del-medico-en-la-practica-clinica\/#breadcrumb\"},\"inLanguage\":\"es\",\"potentialAction\":[{\"@type\":\"ReadAction\",\"target\":[\"https:\/\/medicina.udd.cl\/observatorio-bioetica-derecho\/eventos\/foro-responsabilidad-legal-del-medico-en-la-practica-clinica\/\"]}]},{\"@type\":\"BreadcrumbList\",\"@id\":\"https:\/\/medicina.udd.cl\/observatorio-bioetica-derecho\/eventos\/foro-responsabilidad-legal-del-medico-en-la-practica-clinica\/#breadcrumb\",\"itemListElement\":[{\"@type\":\"ListItem\",\"position\":1,\"name\":\"Home\",\"item\":\"https:\/\/medicina.udd.cl\/observatorio-bioetica-derecho\/\"},{\"@type\":\"ListItem\",\"position\":2,\"name\":\"Eventos\",\"item\":\"https:\/\/medicina.udd.cl\/observatorio-bioetica-derecho\/eventos\/\"},{\"@type\":\"ListItem\",\"position\":3,\"name\":\"Foro Responsabilidad Legal del M\u00e9dico en la Pr\u00e1ctica Cl\u00ednica\"}]},{\"@type\":\"WebSite\",\"@id\":\"https:\/\/medicina.udd.cl\/observatorio-bioetica-derecho\/#website\",\"url\":\"https:\/\/medicina.udd.cl\/observatorio-bioetica-derecho\/\",\"name\":\"Observatorio de Bio\u00e9tica y Derecho\",\"description\":\"Observatorio de Bio\u00e9tica y Derecho\",\"inLanguage\":\"es\"}]}<\/script>\n<!-- \/ Yoast SEO plugin. -->","yoast_head_json":{"title":"Foro Responsabilidad Legal del M\u00e9dico en la Pr\u00e1ctica Cl\u00ednica - Observatorio de Bio\u00e9tica y Derecho","robots":{"index":"index","follow":"follow","max-snippet":"max-snippet:-1","max-image-preview":"max-image-preview:large","max-video-preview":"max-video-preview:-1"},"canonical":"https:\/\/medicina.udd.cl\/observatorio-bioetica-derecho\/eventos\/foro-responsabilidad-legal-del-medico-en-la-practica-clinica\/","og_locale":"es_ES","og_type":"article","og_title":"Foro Responsabilidad Legal del M\u00e9dico en la Pr\u00e1ctica Cl\u00ednica - Observatorio de Bio\u00e9tica y Derecho","og_description":"El foro es organizado por el Observatorio de Bio\u00e9tica &amp; Derecho. Expondr\u00e1 el doctor Gustavo Rencoret y el abogado Fernando Ureta. Inscripciones al correo electr\u00f3nico obioetica@gmail.com","og_url":"https:\/\/medicina.udd.cl\/observatorio-bioetica-derecho\/eventos\/foro-responsabilidad-legal-del-medico-en-la-practica-clinica\/","og_site_name":"Observatorio de Bio\u00e9tica y Derecho","article_modified_time":"2022-07-07T22:30:59+00:00","schema":{"@context":"https:\/\/schema.org","@graph":[{"@type":"WebPage","@id":"https:\/\/medicina.udd.cl\/observatorio-bioetica-derecho\/eventos\/foro-responsabilidad-legal-del-medico-en-la-practica-clinica\/","url":"https:\/\/medicina.udd.cl\/observatorio-bioetica-derecho\/eventos\/foro-responsabilidad-legal-del-medico-en-la-practica-clinica\/","name":"Foro Responsabilidad Legal del M\u00e9dico en la Pr\u00e1ctica Cl\u00ednica - Observatorio de Bio\u00e9tica y Derecho","isPartOf":{"@id":"https:\/\/medicina.udd.cl\/observatorio-bioetica-derecho\/#website"},"datePublished":"2013-10-21T18:21:47+00:00","dateModified":"2022-07-07T22:30:59+00:00","breadcrumb":{"@id":"https:\/\/medicina.udd.cl\/observatorio-bioetica-derecho\/eventos\/foro-responsabilidad-legal-del-medico-en-la-practica-clinica\/#breadcrumb"},"inLanguage":"es","potentialAction":[{"@type":"ReadAction","target":["https:\/\/medicina.udd.cl\/observatorio-bioetica-derecho\/eventos\/foro-responsabilidad-legal-del-medico-en-la-practica-clinica\/"]}]},{"@type":"BreadcrumbList","@id":"https:\/\/medicina.udd.cl\/observatorio-bioetica-derecho\/eventos\/foro-responsabilidad-legal-del-medico-en-la-practica-clinica\/#breadcrumb","itemListElement":[{"@type":"ListItem","position":1,"name":"Home","item":"https:\/\/medicina.udd.cl\/observatorio-bioetica-derecho\/"},{"@type":"ListItem","position":2,"name":"Eventos","item":"https:\/\/medicina.udd.cl\/observatorio-bioetica-derecho\/eventos\/"},{"@type":"ListItem","position":3,"name":"Foro Responsabilidad Legal del M\u00e9dico en la Pr\u00e1ctica Cl\u00ednica"}]},{"@type":"WebSite","@id":"https:\/\/medicina.udd.cl\/observatorio-bioetica-derecho\/#website","url":"https:\/\/medicina.udd.cl\/observatorio-bioetica-derecho\/","name":"Observatorio de Bio\u00e9tica y Derecho","description":"Observatorio de Bio\u00e9tica y Derecho","inLanguage":"es"}]}},"dtstart":"0000-10-23T12:45:00-04:42","dtend":false,"full_day":false,"attendance_mode":"","_links":{"self":[{"href":"https:\/\/medicina.udd.cl\/observatorio-bioetica-derecho\/wp-json\/wp\/v2\/events\/243","targetHints":{"allow":["GET"]}}],"collection":[{"href":"https:\/\/medicina.udd.cl\/observatorio-bioetica-derecho\/wp-json\/wp\/v2\/events"}],"about":[{"href":"https:\/\/medicina.udd.cl\/observatorio-bioetica-derecho\/wp-json\/wp\/v2\/types\/event"}],"author":[{"embeddable":true,"href":"https:\/\/medicina.udd.cl\/observatorio-bioetica-derecho\/wp-json\/wp\/v2\/users\/42"}],"version-history":[{"count":1,"href":"https:\/\/medicina.udd.cl\/observatorio-bioetica-derecho\/wp-json\/wp\/v2\/events\/243\/revisions"}],"predecessor-version":[{"id":1127,"href":"https:\/\/medicina.udd.cl\/observatorio-bioetica-derecho\/wp-json\/wp\/v2\/events\/243\/revisions\/1127"}],"wp:attachment":[{"href":"https:\/\/medicina.udd.cl\/observatorio-bioetica-derecho\/wp-json\/wp\/v2\/media?parent=243"}],"wp:term":[{"taxonomy":"locations","embeddable":true,"href":"https:\/\/medicina.udd.cl\/observatorio-bioetica-derecho\/wp-json\/wp\/v2\/locations?post=243"},{"taxonomy":"events_tax","embeddable":true,"href":"https:\/\/medicina.udd.cl\/observatorio-bioetica-derecho\/wp-json\/wp\/v2\/events-tax?post=243"}],"curies":[{"name":"wp","href":"https:\/\/api.w.org\/{rel}","templated":true}]}}

Foro Responsabilidad Legal del Médico en la Práctica Clínica

<p>El foro es organizado por el Observatorio de Bioética &amp; Derecho. Expondrá el doctor Gustavo Rencoret y el abogado Fernando Ureta.</p>
<p>Inscripciones al correo electrónico obioetica@gmail.com</p>

<!-- This site is optimized with the Yoast SEO plugin v26.9 - https://yoast.com/product/yoast-seo-wordpress/ -->
<title>Foro Responsabilidad Legal del Médico en la Práctica Clínica - Observatorio de Bioética y Derecho</title>
<meta name="robots" content="index, follow, max-snippet:-1, max-image-preview:large, max-video-preview:-1" />
<link rel="canonical" href="https://medicina.udd.cl/observatorio-bioetica-derecho/eventos/foro-responsabilidad-legal-del-medico-en-la-practica-clinica/" />
<meta property="og:locale" content="es_ES" />
<meta property="og:type" content="article" />
<meta property="og:title" content="Foro Responsabilidad Legal del Médico en la Práctica Clínica - Observatorio de Bioética y Derecho" />
<meta property="og:description" content="El foro es organizado por el Observatorio de Bioética &amp; Derecho. Expondrá el doctor Gustavo Rencoret y el abogado Fernando Ureta. Inscripciones al correo electrónico obioetica@gmail.com" />
<meta property="og:url" content="https://medicina.udd.cl/observatorio-bioetica-derecho/eventos/foro-responsabilidad-legal-del-medico-en-la-practica-clinica/" />
<meta property="og:site_name" content="Observatorio de Bioética y Derecho" />
<meta property="article:modified_time" content="2022-07-07T22:30:59+00:00" />
<script type="application/ld+json" class="yoast-schema-graph">{"@context":"https://schema.org","@graph":[{"@type":"WebPage","@id":"https://medicina.udd.cl/observatorio-bioetica-derecho/eventos/foro-responsabilidad-legal-del-medico-en-la-practica-clinica/","url":"https://medicina.udd.cl/observatorio-bioetica-derecho/eventos/foro-responsabilidad-legal-del-medico-en-la-practica-clinica/","name":"Foro Responsabilidad Legal del Médico en la Práctica Clínica - Observatorio de Bioética y Derecho","isPartOf":{"@id":"https://medicina.udd.cl/observatorio-bioetica-derecho/#website"},"datePublished":"2013-10-21T18:21:47+00:00","dateModified":"2022-07-07T22:30:59+00:00","breadcrumb":{"@id":"https://medicina.udd.cl/observatorio-bioetica-derecho/eventos/foro-responsabilidad-legal-del-medico-en-la-practica-clinica/#breadcrumb"},"inLanguage":"es","potentialAction":[{"@type":"ReadAction","target":["https://medicina.udd.cl/observatorio-bioetica-derecho/eventos/foro-responsabilidad-legal-del-medico-en-la-practica-clinica/"]}]},{"@type":"BreadcrumbList","@id":"https://medicina.udd.cl/observatorio-bioetica-derecho/eventos/foro-responsabilidad-legal-del-medico-en-la-practica-clinica/#breadcrumb","itemListElement":[{"@type":"ListItem","position":1,"name":"Home","item":"https://medicina.udd.cl/observatorio-bioetica-derecho/"},{"@type":"ListItem","position":2,"name":"Eventos","item":"https://medicina.udd.cl/observatorio-bioetica-derecho/eventos/"},{"@type":"ListItem","position":3,"name":"Foro Responsabilidad Legal del Médico en la Práctica Clínica"}]},{"@type":"WebSite","@id":"https://medicina.udd.cl/observatorio-bioetica-derecho/#website","url":"https://medicina.udd.cl/observatorio-bioetica-derecho/","name":"Observatorio de Bioética y Derecho","description":"Observatorio de Bioética y Derecho","inLanguage":"es"}]}</script>
<!-- / Yoast SEO plugin. -->

Foro Responsabilidad Legal del Médico en la Práctica Clínica - Observatorio de Bioética y Derecho

El foro es organizado por el Observatorio de Bioética &amp; Derecho. Expondrá el doctor Gustavo Rencoret y el abogado Fernando Ureta. Inscripciones al correo electrónico obioetica@gmail.com

Observatorio de Bioética y Derecho
