{"id":262,"date":"2013-10-22T13:14:17","date_gmt":"2013-10-22T16:14:17","guid":{"rendered":"http:\/\/medicina.udd.cl\/observatorio-bioetica-derecho\/?post_type=event&#038;p=262"},"modified":"2022-07-07T18:30:59","modified_gmt":"2022-07-07T22:30:59","slug":"seminario-etica-de-la-investigacion-2013","status":"publish","type":"event","link":"https:\/\/medicina.udd.cl\/observatorio-bioetica-derecho\/eventos\/seminario-etica-de-la-investigacion-2013\/","title":{"rendered":"Seminario \u00c9tica de la Investigaci\u00f3n 2013"},"content":{"rendered":"<p>El Seminario \u201c\u00c9tica de la Investigaci\u00f3n 2013: Propuesta Regulatoria en Investigaci\u00f3n Biom\u00e9dica\u201d se realizar\u00e1 en el Aula Magna de la Facultad de Medicina CAS-UDD, ubicada en Avda. Las Condes 12.438, , entre las 08:30 y las 18:00 horas.<\/p>\n<p>Entrada liberada.<\/p>\n<p>Informaciones: Ver\u00f3nica Silva al maill mvsilva@udd.cl o al tel\u00e9fono 23279157<\/p>\n","protected":false},"author":42,"featured_media":0,"template":"","locations":[4020],"events-tax":[4032],"class_list":["post-262","event","type-event","status-publish","hentry","locations-santiago","events_tax-academico"],"yoast_head":"<!-- This site is optimized with the Yoast SEO plugin v26.9 - https:\/\/yoast.com\/product\/yoast-seo-wordpress\/ -->\n<title>Seminario \u00c9tica de la Investigaci\u00f3n 2013 - Observatorio de Bio\u00e9tica y Derecho<\/title>\n<meta name=\"robots\" content=\"index, follow, max-snippet:-1, max-image-preview:large, max-video-preview:-1\" \/>\n<link rel=\"canonical\" href=\"https:\/\/medicina.udd.cl\/observatorio-bioetica-derecho\/eventos\/seminario-etica-de-la-investigacion-2013\/\" \/>\n<meta property=\"og:locale\" content=\"es_ES\" \/>\n<meta property=\"og:type\" content=\"article\" \/>\n<meta property=\"og:title\" content=\"Seminario \u00c9tica de la Investigaci\u00f3n 2013 - Observatorio de Bio\u00e9tica y Derecho\" \/>\n<meta property=\"og:description\" content=\"El Seminario \u201c\u00c9tica de la Investigaci\u00f3n 2013: Propuesta Regulatoria en Investigaci\u00f3n Biom\u00e9dica\u201d se realizar\u00e1 en el Aula Magna de la Facultad de Medicina CAS-UDD, ubicada en Avda. Las Condes 12.438, , entre las 08:30 y las 18:00 horas. Entrada liberada. Informaciones: Ver\u00f3nica Silva al maill mvsilva@udd.cl o al tel\u00e9fono 23279157\" \/>\n<meta property=\"og:url\" content=\"https:\/\/medicina.udd.cl\/observatorio-bioetica-derecho\/eventos\/seminario-etica-de-la-investigacion-2013\/\" \/>\n<meta property=\"og:site_name\" content=\"Observatorio de Bio\u00e9tica y Derecho\" \/>\n<meta property=\"article:modified_time\" content=\"2022-07-07T22:30:59+00:00\" \/>\n<script type=\"application\/ld+json\" class=\"yoast-schema-graph\">{\"@context\":\"https:\/\/schema.org\",\"@graph\":[{\"@type\":\"WebPage\",\"@id\":\"https:\/\/medicina.udd.cl\/observatorio-bioetica-derecho\/eventos\/seminario-etica-de-la-investigacion-2013\/\",\"url\":\"https:\/\/medicina.udd.cl\/observatorio-bioetica-derecho\/eventos\/seminario-etica-de-la-investigacion-2013\/\",\"name\":\"Seminario \u00c9tica de la Investigaci\u00f3n 2013 - Observatorio de Bio\u00e9tica y Derecho\",\"isPartOf\":{\"@id\":\"https:\/\/medicina.udd.cl\/observatorio-bioetica-derecho\/#website\"},\"datePublished\":\"2013-10-22T16:14:17+00:00\",\"dateModified\":\"2022-07-07T22:30:59+00:00\",\"breadcrumb\":{\"@id\":\"https:\/\/medicina.udd.cl\/observatorio-bioetica-derecho\/eventos\/seminario-etica-de-la-investigacion-2013\/#breadcrumb\"},\"inLanguage\":\"es\",\"potentialAction\":[{\"@type\":\"ReadAction\",\"target\":[\"https:\/\/medicina.udd.cl\/observatorio-bioetica-derecho\/eventos\/seminario-etica-de-la-investigacion-2013\/\"]}]},{\"@type\":\"BreadcrumbList\",\"@id\":\"https:\/\/medicina.udd.cl\/observatorio-bioetica-derecho\/eventos\/seminario-etica-de-la-investigacion-2013\/#breadcrumb\",\"itemListElement\":[{\"@type\":\"ListItem\",\"position\":1,\"name\":\"Home\",\"item\":\"https:\/\/medicina.udd.cl\/observatorio-bioetica-derecho\/\"},{\"@type\":\"ListItem\",\"position\":2,\"name\":\"Eventos\",\"item\":\"https:\/\/medicina.udd.cl\/observatorio-bioetica-derecho\/eventos\/\"},{\"@type\":\"ListItem\",\"position\":3,\"name\":\"Seminario \u00c9tica de la Investigaci\u00f3n 2013\"}]},{\"@type\":\"WebSite\",\"@id\":\"https:\/\/medicina.udd.cl\/observatorio-bioetica-derecho\/#website\",\"url\":\"https:\/\/medicina.udd.cl\/observatorio-bioetica-derecho\/\",\"name\":\"Observatorio de Bio\u00e9tica y Derecho\",\"description\":\"Observatorio de Bio\u00e9tica y Derecho\",\"inLanguage\":\"es\"}]}<\/script>\n<!-- \/ Yoast SEO plugin. -->","yoast_head_json":{"title":"Seminario \u00c9tica de la Investigaci\u00f3n 2013 - Observatorio de Bio\u00e9tica y Derecho","robots":{"index":"index","follow":"follow","max-snippet":"max-snippet:-1","max-image-preview":"max-image-preview:large","max-video-preview":"max-video-preview:-1"},"canonical":"https:\/\/medicina.udd.cl\/observatorio-bioetica-derecho\/eventos\/seminario-etica-de-la-investigacion-2013\/","og_locale":"es_ES","og_type":"article","og_title":"Seminario \u00c9tica de la Investigaci\u00f3n 2013 - Observatorio de Bio\u00e9tica y Derecho","og_description":"El Seminario \u201c\u00c9tica de la Investigaci\u00f3n 2013: Propuesta Regulatoria en Investigaci\u00f3n Biom\u00e9dica\u201d se realizar\u00e1 en el Aula Magna de la Facultad de Medicina CAS-UDD, ubicada en Avda. Las Condes 12.438, , entre las 08:30 y las 18:00 horas. Entrada liberada. Informaciones: Ver\u00f3nica Silva al maill mvsilva@udd.cl o al tel\u00e9fono 23279157","og_url":"https:\/\/medicina.udd.cl\/observatorio-bioetica-derecho\/eventos\/seminario-etica-de-la-investigacion-2013\/","og_site_name":"Observatorio de Bio\u00e9tica y Derecho","article_modified_time":"2022-07-07T22:30:59+00:00","schema":{"@context":"https:\/\/schema.org","@graph":[{"@type":"WebPage","@id":"https:\/\/medicina.udd.cl\/observatorio-bioetica-derecho\/eventos\/seminario-etica-de-la-investigacion-2013\/","url":"https:\/\/medicina.udd.cl\/observatorio-bioetica-derecho\/eventos\/seminario-etica-de-la-investigacion-2013\/","name":"Seminario \u00c9tica de la Investigaci\u00f3n 2013 - Observatorio de Bio\u00e9tica y Derecho","isPartOf":{"@id":"https:\/\/medicina.udd.cl\/observatorio-bioetica-derecho\/#website"},"datePublished":"2013-10-22T16:14:17+00:00","dateModified":"2022-07-07T22:30:59+00:00","breadcrumb":{"@id":"https:\/\/medicina.udd.cl\/observatorio-bioetica-derecho\/eventos\/seminario-etica-de-la-investigacion-2013\/#breadcrumb"},"inLanguage":"es","potentialAction":[{"@type":"ReadAction","target":["https:\/\/medicina.udd.cl\/observatorio-bioetica-derecho\/eventos\/seminario-etica-de-la-investigacion-2013\/"]}]},{"@type":"BreadcrumbList","@id":"https:\/\/medicina.udd.cl\/observatorio-bioetica-derecho\/eventos\/seminario-etica-de-la-investigacion-2013\/#breadcrumb","itemListElement":[{"@type":"ListItem","position":1,"name":"Home","item":"https:\/\/medicina.udd.cl\/observatorio-bioetica-derecho\/"},{"@type":"ListItem","position":2,"name":"Eventos","item":"https:\/\/medicina.udd.cl\/observatorio-bioetica-derecho\/eventos\/"},{"@type":"ListItem","position":3,"name":"Seminario \u00c9tica de la Investigaci\u00f3n 2013"}]},{"@type":"WebSite","@id":"https:\/\/medicina.udd.cl\/observatorio-bioetica-derecho\/#website","url":"https:\/\/medicina.udd.cl\/observatorio-bioetica-derecho\/","name":"Observatorio de Bio\u00e9tica y Derecho","description":"Observatorio de Bio\u00e9tica y Derecho","inLanguage":"es"}]}},"dtstart":"2013-11-15T08:30:00-03:00","dtend":false,"full_day":false,"attendance_mode":"","_links":{"self":[{"href":"https:\/\/medicina.udd.cl\/observatorio-bioetica-derecho\/wp-json\/wp\/v2\/events\/262","targetHints":{"allow":["GET"]}}],"collection":[{"href":"https:\/\/medicina.udd.cl\/observatorio-bioetica-derecho\/wp-json\/wp\/v2\/events"}],"about":[{"href":"https:\/\/medicina.udd.cl\/observatorio-bioetica-derecho\/wp-json\/wp\/v2\/types\/event"}],"author":[{"embeddable":true,"href":"https:\/\/medicina.udd.cl\/observatorio-bioetica-derecho\/wp-json\/wp\/v2\/users\/42"}],"version-history":[{"count":1,"href":"https:\/\/medicina.udd.cl\/observatorio-bioetica-derecho\/wp-json\/wp\/v2\/events\/262\/revisions"}],"predecessor-version":[{"id":1126,"href":"https:\/\/medicina.udd.cl\/observatorio-bioetica-derecho\/wp-json\/wp\/v2\/events\/262\/revisions\/1126"}],"wp:attachment":[{"href":"https:\/\/medicina.udd.cl\/observatorio-bioetica-derecho\/wp-json\/wp\/v2\/media?parent=262"}],"wp:term":[{"taxonomy":"locations","embeddable":true,"href":"https:\/\/medicina.udd.cl\/observatorio-bioetica-derecho\/wp-json\/wp\/v2\/locations?post=262"},{"taxonomy":"events_tax","embeddable":true,"href":"https:\/\/medicina.udd.cl\/observatorio-bioetica-derecho\/wp-json\/wp\/v2\/events-tax?post=262"}],"curies":[{"name":"wp","href":"https:\/\/api.w.org\/{rel}","templated":true}]}}

Seminario Ética de la Investigación 2013

<p>El Seminario “Ética de la Investigación 2013: Propuesta Regulatoria en Investigación Biomédica” se realizará en el Aula Magna de la Facultad de Medicina CAS-UDD, ubicada en Avda. Las Condes 12.438, , entre las 08:30 y las 18:00 horas.</p>
<p>Entrada liberada.</p>
<p>Informaciones: Verónica Silva al maill mvsilva@udd.cl o al teléfono 23279157</p>

<!-- This site is optimized with the Yoast SEO plugin v26.9 - https://yoast.com/product/yoast-seo-wordpress/ -->
<title>Seminario Ética de la Investigación 2013 - Observatorio de Bioética y Derecho</title>
<meta name="robots" content="index, follow, max-snippet:-1, max-image-preview:large, max-video-preview:-1" />
<link rel="canonical" href="https://medicina.udd.cl/observatorio-bioetica-derecho/eventos/seminario-etica-de-la-investigacion-2013/" />
<meta property="og:locale" content="es_ES" />
<meta property="og:type" content="article" />
<meta property="og:title" content="Seminario Ética de la Investigación 2013 - Observatorio de Bioética y Derecho" />
<meta property="og:description" content="El Seminario “Ética de la Investigación 2013: Propuesta Regulatoria en Investigación Biomédica” se realizará en el Aula Magna de la Facultad de Medicina CAS-UDD, ubicada en Avda. Las Condes 12.438, , entre las 08:30 y las 18:00 horas. Entrada liberada. Informaciones: Verónica Silva al maill mvsilva@udd.cl o al teléfono 23279157" />
<meta property="og:url" content="https://medicina.udd.cl/observatorio-bioetica-derecho/eventos/seminario-etica-de-la-investigacion-2013/" />
<meta property="og:site_name" content="Observatorio de Bioética y Derecho" />
<meta property="article:modified_time" content="2022-07-07T22:30:59+00:00" />
<script type="application/ld+json" class="yoast-schema-graph">{"@context":"https://schema.org","@graph":[{"@type":"WebPage","@id":"https://medicina.udd.cl/observatorio-bioetica-derecho/eventos/seminario-etica-de-la-investigacion-2013/","url":"https://medicina.udd.cl/observatorio-bioetica-derecho/eventos/seminario-etica-de-la-investigacion-2013/","name":"Seminario Ética de la Investigación 2013 - Observatorio de Bioética y Derecho","isPartOf":{"@id":"https://medicina.udd.cl/observatorio-bioetica-derecho/#website"},"datePublished":"2013-10-22T16:14:17+00:00","dateModified":"2022-07-07T22:30:59+00:00","breadcrumb":{"@id":"https://medicina.udd.cl/observatorio-bioetica-derecho/eventos/seminario-etica-de-la-investigacion-2013/#breadcrumb"},"inLanguage":"es","potentialAction":[{"@type":"ReadAction","target":["https://medicina.udd.cl/observatorio-bioetica-derecho/eventos/seminario-etica-de-la-investigacion-2013/"]}]},{"@type":"BreadcrumbList","@id":"https://medicina.udd.cl/observatorio-bioetica-derecho/eventos/seminario-etica-de-la-investigacion-2013/#breadcrumb","itemListElement":[{"@type":"ListItem","position":1,"name":"Home","item":"https://medicina.udd.cl/observatorio-bioetica-derecho/"},{"@type":"ListItem","position":2,"name":"Eventos","item":"https://medicina.udd.cl/observatorio-bioetica-derecho/eventos/"},{"@type":"ListItem","position":3,"name":"Seminario Ética de la Investigación 2013"}]},{"@type":"WebSite","@id":"https://medicina.udd.cl/observatorio-bioetica-derecho/#website","url":"https://medicina.udd.cl/observatorio-bioetica-derecho/","name":"Observatorio de Bioética y Derecho","description":"Observatorio de Bioética y Derecho","inLanguage":"es"}]}</script>
<!-- / Yoast SEO plugin. -->

Seminario Ética de la Investigación 2013 - Observatorio de Bioética y Derecho

El Seminario “Ética de la Investigación 2013: Propuesta Regulatoria en Investigación Biomédica” se realizará en el Aula Magna de la Facultad de Medicina CAS-UDD, ubicada en Avda. Las Condes 12.438, , entre las 08:30 y las 18:00 horas. Entrada liberada. Informaciones: Verónica Silva al maill mvsilva@udd.cl o al teléfono 23279157

Observatorio de Bioética y Derecho
