{"id":560,"date":"2014-10-07T13:11:18","date_gmt":"2014-10-07T16:11:18","guid":{"rendered":"http:\/\/medicina.udd.cl\/observatorio-bioetica-derecho\/?post_type=event&#038;p=560"},"modified":"2022-07-07T18:30:59","modified_gmt":"2022-07-07T22:30:59","slug":"foro-interfacultades-donacion-de-organos-mitos-y-verdades","status":"publish","type":"event","link":"https:\/\/medicina.udd.cl\/observatorio-bioetica-derecho\/eventos\/foro-interfacultades-donacion-de-organos-mitos-y-verdades\/","title":{"rendered":"Foro Interfacultades: Donaci\u00f3n de \u00f3rganos, mitos y verdades"},"content":{"rendered":"<p>Se realizar\u00e1 en el AU 205 y contar\u00e1 con las ponencias de la Dra. Ana Mar\u00eda Arriagada y el director del Observatorio de Bio\u00e9tica y Derecho, Alberto Lecaros.<\/p>\n","protected":false},"author":42,"featured_media":0,"template":"","locations":[4020],"events-tax":[4032],"class_list":["post-560","event","type-event","status-publish","hentry","locations-santiago","events_tax-academico"],"yoast_head":"<!-- This site is optimized with the Yoast SEO plugin v26.9 - https:\/\/yoast.com\/product\/yoast-seo-wordpress\/ -->\n<title>Foro Interfacultades: Donaci\u00f3n de \u00f3rganos, mitos y verdades - Observatorio de Bio\u00e9tica y Derecho<\/title>\n<meta name=\"robots\" content=\"index, follow, max-snippet:-1, max-image-preview:large, max-video-preview:-1\" \/>\n<link rel=\"canonical\" href=\"https:\/\/medicina.udd.cl\/observatorio-bioetica-derecho\/eventos\/foro-interfacultades-donacion-de-organos-mitos-y-verdades\/\" \/>\n<meta property=\"og:locale\" content=\"es_ES\" \/>\n<meta property=\"og:type\" content=\"article\" \/>\n<meta property=\"og:title\" content=\"Foro Interfacultades: Donaci\u00f3n de \u00f3rganos, mitos y verdades - Observatorio de Bio\u00e9tica y Derecho\" \/>\n<meta property=\"og:description\" content=\"Se realizar\u00e1 en el AU 205 y contar\u00e1 con las ponencias de la Dra. Ana Mar\u00eda Arriagada y el director del Observatorio de Bio\u00e9tica y Derecho, Alberto Lecaros.\" \/>\n<meta property=\"og:url\" content=\"https:\/\/medicina.udd.cl\/observatorio-bioetica-derecho\/eventos\/foro-interfacultades-donacion-de-organos-mitos-y-verdades\/\" \/>\n<meta property=\"og:site_name\" content=\"Observatorio de Bio\u00e9tica y Derecho\" \/>\n<meta property=\"article:modified_time\" content=\"2022-07-07T22:30:59+00:00\" \/>\n<script type=\"application\/ld+json\" class=\"yoast-schema-graph\">{\"@context\":\"https:\/\/schema.org\",\"@graph\":[{\"@type\":\"WebPage\",\"@id\":\"https:\/\/medicina.udd.cl\/observatorio-bioetica-derecho\/eventos\/foro-interfacultades-donacion-de-organos-mitos-y-verdades\/\",\"url\":\"https:\/\/medicina.udd.cl\/observatorio-bioetica-derecho\/eventos\/foro-interfacultades-donacion-de-organos-mitos-y-verdades\/\",\"name\":\"Foro Interfacultades: Donaci\u00f3n de \u00f3rganos, mitos y verdades - Observatorio de Bio\u00e9tica y Derecho\",\"isPartOf\":{\"@id\":\"https:\/\/medicina.udd.cl\/observatorio-bioetica-derecho\/#website\"},\"datePublished\":\"2014-10-07T16:11:18+00:00\",\"dateModified\":\"2022-07-07T22:30:59+00:00\",\"breadcrumb\":{\"@id\":\"https:\/\/medicina.udd.cl\/observatorio-bioetica-derecho\/eventos\/foro-interfacultades-donacion-de-organos-mitos-y-verdades\/#breadcrumb\"},\"inLanguage\":\"es\",\"potentialAction\":[{\"@type\":\"ReadAction\",\"target\":[\"https:\/\/medicina.udd.cl\/observatorio-bioetica-derecho\/eventos\/foro-interfacultades-donacion-de-organos-mitos-y-verdades\/\"]}]},{\"@type\":\"BreadcrumbList\",\"@id\":\"https:\/\/medicina.udd.cl\/observatorio-bioetica-derecho\/eventos\/foro-interfacultades-donacion-de-organos-mitos-y-verdades\/#breadcrumb\",\"itemListElement\":[{\"@type\":\"ListItem\",\"position\":1,\"name\":\"Home\",\"item\":\"https:\/\/medicina.udd.cl\/observatorio-bioetica-derecho\/\"},{\"@type\":\"ListItem\",\"position\":2,\"name\":\"Eventos\",\"item\":\"https:\/\/medicina.udd.cl\/observatorio-bioetica-derecho\/eventos\/\"},{\"@type\":\"ListItem\",\"position\":3,\"name\":\"Foro Interfacultades: Donaci\u00f3n de \u00f3rganos, mitos y verdades\"}]},{\"@type\":\"WebSite\",\"@id\":\"https:\/\/medicina.udd.cl\/observatorio-bioetica-derecho\/#website\",\"url\":\"https:\/\/medicina.udd.cl\/observatorio-bioetica-derecho\/\",\"name\":\"Observatorio de Bio\u00e9tica y Derecho\",\"description\":\"Observatorio de Bio\u00e9tica y Derecho\",\"inLanguage\":\"es\"}]}<\/script>\n<!-- \/ Yoast SEO plugin. -->","yoast_head_json":{"title":"Foro Interfacultades: Donaci\u00f3n de \u00f3rganos, mitos y verdades - Observatorio de Bio\u00e9tica y Derecho","robots":{"index":"index","follow":"follow","max-snippet":"max-snippet:-1","max-image-preview":"max-image-preview:large","max-video-preview":"max-video-preview:-1"},"canonical":"https:\/\/medicina.udd.cl\/observatorio-bioetica-derecho\/eventos\/foro-interfacultades-donacion-de-organos-mitos-y-verdades\/","og_locale":"es_ES","og_type":"article","og_title":"Foro Interfacultades: Donaci\u00f3n de \u00f3rganos, mitos y verdades - Observatorio de Bio\u00e9tica y Derecho","og_description":"Se realizar\u00e1 en el AU 205 y contar\u00e1 con las ponencias de la Dra. Ana Mar\u00eda Arriagada y el director del Observatorio de Bio\u00e9tica y Derecho, Alberto Lecaros.","og_url":"https:\/\/medicina.udd.cl\/observatorio-bioetica-derecho\/eventos\/foro-interfacultades-donacion-de-organos-mitos-y-verdades\/","og_site_name":"Observatorio de Bio\u00e9tica y Derecho","article_modified_time":"2022-07-07T22:30:59+00:00","schema":{"@context":"https:\/\/schema.org","@graph":[{"@type":"WebPage","@id":"https:\/\/medicina.udd.cl\/observatorio-bioetica-derecho\/eventos\/foro-interfacultades-donacion-de-organos-mitos-y-verdades\/","url":"https:\/\/medicina.udd.cl\/observatorio-bioetica-derecho\/eventos\/foro-interfacultades-donacion-de-organos-mitos-y-verdades\/","name":"Foro Interfacultades: Donaci\u00f3n de \u00f3rganos, mitos y verdades - Observatorio de Bio\u00e9tica y Derecho","isPartOf":{"@id":"https:\/\/medicina.udd.cl\/observatorio-bioetica-derecho\/#website"},"datePublished":"2014-10-07T16:11:18+00:00","dateModified":"2022-07-07T22:30:59+00:00","breadcrumb":{"@id":"https:\/\/medicina.udd.cl\/observatorio-bioetica-derecho\/eventos\/foro-interfacultades-donacion-de-organos-mitos-y-verdades\/#breadcrumb"},"inLanguage":"es","potentialAction":[{"@type":"ReadAction","target":["https:\/\/medicina.udd.cl\/observatorio-bioetica-derecho\/eventos\/foro-interfacultades-donacion-de-organos-mitos-y-verdades\/"]}]},{"@type":"BreadcrumbList","@id":"https:\/\/medicina.udd.cl\/observatorio-bioetica-derecho\/eventos\/foro-interfacultades-donacion-de-organos-mitos-y-verdades\/#breadcrumb","itemListElement":[{"@type":"ListItem","position":1,"name":"Home","item":"https:\/\/medicina.udd.cl\/observatorio-bioetica-derecho\/"},{"@type":"ListItem","position":2,"name":"Eventos","item":"https:\/\/medicina.udd.cl\/observatorio-bioetica-derecho\/eventos\/"},{"@type":"ListItem","position":3,"name":"Foro Interfacultades: Donaci\u00f3n de \u00f3rganos, mitos y verdades"}]},{"@type":"WebSite","@id":"https:\/\/medicina.udd.cl\/observatorio-bioetica-derecho\/#website","url":"https:\/\/medicina.udd.cl\/observatorio-bioetica-derecho\/","name":"Observatorio de Bio\u00e9tica y Derecho","description":"Observatorio de Bio\u00e9tica y Derecho","inLanguage":"es"}]}},"dtstart":"2014-10-15T12:30:00-03:00","dtend":false,"full_day":false,"attendance_mode":"","_links":{"self":[{"href":"https:\/\/medicina.udd.cl\/observatorio-bioetica-derecho\/wp-json\/wp\/v2\/events\/560","targetHints":{"allow":["GET"]}}],"collection":[{"href":"https:\/\/medicina.udd.cl\/observatorio-bioetica-derecho\/wp-json\/wp\/v2\/events"}],"about":[{"href":"https:\/\/medicina.udd.cl\/observatorio-bioetica-derecho\/wp-json\/wp\/v2\/types\/event"}],"author":[{"embeddable":true,"href":"https:\/\/medicina.udd.cl\/observatorio-bioetica-derecho\/wp-json\/wp\/v2\/users\/42"}],"version-history":[{"count":1,"href":"https:\/\/medicina.udd.cl\/observatorio-bioetica-derecho\/wp-json\/wp\/v2\/events\/560\/revisions"}],"predecessor-version":[{"id":1122,"href":"https:\/\/medicina.udd.cl\/observatorio-bioetica-derecho\/wp-json\/wp\/v2\/events\/560\/revisions\/1122"}],"wp:attachment":[{"href":"https:\/\/medicina.udd.cl\/observatorio-bioetica-derecho\/wp-json\/wp\/v2\/media?parent=560"}],"wp:term":[{"taxonomy":"locations","embeddable":true,"href":"https:\/\/medicina.udd.cl\/observatorio-bioetica-derecho\/wp-json\/wp\/v2\/locations?post=560"},{"taxonomy":"events_tax","embeddable":true,"href":"https:\/\/medicina.udd.cl\/observatorio-bioetica-derecho\/wp-json\/wp\/v2\/events-tax?post=560"}],"curies":[{"name":"wp","href":"https:\/\/api.w.org\/{rel}","templated":true}]}}

Foro Interfacultades: Donación de órganos, mitos y verdades

<p>Se realizará en el AU 205 y contará con las ponencias de la Dra. Ana María Arriagada y el director del Observatorio de Bioética y Derecho, Alberto Lecaros.</p>

<!-- This site is optimized with the Yoast SEO plugin v26.9 - https://yoast.com/product/yoast-seo-wordpress/ -->
<title>Foro Interfacultades: Donación de órganos, mitos y verdades - Observatorio de Bioética y Derecho</title>
<meta name="robots" content="index, follow, max-snippet:-1, max-image-preview:large, max-video-preview:-1" />
<link rel="canonical" href="https://medicina.udd.cl/observatorio-bioetica-derecho/eventos/foro-interfacultades-donacion-de-organos-mitos-y-verdades/" />
<meta property="og:locale" content="es_ES" />
<meta property="og:type" content="article" />
<meta property="og:title" content="Foro Interfacultades: Donación de órganos, mitos y verdades - Observatorio de Bioética y Derecho" />
<meta property="og:description" content="Se realizará en el AU 205 y contará con las ponencias de la Dra. Ana María Arriagada y el director del Observatorio de Bioética y Derecho, Alberto Lecaros." />
<meta property="og:url" content="https://medicina.udd.cl/observatorio-bioetica-derecho/eventos/foro-interfacultades-donacion-de-organos-mitos-y-verdades/" />
<meta property="og:site_name" content="Observatorio de Bioética y Derecho" />
<meta property="article:modified_time" content="2022-07-07T22:30:59+00:00" />
<script type="application/ld+json" class="yoast-schema-graph">{"@context":"https://schema.org","@graph":[{"@type":"WebPage","@id":"https://medicina.udd.cl/observatorio-bioetica-derecho/eventos/foro-interfacultades-donacion-de-organos-mitos-y-verdades/","url":"https://medicina.udd.cl/observatorio-bioetica-derecho/eventos/foro-interfacultades-donacion-de-organos-mitos-y-verdades/","name":"Foro Interfacultades: Donación de órganos, mitos y verdades - Observatorio de Bioética y Derecho","isPartOf":{"@id":"https://medicina.udd.cl/observatorio-bioetica-derecho/#website"},"datePublished":"2014-10-07T16:11:18+00:00","dateModified":"2022-07-07T22:30:59+00:00","breadcrumb":{"@id":"https://medicina.udd.cl/observatorio-bioetica-derecho/eventos/foro-interfacultades-donacion-de-organos-mitos-y-verdades/#breadcrumb"},"inLanguage":"es","potentialAction":[{"@type":"ReadAction","target":["https://medicina.udd.cl/observatorio-bioetica-derecho/eventos/foro-interfacultades-donacion-de-organos-mitos-y-verdades/"]}]},{"@type":"BreadcrumbList","@id":"https://medicina.udd.cl/observatorio-bioetica-derecho/eventos/foro-interfacultades-donacion-de-organos-mitos-y-verdades/#breadcrumb","itemListElement":[{"@type":"ListItem","position":1,"name":"Home","item":"https://medicina.udd.cl/observatorio-bioetica-derecho/"},{"@type":"ListItem","position":2,"name":"Eventos","item":"https://medicina.udd.cl/observatorio-bioetica-derecho/eventos/"},{"@type":"ListItem","position":3,"name":"Foro Interfacultades: Donación de órganos, mitos y verdades"}]},{"@type":"WebSite","@id":"https://medicina.udd.cl/observatorio-bioetica-derecho/#website","url":"https://medicina.udd.cl/observatorio-bioetica-derecho/","name":"Observatorio de Bioética y Derecho","description":"Observatorio de Bioética y Derecho","inLanguage":"es"}]}</script>
<!-- / Yoast SEO plugin. -->

Foro Interfacultades: Donación de órganos, mitos y verdades - Observatorio de Bioética y Derecho

Se realizará en el AU 205 y contará con las ponencias de la Dra. Ana María Arriagada y el director del Observatorio de Bioética y Derecho, Alberto Lecaros.

Observatorio de Bioética y Derecho
