{"id":627,"date":"2014-11-14T16:35:03","date_gmt":"2014-11-14T19:35:03","guid":{"rendered":"http:\/\/medicina.udd.cl\/observatorio-bioetica-derecho\/?post_type=event&#038;p=627"},"modified":"2022-07-07T18:30:59","modified_gmt":"2022-07-07T22:30:59","slug":"1er-seminario-internacional-de-bioderecho","status":"publish","type":"event","link":"https:\/\/medicina.udd.cl\/observatorio-bioetica-derecho\/eventos\/1er-seminario-internacional-de-bioderecho\/","title":{"rendered":"1er Seminario Internacional de Bioderecho"},"content":{"rendered":"<p>El Observatorio de Bio\u00e9tica y Derecho, y las Facultades de Derecho y Medicina de la Universidad del Desarrollo invitan a la comunidad acad\u00e9mica nacional e internacional, y al p\u00fablico en general, a asistir al Primer Seminario Internacional de Bioderecho, a realizarse en Santiago de Chile, los d\u00edas 12 y 13 de marzo de 2015.<\/p>\n","protected":false},"author":42,"featured_media":0,"template":"","locations":[4020],"events-tax":[4032],"class_list":["post-627","event","type-event","status-publish","hentry","locations-santiago","events_tax-academico"],"yoast_head":"<!-- This site is optimized with the Yoast SEO plugin v26.9 - https:\/\/yoast.com\/product\/yoast-seo-wordpress\/ -->\n<title>1er Seminario Internacional de Bioderecho - Observatorio de Bio\u00e9tica y Derecho<\/title>\n<meta name=\"robots\" content=\"index, follow, max-snippet:-1, max-image-preview:large, max-video-preview:-1\" \/>\n<link rel=\"canonical\" href=\"https:\/\/medicina.udd.cl\/observatorio-bioetica-derecho\/eventos\/1er-seminario-internacional-de-bioderecho\/\" \/>\n<meta property=\"og:locale\" content=\"es_ES\" \/>\n<meta property=\"og:type\" content=\"article\" \/>\n<meta property=\"og:title\" content=\"1er Seminario Internacional de Bioderecho - Observatorio de Bio\u00e9tica y Derecho\" \/>\n<meta property=\"og:description\" content=\"El Observatorio de Bio\u00e9tica y Derecho, y las Facultades de Derecho y Medicina de la Universidad del Desarrollo invitan a la comunidad acad\u00e9mica nacional e internacional, y al p\u00fablico en general, a asistir al Primer Seminario Internacional de Bioderecho, a realizarse en Santiago de Chile, los d\u00edas 12 y 13 de marzo de 2015.\" \/>\n<meta property=\"og:url\" content=\"https:\/\/medicina.udd.cl\/observatorio-bioetica-derecho\/eventos\/1er-seminario-internacional-de-bioderecho\/\" \/>\n<meta property=\"og:site_name\" content=\"Observatorio de Bio\u00e9tica y Derecho\" \/>\n<meta property=\"article:modified_time\" content=\"2022-07-07T22:30:59+00:00\" \/>\n<script type=\"application\/ld+json\" class=\"yoast-schema-graph\">{\"@context\":\"https:\/\/schema.org\",\"@graph\":[{\"@type\":\"WebPage\",\"@id\":\"https:\/\/medicina.udd.cl\/observatorio-bioetica-derecho\/eventos\/1er-seminario-internacional-de-bioderecho\/\",\"url\":\"https:\/\/medicina.udd.cl\/observatorio-bioetica-derecho\/eventos\/1er-seminario-internacional-de-bioderecho\/\",\"name\":\"1er Seminario Internacional de Bioderecho - Observatorio de Bio\u00e9tica y Derecho\",\"isPartOf\":{\"@id\":\"https:\/\/medicina.udd.cl\/observatorio-bioetica-derecho\/#website\"},\"datePublished\":\"2014-11-14T19:35:03+00:00\",\"dateModified\":\"2022-07-07T22:30:59+00:00\",\"breadcrumb\":{\"@id\":\"https:\/\/medicina.udd.cl\/observatorio-bioetica-derecho\/eventos\/1er-seminario-internacional-de-bioderecho\/#breadcrumb\"},\"inLanguage\":\"es\",\"potentialAction\":[{\"@type\":\"ReadAction\",\"target\":[\"https:\/\/medicina.udd.cl\/observatorio-bioetica-derecho\/eventos\/1er-seminario-internacional-de-bioderecho\/\"]}]},{\"@type\":\"BreadcrumbList\",\"@id\":\"https:\/\/medicina.udd.cl\/observatorio-bioetica-derecho\/eventos\/1er-seminario-internacional-de-bioderecho\/#breadcrumb\",\"itemListElement\":[{\"@type\":\"ListItem\",\"position\":1,\"name\":\"Home\",\"item\":\"https:\/\/medicina.udd.cl\/observatorio-bioetica-derecho\/\"},{\"@type\":\"ListItem\",\"position\":2,\"name\":\"Eventos\",\"item\":\"https:\/\/medicina.udd.cl\/observatorio-bioetica-derecho\/eventos\/\"},{\"@type\":\"ListItem\",\"position\":3,\"name\":\"1er Seminario Internacional de Bioderecho\"}]},{\"@type\":\"WebSite\",\"@id\":\"https:\/\/medicina.udd.cl\/observatorio-bioetica-derecho\/#website\",\"url\":\"https:\/\/medicina.udd.cl\/observatorio-bioetica-derecho\/\",\"name\":\"Observatorio de Bio\u00e9tica y Derecho\",\"description\":\"Observatorio de Bio\u00e9tica y Derecho\",\"inLanguage\":\"es\"}]}<\/script>\n<!-- \/ Yoast SEO plugin. -->","yoast_head_json":{"title":"1er Seminario Internacional de Bioderecho - Observatorio de Bio\u00e9tica y Derecho","robots":{"index":"index","follow":"follow","max-snippet":"max-snippet:-1","max-image-preview":"max-image-preview:large","max-video-preview":"max-video-preview:-1"},"canonical":"https:\/\/medicina.udd.cl\/observatorio-bioetica-derecho\/eventos\/1er-seminario-internacional-de-bioderecho\/","og_locale":"es_ES","og_type":"article","og_title":"1er Seminario Internacional de Bioderecho - Observatorio de Bio\u00e9tica y Derecho","og_description":"El Observatorio de Bio\u00e9tica y Derecho, y las Facultades de Derecho y Medicina de la Universidad del Desarrollo invitan a la comunidad acad\u00e9mica nacional e internacional, y al p\u00fablico en general, a asistir al Primer Seminario Internacional de Bioderecho, a realizarse en Santiago de Chile, los d\u00edas 12 y 13 de marzo de 2015.","og_url":"https:\/\/medicina.udd.cl\/observatorio-bioetica-derecho\/eventos\/1er-seminario-internacional-de-bioderecho\/","og_site_name":"Observatorio de Bio\u00e9tica y Derecho","article_modified_time":"2022-07-07T22:30:59+00:00","schema":{"@context":"https:\/\/schema.org","@graph":[{"@type":"WebPage","@id":"https:\/\/medicina.udd.cl\/observatorio-bioetica-derecho\/eventos\/1er-seminario-internacional-de-bioderecho\/","url":"https:\/\/medicina.udd.cl\/observatorio-bioetica-derecho\/eventos\/1er-seminario-internacional-de-bioderecho\/","name":"1er Seminario Internacional de Bioderecho - Observatorio de Bio\u00e9tica y Derecho","isPartOf":{"@id":"https:\/\/medicina.udd.cl\/observatorio-bioetica-derecho\/#website"},"datePublished":"2014-11-14T19:35:03+00:00","dateModified":"2022-07-07T22:30:59+00:00","breadcrumb":{"@id":"https:\/\/medicina.udd.cl\/observatorio-bioetica-derecho\/eventos\/1er-seminario-internacional-de-bioderecho\/#breadcrumb"},"inLanguage":"es","potentialAction":[{"@type":"ReadAction","target":["https:\/\/medicina.udd.cl\/observatorio-bioetica-derecho\/eventos\/1er-seminario-internacional-de-bioderecho\/"]}]},{"@type":"BreadcrumbList","@id":"https:\/\/medicina.udd.cl\/observatorio-bioetica-derecho\/eventos\/1er-seminario-internacional-de-bioderecho\/#breadcrumb","itemListElement":[{"@type":"ListItem","position":1,"name":"Home","item":"https:\/\/medicina.udd.cl\/observatorio-bioetica-derecho\/"},{"@type":"ListItem","position":2,"name":"Eventos","item":"https:\/\/medicina.udd.cl\/observatorio-bioetica-derecho\/eventos\/"},{"@type":"ListItem","position":3,"name":"1er Seminario Internacional de Bioderecho"}]},{"@type":"WebSite","@id":"https:\/\/medicina.udd.cl\/observatorio-bioetica-derecho\/#website","url":"https:\/\/medicina.udd.cl\/observatorio-bioetica-derecho\/","name":"Observatorio de Bio\u00e9tica y Derecho","description":"Observatorio de Bio\u00e9tica y Derecho","inLanguage":"es"}]}},"dtstart":"2015-03-12T08:00:00-03:00","dtend":false,"full_day":false,"attendance_mode":"OnlineEventAttendanceMode","_links":{"self":[{"href":"https:\/\/medicina.udd.cl\/observatorio-bioetica-derecho\/wp-json\/wp\/v2\/events\/627","targetHints":{"allow":["GET"]}}],"collection":[{"href":"https:\/\/medicina.udd.cl\/observatorio-bioetica-derecho\/wp-json\/wp\/v2\/events"}],"about":[{"href":"https:\/\/medicina.udd.cl\/observatorio-bioetica-derecho\/wp-json\/wp\/v2\/types\/event"}],"author":[{"embeddable":true,"href":"https:\/\/medicina.udd.cl\/observatorio-bioetica-derecho\/wp-json\/wp\/v2\/users\/42"}],"version-history":[{"count":1,"href":"https:\/\/medicina.udd.cl\/observatorio-bioetica-derecho\/wp-json\/wp\/v2\/events\/627\/revisions"}],"predecessor-version":[{"id":1118,"href":"https:\/\/medicina.udd.cl\/observatorio-bioetica-derecho\/wp-json\/wp\/v2\/events\/627\/revisions\/1118"}],"wp:attachment":[{"href":"https:\/\/medicina.udd.cl\/observatorio-bioetica-derecho\/wp-json\/wp\/v2\/media?parent=627"}],"wp:term":[{"taxonomy":"locations","embeddable":true,"href":"https:\/\/medicina.udd.cl\/observatorio-bioetica-derecho\/wp-json\/wp\/v2\/locations?post=627"},{"taxonomy":"events_tax","embeddable":true,"href":"https:\/\/medicina.udd.cl\/observatorio-bioetica-derecho\/wp-json\/wp\/v2\/events-tax?post=627"}],"curies":[{"name":"wp","href":"https:\/\/api.w.org\/{rel}","templated":true}]}}

<p>El Observatorio de Bioética y Derecho, y las Facultades de Derecho y Medicina de la Universidad del Desarrollo invitan a la comunidad académica nacional e internacional, y al público en general, a asistir al Primer Seminario Internacional de Bioderecho, a realizarse en Santiago de Chile, los días 12 y 13 de marzo de 2015.</p>

<!-- This site is optimized with the Yoast SEO plugin v26.9 - https://yoast.com/product/yoast-seo-wordpress/ -->
<title>1er Seminario Internacional de Bioderecho - Observatorio de Bioética y Derecho</title>
<meta name="robots" content="index, follow, max-snippet:-1, max-image-preview:large, max-video-preview:-1" />
<link rel="canonical" href="https://medicina.udd.cl/observatorio-bioetica-derecho/eventos/1er-seminario-internacional-de-bioderecho/" />
<meta property="og:locale" content="es_ES" />
<meta property="og:type" content="article" />
<meta property="og:title" content="1er Seminario Internacional de Bioderecho - Observatorio de Bioética y Derecho" />
<meta property="og:description" content="El Observatorio de Bioética y Derecho, y las Facultades de Derecho y Medicina de la Universidad del Desarrollo invitan a la comunidad académica nacional e internacional, y al público en general, a asistir al Primer Seminario Internacional de Bioderecho, a realizarse en Santiago de Chile, los días 12 y 13 de marzo de 2015." />
<meta property="og:url" content="https://medicina.udd.cl/observatorio-bioetica-derecho/eventos/1er-seminario-internacional-de-bioderecho/" />
<meta property="og:site_name" content="Observatorio de Bioética y Derecho" />
<meta property="article:modified_time" content="2022-07-07T22:30:59+00:00" />
<script type="application/ld+json" class="yoast-schema-graph">{"@context":"https://schema.org","@graph":[{"@type":"WebPage","@id":"https://medicina.udd.cl/observatorio-bioetica-derecho/eventos/1er-seminario-internacional-de-bioderecho/","url":"https://medicina.udd.cl/observatorio-bioetica-derecho/eventos/1er-seminario-internacional-de-bioderecho/","name":"1er Seminario Internacional de Bioderecho - Observatorio de Bioética y Derecho","isPartOf":{"@id":"https://medicina.udd.cl/observatorio-bioetica-derecho/#website"},"datePublished":"2014-11-14T19:35:03+00:00","dateModified":"2022-07-07T22:30:59+00:00","breadcrumb":{"@id":"https://medicina.udd.cl/observatorio-bioetica-derecho/eventos/1er-seminario-internacional-de-bioderecho/#breadcrumb"},"inLanguage":"es","potentialAction":[{"@type":"ReadAction","target":["https://medicina.udd.cl/observatorio-bioetica-derecho/eventos/1er-seminario-internacional-de-bioderecho/"]}]},{"@type":"BreadcrumbList","@id":"https://medicina.udd.cl/observatorio-bioetica-derecho/eventos/1er-seminario-internacional-de-bioderecho/#breadcrumb","itemListElement":[{"@type":"ListItem","position":1,"name":"Home","item":"https://medicina.udd.cl/observatorio-bioetica-derecho/"},{"@type":"ListItem","position":2,"name":"Eventos","item":"https://medicina.udd.cl/observatorio-bioetica-derecho/eventos/"},{"@type":"ListItem","position":3,"name":"1er Seminario Internacional de Bioderecho"}]},{"@type":"WebSite","@id":"https://medicina.udd.cl/observatorio-bioetica-derecho/#website","url":"https://medicina.udd.cl/observatorio-bioetica-derecho/","name":"Observatorio de Bioética y Derecho","description":"Observatorio de Bioética y Derecho","inLanguage":"es"}]}</script>
<!-- / Yoast SEO plugin. -->

1er Seminario Internacional de Bioderecho - Observatorio de Bioética y Derecho

El Observatorio de Bioética y Derecho, y las Facultades de Derecho y Medicina de la Universidad del Desarrollo invitan a la comunidad académica nacional e internacional, y al público en general, a asistir al Primer Seminario Internacional de Bioderecho, a realizarse en Santiago de Chile, los días 12 y 13 de marzo de 2015.

Observatorio de Bioética y Derecho
