{"id":1242,"date":"2025-04-22T12:32:36","date_gmt":"2025-04-22T16:32:36","guid":{"rendered":"https:\/\/medicina.udd.cl\/observatorio-bioetica-derecho\/files\/2025\/04\/facebook-1080x1080px.jpg"},"modified":"2025-04-22T12:32:36","modified_gmt":"2025-04-22T16:32:36","slug":"facebook-1080x1080px","status":"inherit","type":"attachment","link":"https:\/\/medicina.udd.cl\/observatorio-bioetica-derecho\/noticias\/2025\/04\/16\/realizan-lanzamiento-de-libro-sobre-filosofia-ambiental-que-promueve-una-ciudadania-ecologica-planetaria\/facebook-1080x1080px\/","title":{"rendered":"FACEBOOK-1080x1080px"},"author":9192219,"featured_media":0,"comment_status":"","ping_status":"closed","template":"","meta":[],"class_list":["post-1242","attachment","type-attachment","status-inherit","hentry"],"yoast_head":"<!-- This site is optimized with the Yoast SEO plugin v26.9 - https:\/\/yoast.com\/product\/yoast-seo-wordpress\/ -->\n<title>FACEBOOK-1080x1080px - Observatorio de Bio\u00e9tica y Derecho<\/title>\n<meta name=\"robots\" content=\"index, follow, max-snippet:-1, max-image-preview:large, max-video-preview:-1\" \/>\n<link rel=\"canonical\" href=\"https:\/\/medicina.udd.cl\/observatorio-bioetica-derecho\/files\/2025\/04\/facebook-1080x1080px.jpg\" \/>\n<meta property=\"og:locale\" content=\"es_ES\" \/>\n<meta property=\"og:type\" content=\"article\" \/>\n<meta property=\"og:title\" content=\"FACEBOOK-1080x1080px - Observatorio de Bio\u00e9tica y Derecho\" \/>\n<meta property=\"og:url\" content=\"https:\/\/medicina.udd.cl\/observatorio-bioetica-derecho\/files\/2025\/04\/facebook-1080x1080px.jpg\" \/>\n<meta property=\"og:site_name\" content=\"Observatorio de Bio\u00e9tica y Derecho\" \/>\n<meta property=\"og:image\" content=\"https:\/\/medicina.udd.cl\/observatorio-bioetica-derecho\/files\/2025\/04\/facebook-1080x1080px.jpg\" \/>\n\t<meta property=\"og:image:width\" content=\"469\" \/>\n\t<meta property=\"og:image:height\" content=\"567\" \/>\n\t<meta property=\"og:image:type\" content=\"image\/jpeg\" \/>\n<script type=\"application\/ld+json\" class=\"yoast-schema-graph\">{\"@context\":\"https:\/\/schema.org\",\"@graph\":[{\"@type\":\"WebPage\",\"@id\":\"https:\/\/medicina.udd.cl\/observatorio-bioetica-derecho\/files\/2025\/04\/facebook-1080x1080px.jpg\",\"url\":\"https:\/\/medicina.udd.cl\/observatorio-bioetica-derecho\/files\/2025\/04\/facebook-1080x1080px.jpg\",\"name\":\"FACEBOOK-1080x1080px - Observatorio de Bio\u00e9tica y Derecho\",\"isPartOf\":{\"@id\":\"https:\/\/medicina.udd.cl\/observatorio-bioetica-derecho\/#website\"},\"datePublished\":\"2025-04-22T16:32:36+00:00\",\"breadcrumb\":{\"@id\":\"https:\/\/medicina.udd.cl\/observatorio-bioetica-derecho\/files\/2025\/04\/facebook-1080x1080px.jpg#breadcrumb\"},\"inLanguage\":\"es\",\"potentialAction\":[{\"@type\":\"ReadAction\",\"target\":[\"https:\/\/medicina.udd.cl\/observatorio-bioetica-derecho\/files\/2025\/04\/facebook-1080x1080px.jpg\"]}]},{\"@type\":\"BreadcrumbList\",\"@id\":\"https:\/\/medicina.udd.cl\/observatorio-bioetica-derecho\/files\/2025\/04\/facebook-1080x1080px.jpg#breadcrumb\",\"itemListElement\":[{\"@type\":\"ListItem\",\"position\":1,\"name\":\"Home\",\"item\":\"https:\/\/medicina.udd.cl\/observatorio-bioetica-derecho\/\"},{\"@type\":\"ListItem\",\"position\":2,\"name\":\"Realizan lanzamiento de libro sobre filosof\u00eda ambiental que promueve una ciudadan\u00eda ecol\u00f3gica planetaria\",\"item\":\"https:\/\/medicina.udd.cl\/observatorio-bioetica-derecho\/noticias\/2025\/04\/16\/realizan-lanzamiento-de-libro-sobre-filosofia-ambiental-que-promueve-una-ciudadania-ecologica-planetaria\/\"},{\"@type\":\"ListItem\",\"position\":3,\"name\":\"FACEBOOK-1080x1080px\"}]},{\"@type\":\"WebSite\",\"@id\":\"https:\/\/medicina.udd.cl\/observatorio-bioetica-derecho\/#website\",\"url\":\"https:\/\/medicina.udd.cl\/observatorio-bioetica-derecho\/\",\"name\":\"Observatorio de Bio\u00e9tica y Derecho\",\"description\":\"Observatorio de Bio\u00e9tica y Derecho\",\"inLanguage\":\"es\"}]}<\/script>\n<!-- \/ Yoast SEO plugin. -->","yoast_head_json":{"title":"FACEBOOK-1080x1080px - Observatorio de Bio\u00e9tica y Derecho","robots":{"index":"index","follow":"follow","max-snippet":"max-snippet:-1","max-image-preview":"max-image-preview:large","max-video-preview":"max-video-preview:-1"},"canonical":"https:\/\/medicina.udd.cl\/observatorio-bioetica-derecho\/files\/2025\/04\/facebook-1080x1080px.jpg","og_locale":"es_ES","og_type":"article","og_title":"FACEBOOK-1080x1080px - Observatorio de Bio\u00e9tica y Derecho","og_url":"https:\/\/medicina.udd.cl\/observatorio-bioetica-derecho\/files\/2025\/04\/facebook-1080x1080px.jpg","og_site_name":"Observatorio de Bio\u00e9tica y Derecho","og_image":[{"width":469,"height":567,"url":"https:\/\/medicina.udd.cl\/observatorio-bioetica-derecho\/files\/2025\/04\/facebook-1080x1080px.jpg","type":"image\/jpeg"}],"schema":{"@context":"https:\/\/schema.org","@graph":[{"@type":"WebPage","@id":"https:\/\/medicina.udd.cl\/observatorio-bioetica-derecho\/files\/2025\/04\/facebook-1080x1080px.jpg","url":"https:\/\/medicina.udd.cl\/observatorio-bioetica-derecho\/files\/2025\/04\/facebook-1080x1080px.jpg","name":"FACEBOOK-1080x1080px - Observatorio de Bio\u00e9tica y Derecho","isPartOf":{"@id":"https:\/\/medicina.udd.cl\/observatorio-bioetica-derecho\/#website"},"datePublished":"2025-04-22T16:32:36+00:00","breadcrumb":{"@id":"https:\/\/medicina.udd.cl\/observatorio-bioetica-derecho\/files\/2025\/04\/facebook-1080x1080px.jpg#breadcrumb"},"inLanguage":"es","potentialAction":[{"@type":"ReadAction","target":["https:\/\/medicina.udd.cl\/observatorio-bioetica-derecho\/files\/2025\/04\/facebook-1080x1080px.jpg"]}]},{"@type":"BreadcrumbList","@id":"https:\/\/medicina.udd.cl\/observatorio-bioetica-derecho\/files\/2025\/04\/facebook-1080x1080px.jpg#breadcrumb","itemListElement":[{"@type":"ListItem","position":1,"name":"Home","item":"https:\/\/medicina.udd.cl\/observatorio-bioetica-derecho\/"},{"@type":"ListItem","position":2,"name":"Realizan lanzamiento de libro sobre filosof\u00eda ambiental que promueve una ciudadan\u00eda ecol\u00f3gica planetaria","item":"https:\/\/medicina.udd.cl\/observatorio-bioetica-derecho\/noticias\/2025\/04\/16\/realizan-lanzamiento-de-libro-sobre-filosofia-ambiental-que-promueve-una-ciudadania-ecologica-planetaria\/"},{"@type":"ListItem","position":3,"name":"FACEBOOK-1080x1080px"}]},{"@type":"WebSite","@id":"https:\/\/medicina.udd.cl\/observatorio-bioetica-derecho\/#website","url":"https:\/\/medicina.udd.cl\/observatorio-bioetica-derecho\/","name":"Observatorio de Bio\u00e9tica y Derecho","description":"Observatorio de Bio\u00e9tica y Derecho","inLanguage":"es"}]}},"description":{"rendered":"<p class=\"attachment\"><a href='https:\/\/medicina.udd.cl\/observatorio-bioetica-derecho\/files\/2025\/04\/facebook-1080x1080px.jpg'><img loading=\"lazy\" decoding=\"async\" width=\"248\" height=\"300\" src=\"https:\/\/medicina.udd.cl\/observatorio-bioetica-derecho\/wp-content\/plugins\/wp-async-img-load\/blank.png\" class=\"attachment-medium size-medium lazyload\" alt=\"\" sizes=\"auto, (max-width: 248px) 100vw, 248px\" data-src=\"https:\/\/medicina.udd.cl\/observatorio-bioetica-derecho\/files\/2025\/04\/facebook-1080x1080px-248x300.jpg\" data-srcset=\"https:\/\/medicina.udd.cl\/observatorio-bioetica-derecho\/files\/2025\/04\/facebook-1080x1080px-248x300.jpg 248w, https:\/\/medicina.udd.cl\/observatorio-bioetica-derecho\/files\/2025\/04\/facebook-1080x1080px.jpg 469w\" \/><\/a><\/p>\n"},"caption":{"rendered":""},"alt_text":"","media_type":"image","mime_type":"image\/jpeg","media_details":{"width":469,"height":567,"file":"2025\/04\/facebook-1080x1080px.jpg","filesize":53668,"sizes":{"medium":{"file":"facebook-1080x1080px-248x300.jpg","width":248,"height":300,"filesize":12564,"mime_type":"image\/jpeg","source_url":"https:\/\/medicina.udd.cl\/observatorio-bioetica-derecho\/files\/2025\/04\/facebook-1080x1080px-248x300.jpg"},"thumbnail":{"file":"facebook-1080x1080px-150x150.jpg","width":150,"height":150,"filesize":4908,"mime_type":"image\/jpeg","source_url":"https:\/\/medicina.udd.cl\/observatorio-bioetica-derecho\/files\/2025\/04\/facebook-1080x1080px-150x150.jpg"},"newsletter_featured":{"file":"facebook-1080x1080px-316x224.jpg","width":316,"height":224,"filesize":11844,"mime_type":"image\/jpeg","source_url":"https:\/\/medicina.udd.cl\/observatorio-bioetica-derecho\/files\/2025\/04\/facebook-1080x1080px-316x224.jpg"},"newsletter_first":{"file":"facebook-1080x1080px-286x205.jpg","width":286,"height":205,"filesize":10093,"mime_type":"image\/jpeg","source_url":"https:\/\/medicina.udd.cl\/observatorio-bioetica-derecho\/files\/2025\/04\/facebook-1080x1080px-286x205.jpg"},"newsletter_thumb":{"file":"facebook-1080x1080px-288x150.jpg","width":288,"height":150,"filesize":8076,"mime_type":"image\/jpeg","source_url":"https:\/\/medicina.udd.cl\/observatorio-bioetica-derecho\/files\/2025\/04\/facebook-1080x1080px-288x150.jpg"},"newsletter_column":{"file":"facebook-1080x1080px-182x140.jpg","width":182,"height":140,"filesize":5391,"mime_type":"image\/jpeg","source_url":"https:\/\/medicina.udd.cl\/observatorio-bioetica-derecho\/files\/2025\/04\/facebook-1080x1080px-182x140.jpg"},"newsletter_square":{"file":"facebook-1080x1080px-62x62.jpg","width":62,"height":62,"filesize":1466,"mime_type":"image\/jpeg","source_url":"https:\/\/medicina.udd.cl\/observatorio-bioetica-derecho\/files\/2025\/04\/facebook-1080x1080px-62x62.jpg"},"newsletter_square_large":{"file":"facebook-1080x1080px-87x62.jpg","width":87,"height":62,"filesize":1714,"mime_type":"image\/jpeg","source_url":"https:\/\/medicina.udd.cl\/observatorio-bioetica-derecho\/files\/2025\/04\/facebook-1080x1080px-87x62.jpg"},"landscape_952":{"file":"facebook-1080x1080px-469x534.jpg","width":469,"height":534,"filesize":41196,"mime_type":"image\/jpeg","source_url":"https:\/\/medicina.udd.cl\/observatorio-bioetica-derecho\/files\/2025\/04\/facebook-1080x1080px-469x534.jpg"},"landscape_680":{"file":"facebook-1080x1080px-469x382.jpg","width":469,"height":382,"filesize":27393,"mime_type":"image\/jpeg","source_url":"https:\/\/medicina.udd.cl\/observatorio-bioetica-derecho\/files\/2025\/04\/facebook-1080x1080px-469x382.jpg"},"square_500":{"file":"facebook-1080x1080px-469x500.jpg","width":469,"height":500,"filesize":34667,"mime_type":"image\/jpeg","source_url":"https:\/\/medicina.udd.cl\/observatorio-bioetica-derecho\/files\/2025\/04\/facebook-1080x1080px-469x500.jpg"},"square_200":{"file":"facebook-1080x1080px-250x250.jpg","width":250,"height":250,"filesize":10856,"mime_type":"image\/jpeg","source_url":"https:\/\/medicina.udd.cl\/observatorio-bioetica-derecho\/files\/2025\/04\/facebook-1080x1080px-250x250.jpg"},"post-thumbnail":{"file":"facebook-1080x1080px-469x534.jpg","width":469,"height":534,"filesize":41196,"mime_type":"image\/jpeg","source_url":"https:\/\/medicina.udd.cl\/observatorio-bioetica-derecho\/files\/2025\/04\/facebook-1080x1080px-469x534.jpg"},"custom_content":{"file":"facebook-1080x1080px-126x126.jpg","width":126,"height":126,"filesize":3772,"mime_type":"image\/jpeg","source_url":"https:\/\/medicina.udd.cl\/observatorio-bioetica-derecho\/files\/2025\/04\/facebook-1080x1080px-126x126.jpg"},"full":{"file":"facebook-1080x1080px.jpg","width":469,"height":567,"mime_type":"image\/jpeg","source_url":"https:\/\/medicina.udd.cl\/observatorio-bioetica-derecho\/files\/2025\/04\/facebook-1080x1080px.jpg"}},"image_meta":{"aperture":"0","credit":"","camera":"","caption":"","created_timestamp":"0","copyright":"","focal_length":"0","iso":"0","shutter_speed":"0","title":"","orientation":"0","keywords":[]}},"post":1241,"source_url":"https:\/\/medicina.udd.cl\/observatorio-bioetica-derecho\/files\/2025\/04\/facebook-1080x1080px.jpg","_links":{"self":[{"href":"https:\/\/medicina.udd.cl\/observatorio-bioetica-derecho\/wp-json\/wp\/v2\/media\/1242","targetHints":{"allow":["GET"]}}],"collection":[{"href":"https:\/\/medicina.udd.cl\/observatorio-bioetica-derecho\/wp-json\/wp\/v2\/media"}],"about":[{"href":"https:\/\/medicina.udd.cl\/observatorio-bioetica-derecho\/wp-json\/wp\/v2\/types\/attachment"}],"author":[{"embeddable":true,"href":"https:\/\/medicina.udd.cl\/observatorio-bioetica-derecho\/wp-json\/wp\/v2\/users\/9192219"}],"replies":[{"embeddable":true,"href":"https:\/\/medicina.udd.cl\/observatorio-bioetica-derecho\/wp-json\/wp\/v2\/comments?post=1242"}],"wp:attached-to":[{"embeddable":true,"post_type":"post","id":1241,"href":"https:\/\/medicina.udd.cl\/observatorio-bioetica-derecho\/wp-json\/wp\/v2\/posts\/1241"}],"curies":[{"name":"wp","href":"https:\/\/api.w.org\/{rel}","templated":true}]}}

<!-- This site is optimized with the Yoast SEO plugin v26.9 - https://yoast.com/product/yoast-seo-wordpress/ -->
<title>FACEBOOK-1080x1080px - Observatorio de Bioética y Derecho</title>
<meta name="robots" content="index, follow, max-snippet:-1, max-image-preview:large, max-video-preview:-1" />
<link rel="canonical" href="https://medicina.udd.cl/observatorio-bioetica-derecho/files/2025/04/facebook-1080x1080px.jpg" />
<meta property="og:locale" content="es_ES" />
<meta property="og:type" content="article" />
<meta property="og:title" content="FACEBOOK-1080x1080px - Observatorio de Bioética y Derecho" />
<meta property="og:url" content="https://medicina.udd.cl/observatorio-bioetica-derecho/files/2025/04/facebook-1080x1080px.jpg" />
<meta property="og:site_name" content="Observatorio de Bioética y Derecho" />
<meta property="og:image" content="https://medicina.udd.cl/observatorio-bioetica-derecho/files/2025/04/facebook-1080x1080px.jpg" />
	<meta property="og:image:width" content="469" />
	<meta property="og:image:height" content="567" />
	<meta property="og:image:type" content="image/jpeg" />
<script type="application/ld+json" class="yoast-schema-graph">{"@context":"https://schema.org","@graph":[{"@type":"WebPage","@id":"https://medicina.udd.cl/observatorio-bioetica-derecho/files/2025/04/facebook-1080x1080px.jpg","url":"https://medicina.udd.cl/observatorio-bioetica-derecho/files/2025/04/facebook-1080x1080px.jpg","name":"FACEBOOK-1080x1080px - Observatorio de Bioética y Derecho","isPartOf":{"@id":"https://medicina.udd.cl/observatorio-bioetica-derecho/#website"},"datePublished":"2025-04-22T16:32:36+00:00","breadcrumb":{"@id":"https://medicina.udd.cl/observatorio-bioetica-derecho/files/2025/04/facebook-1080x1080px.jpg#breadcrumb"},"inLanguage":"es","potentialAction":[{"@type":"ReadAction","target":["https://medicina.udd.cl/observatorio-bioetica-derecho/files/2025/04/facebook-1080x1080px.jpg"]}]},{"@type":"BreadcrumbList","@id":"https://medicina.udd.cl/observatorio-bioetica-derecho/files/2025/04/facebook-1080x1080px.jpg#breadcrumb","itemListElement":[{"@type":"ListItem","position":1,"name":"Home","item":"https://medicina.udd.cl/observatorio-bioetica-derecho/"},{"@type":"ListItem","position":2,"name":"Realizan lanzamiento de libro sobre filosofía ambiental que promueve una ciudadanía ecológica planetaria","item":"https://medicina.udd.cl/observatorio-bioetica-derecho/noticias/2025/04/16/realizan-lanzamiento-de-libro-sobre-filosofia-ambiental-que-promueve-una-ciudadania-ecologica-planetaria/"},{"@type":"ListItem","position":3,"name":"FACEBOOK-1080x1080px"}]},{"@type":"WebSite","@id":"https://medicina.udd.cl/observatorio-bioetica-derecho/#website","url":"https://medicina.udd.cl/observatorio-bioetica-derecho/","name":"Observatorio de Bioética y Derecho","description":"Observatorio de Bioética y Derecho","inLanguage":"es"}]}</script>
<!-- / Yoast SEO plugin. -->

FACEBOOK-1080x1080px - Observatorio de Bioética y Derecho

Observatorio de Bioética y Derecho

Realizan lanzamiento de libro sobre filosofía ambiental que promueve una ciudadanía ecológica planetaria
