{"id":57,"date":"2012-08-03T03:35:35","date_gmt":"2012-08-03T07:35:35","guid":{"rendered":"http:\/\/medicina.udd.cl\/obd\/"},"modified":"2021-04-23T11:03:16","modified_gmt":"2021-04-23T15:03:16","slug":"seminario-academico","status":"publish","type":"page","link":"https:\/\/medicina.udd.cl\/observatorio-bioetica-derecho\/eventos-y-actividades\/seminario-academico\/","title":{"rendered":"Seminario Acad\u00e9mico"},"content":{"rendered":"<p style=\"text-align: justify;\">El Observatorio de Bio\u00e9tica y Derecho UDD organiza cada semestre un Seminario Acad\u00e9mico con la participaci\u00f3n de expertos nacionales e internacional. Cada Facultad se encarga de &nbsp;la realizaci\u00f3n de un seminario al a\u00f1o. Los temas de los seminarios y los invitados son definidos en la reuni\u00f3n anual de planificaci\u00f3n. El objetivo de los Seminarios Acad\u00e9micos es poner en discusi\u00f3n un tema a\u00fan no legislado y\/o con una pol\u00edtica p\u00fablica a revisar en Chile, que requiere a corto o mediano plazo un debate p\u00fablico abierto y plural. Por eso mismo, los temas de los Seminarios Acad\u00e9micos persiguen el prop\u00f3sito de poner a prueba, en sede acad\u00e9mica, la necesidad de un debate social amplio sobre el mismo, el cual puede ser posteriormente puesto en la agenda de los Seminarios de Debate P\u00fablico.<\/p>\n<p style=\"text-align: justify;\">\n","protected":false},"excerpt":{"rendered":"<p>Revisa en qu\u00e9 consiste este seminario que reunir\u00e1 cada semestre a diversos acad\u00e9micos nacionales.<\/p>\n","protected":false},"author":9192194,"featured_media":0,"parent":5,"menu_order":0,"comment_status":"open","ping_status":"open","template":"","meta":{"footnotes":""},"class_list":["post-57","page","type-page","status-publish","hentry"],"yoast_head":"<!-- This site is optimized with the Yoast SEO plugin v26.9 - https:\/\/yoast.com\/product\/yoast-seo-wordpress\/ -->\n<title>Seminario Acad\u00e9mico - Observatorio de Bio\u00e9tica y Derecho<\/title>\n<meta name=\"robots\" content=\"index, follow, max-snippet:-1, max-image-preview:large, max-video-preview:-1\" \/>\n<link rel=\"canonical\" href=\"https:\/\/medicina.udd.cl\/observatorio-bioetica-derecho\/eventos-y-actividades\/seminario-academico\/\" \/>\n<meta property=\"og:locale\" content=\"es_ES\" \/>\n<meta property=\"og:type\" content=\"article\" \/>\n<meta property=\"og:title\" content=\"Seminario Acad\u00e9mico - Observatorio de Bio\u00e9tica y Derecho\" \/>\n<meta property=\"og:description\" content=\"Revisa en qu\u00e9 consiste este seminario que reunir\u00e1 cada semestre a diversos acad\u00e9micos nacionales.\" \/>\n<meta property=\"og:url\" content=\"https:\/\/medicina.udd.cl\/observatorio-bioetica-derecho\/eventos-y-actividades\/seminario-academico\/\" \/>\n<meta property=\"og:site_name\" content=\"Observatorio de Bio\u00e9tica y Derecho\" \/>\n<meta property=\"article:modified_time\" content=\"2021-04-23T15:03:16+00:00\" \/>\n<meta name=\"twitter:label1\" content=\"Tiempo de lectura\" \/>\n\t<meta name=\"twitter:data1\" content=\"1 minuto\" \/>\n<script type=\"application\/ld+json\" class=\"yoast-schema-graph\">{\"@context\":\"https:\/\/schema.org\",\"@graph\":[{\"@type\":\"WebPage\",\"@id\":\"https:\/\/medicina.udd.cl\/observatorio-bioetica-derecho\/eventos-y-actividades\/seminario-academico\/\",\"url\":\"https:\/\/medicina.udd.cl\/observatorio-bioetica-derecho\/eventos-y-actividades\/seminario-academico\/\",\"name\":\"Seminario Acad\u00e9mico - Observatorio de Bio\u00e9tica y Derecho\",\"isPartOf\":{\"@id\":\"https:\/\/medicina.udd.cl\/observatorio-bioetica-derecho\/#website\"},\"datePublished\":\"2012-08-03T07:35:35+00:00\",\"dateModified\":\"2021-04-23T15:03:16+00:00\",\"breadcrumb\":{\"@id\":\"https:\/\/medicina.udd.cl\/observatorio-bioetica-derecho\/eventos-y-actividades\/seminario-academico\/#breadcrumb\"},\"inLanguage\":\"es\",\"potentialAction\":[{\"@type\":\"ReadAction\",\"target\":[\"https:\/\/medicina.udd.cl\/observatorio-bioetica-derecho\/eventos-y-actividades\/seminario-academico\/\"]}]},{\"@type\":\"BreadcrumbList\",\"@id\":\"https:\/\/medicina.udd.cl\/observatorio-bioetica-derecho\/eventos-y-actividades\/seminario-academico\/#breadcrumb\",\"itemListElement\":[{\"@type\":\"ListItem\",\"position\":1,\"name\":\"Home\",\"item\":\"https:\/\/medicina.udd.cl\/observatorio-bioetica-derecho\/\"},{\"@type\":\"ListItem\",\"position\":2,\"name\":\"Eventos y actividades\",\"item\":\"https:\/\/medicina.udd.cl\/observatorio-bioetica-derecho\/?page_id=5\"},{\"@type\":\"ListItem\",\"position\":3,\"name\":\"Seminario Acad\u00e9mico\"}]},{\"@type\":\"WebSite\",\"@id\":\"https:\/\/medicina.udd.cl\/observatorio-bioetica-derecho\/#website\",\"url\":\"https:\/\/medicina.udd.cl\/observatorio-bioetica-derecho\/\",\"name\":\"Observatorio de Bio\u00e9tica y Derecho\",\"description\":\"Observatorio de Bio\u00e9tica y Derecho\",\"inLanguage\":\"es\"}]}<\/script>\n<!-- \/ Yoast SEO plugin. -->","yoast_head_json":{"title":"Seminario Acad\u00e9mico - Observatorio de Bio\u00e9tica y Derecho","robots":{"index":"index","follow":"follow","max-snippet":"max-snippet:-1","max-image-preview":"max-image-preview:large","max-video-preview":"max-video-preview:-1"},"canonical":"https:\/\/medicina.udd.cl\/observatorio-bioetica-derecho\/eventos-y-actividades\/seminario-academico\/","og_locale":"es_ES","og_type":"article","og_title":"Seminario Acad\u00e9mico - Observatorio de Bio\u00e9tica y Derecho","og_description":"Revisa en qu\u00e9 consiste este seminario que reunir\u00e1 cada semestre a diversos acad\u00e9micos nacionales.","og_url":"https:\/\/medicina.udd.cl\/observatorio-bioetica-derecho\/eventos-y-actividades\/seminario-academico\/","og_site_name":"Observatorio de Bio\u00e9tica y Derecho","article_modified_time":"2021-04-23T15:03:16+00:00","twitter_misc":{"Tiempo de lectura":"1 minuto"},"schema":{"@context":"https:\/\/schema.org","@graph":[{"@type":"WebPage","@id":"https:\/\/medicina.udd.cl\/observatorio-bioetica-derecho\/eventos-y-actividades\/seminario-academico\/","url":"https:\/\/medicina.udd.cl\/observatorio-bioetica-derecho\/eventos-y-actividades\/seminario-academico\/","name":"Seminario Acad\u00e9mico - Observatorio de Bio\u00e9tica y Derecho","isPartOf":{"@id":"https:\/\/medicina.udd.cl\/observatorio-bioetica-derecho\/#website"},"datePublished":"2012-08-03T07:35:35+00:00","dateModified":"2021-04-23T15:03:16+00:00","breadcrumb":{"@id":"https:\/\/medicina.udd.cl\/observatorio-bioetica-derecho\/eventos-y-actividades\/seminario-academico\/#breadcrumb"},"inLanguage":"es","potentialAction":[{"@type":"ReadAction","target":["https:\/\/medicina.udd.cl\/observatorio-bioetica-derecho\/eventos-y-actividades\/seminario-academico\/"]}]},{"@type":"BreadcrumbList","@id":"https:\/\/medicina.udd.cl\/observatorio-bioetica-derecho\/eventos-y-actividades\/seminario-academico\/#breadcrumb","itemListElement":[{"@type":"ListItem","position":1,"name":"Home","item":"https:\/\/medicina.udd.cl\/observatorio-bioetica-derecho\/"},{"@type":"ListItem","position":2,"name":"Eventos y actividades","item":"https:\/\/medicina.udd.cl\/observatorio-bioetica-derecho\/?page_id=5"},{"@type":"ListItem","position":3,"name":"Seminario Acad\u00e9mico"}]},{"@type":"WebSite","@id":"https:\/\/medicina.udd.cl\/observatorio-bioetica-derecho\/#website","url":"https:\/\/medicina.udd.cl\/observatorio-bioetica-derecho\/","name":"Observatorio de Bio\u00e9tica y Derecho","description":"Observatorio de Bio\u00e9tica y Derecho","inLanguage":"es"}]}},"_links":{"self":[{"href":"https:\/\/medicina.udd.cl\/observatorio-bioetica-derecho\/wp-json\/wp\/v2\/pages\/57","targetHints":{"allow":["GET"]}}],"collection":[{"href":"https:\/\/medicina.udd.cl\/observatorio-bioetica-derecho\/wp-json\/wp\/v2\/pages"}],"about":[{"href":"https:\/\/medicina.udd.cl\/observatorio-bioetica-derecho\/wp-json\/wp\/v2\/types\/page"}],"author":[{"embeddable":true,"href":"https:\/\/medicina.udd.cl\/observatorio-bioetica-derecho\/wp-json\/wp\/v2\/users\/9192194"}],"replies":[{"embeddable":true,"href":"https:\/\/medicina.udd.cl\/observatorio-bioetica-derecho\/wp-json\/wp\/v2\/comments?post=57"}],"version-history":[{"count":8,"href":"https:\/\/medicina.udd.cl\/observatorio-bioetica-derecho\/wp-json\/wp\/v2\/pages\/57\/revisions"}],"predecessor-version":[{"id":1033,"href":"https:\/\/medicina.udd.cl\/observatorio-bioetica-derecho\/wp-json\/wp\/v2\/pages\/57\/revisions\/1033"}],"up":[{"embeddable":true,"href":"https:\/\/medicina.udd.cl\/observatorio-bioetica-derecho\/wp-json\/wp\/v2\/pages\/5"}],"wp:attachment":[{"href":"https:\/\/medicina.udd.cl\/observatorio-bioetica-derecho\/wp-json\/wp\/v2\/media?parent=57"}],"curies":[{"name":"wp","href":"https:\/\/api.w.org\/{rel}","templated":true}]}}

Seminario Académico

<p style="text-align: justify;">El Observatorio de Bioética y Derecho UDD organiza cada semestre un Seminario Académico con la participación de expertos nacionales e internacional. Cada Facultad se encarga de &nbsp;la realización de un seminario al año. Los temas de los seminarios y los invitados son definidos en la reunión anual de planificación. El objetivo de los Seminarios Académicos es poner en discusión un tema aún no legislado y/o con una política pública a revisar en Chile, que requiere a corto o mediano plazo un debate público abierto y plural. Por eso mismo, los temas de los Seminarios Académicos persiguen el propósito de poner a prueba, en sede académica, la necesidad de un debate social amplio sobre el mismo, el cual puede ser posteriormente puesto en la agenda de los Seminarios de Debate Público.</p>
<p style="text-align: justify;">

<p>Revisa en qué consiste este seminario que reunirá cada semestre a diversos académicos nacionales.</p>

<!-- This site is optimized with the Yoast SEO plugin v26.9 - https://yoast.com/product/yoast-seo-wordpress/ -->
<title>Seminario Académico - Observatorio de Bioética y Derecho</title>
<meta name="robots" content="index, follow, max-snippet:-1, max-image-preview:large, max-video-preview:-1" />
<link rel="canonical" href="https://medicina.udd.cl/observatorio-bioetica-derecho/eventos-y-actividades/seminario-academico/" />
<meta property="og:locale" content="es_ES" />
<meta property="og:type" content="article" />
<meta property="og:title" content="Seminario Académico - Observatorio de Bioética y Derecho" />
<meta property="og:description" content="Revisa en qué consiste este seminario que reunirá cada semestre a diversos académicos nacionales." />
<meta property="og:url" content="https://medicina.udd.cl/observatorio-bioetica-derecho/eventos-y-actividades/seminario-academico/" />
<meta property="og:site_name" content="Observatorio de Bioética y Derecho" />
<meta property="article:modified_time" content="2021-04-23T15:03:16+00:00" />
<meta name="twitter:label1" content="Tiempo de lectura" />
	<meta name="twitter:data1" content="1 minuto" />
<script type="application/ld+json" class="yoast-schema-graph">{"@context":"https://schema.org","@graph":[{"@type":"WebPage","@id":"https://medicina.udd.cl/observatorio-bioetica-derecho/eventos-y-actividades/seminario-academico/","url":"https://medicina.udd.cl/observatorio-bioetica-derecho/eventos-y-actividades/seminario-academico/","name":"Seminario Académico - Observatorio de Bioética y Derecho","isPartOf":{"@id":"https://medicina.udd.cl/observatorio-bioetica-derecho/#website"},"datePublished":"2012-08-03T07:35:35+00:00","dateModified":"2021-04-23T15:03:16+00:00","breadcrumb":{"@id":"https://medicina.udd.cl/observatorio-bioetica-derecho/eventos-y-actividades/seminario-academico/#breadcrumb"},"inLanguage":"es","potentialAction":[{"@type":"ReadAction","target":["https://medicina.udd.cl/observatorio-bioetica-derecho/eventos-y-actividades/seminario-academico/"]}]},{"@type":"BreadcrumbList","@id":"https://medicina.udd.cl/observatorio-bioetica-derecho/eventos-y-actividades/seminario-academico/#breadcrumb","itemListElement":[{"@type":"ListItem","position":1,"name":"Home","item":"https://medicina.udd.cl/observatorio-bioetica-derecho/"},{"@type":"ListItem","position":2,"name":"Eventos y actividades","item":"https://medicina.udd.cl/observatorio-bioetica-derecho/?page_id=5"},{"@type":"ListItem","position":3,"name":"Seminario Académico"}]},{"@type":"WebSite","@id":"https://medicina.udd.cl/observatorio-bioetica-derecho/#website","url":"https://medicina.udd.cl/observatorio-bioetica-derecho/","name":"Observatorio de Bioética y Derecho","description":"Observatorio de Bioética y Derecho","inLanguage":"es"}]}</script>
<!-- / Yoast SEO plugin. -->

Seminario Académico - Observatorio de Bioética y Derecho

Revisa en qué consiste este seminario que reunirá cada semestre a diversos académicos nacionales.

Observatorio de Bioética y Derecho
