{"id":61,"date":"2012-08-03T03:38:33","date_gmt":"2012-08-03T07:38:33","guid":{"rendered":"http:\/\/medicina.udd.cl\/obd\/"},"modified":"2021-04-23T11:03:45","modified_gmt":"2021-04-23T15:03:45","slug":"foros-de-debat-interfacultades","status":"publish","type":"page","link":"https:\/\/medicina.udd.cl\/observatorio-bioetica-derecho\/eventos-y-actividades\/foros-de-debat-interfacultades\/","title":{"rendered":"Foros de Debate Interfacultades"},"content":{"rendered":"\n<p><span style=\"text-align: justify;\">Los Foros de Debate Interfacultades est\u00e1n dirigidos, principalmente, a los alumnos de las Facultades de Derecho y de Medicina, aunque tambi\u00e9n abiertos a alumnos de otras Facultades. El objetivo de los Foros es promover una formaci\u00f3n interdisciplinaria y el di\u00e1logo entre alumnos provenientes de distintas carreras sobre temas val\u00f3ricos que exigen de estos futuros profesionales una opini\u00f3n madura, responsable e informada. Por eso mismo, los Foros buscan proponer temas complejos de valoraci\u00f3n para los estudiantes y de fuerte impacto social, los que ser\u00e1n analizados desde una perspectiva multi e interdisciplinaria.<\/span><\/p>\n\n\n\n<p>Cada semestre se realizar\u00e1 un Foro de Debate. El Foro del 1er semestre ser\u00e1 organizado por la Facultad de Medicina y el del 2\u00b0 por la Facultad de Derecho. Los temas de cada Foro ser\u00e1n consensuados en las reuniones semestrales del Observatorio.<\/p>\n","protected":false},"excerpt":{"rendered":"<p>Buscan promover una formaci\u00f3n interdisciplinaria y el di\u00e1logo entre alumnos de distintas carreras.<\/p>\n","protected":false},"author":9192194,"featured_media":0,"parent":5,"menu_order":0,"comment_status":"open","ping_status":"open","template":"","meta":{"footnotes":""},"class_list":["post-61","page","type-page","status-publish","hentry"],"yoast_head":"<!-- This site is optimized with the Yoast SEO plugin v26.9 - https:\/\/yoast.com\/product\/yoast-seo-wordpress\/ -->\n<title>Foros de Debate Interfacultades - Observatorio de Bio\u00e9tica y Derecho<\/title>\n<meta name=\"robots\" content=\"index, follow, max-snippet:-1, max-image-preview:large, max-video-preview:-1\" \/>\n<link rel=\"canonical\" href=\"https:\/\/medicina.udd.cl\/observatorio-bioetica-derecho\/eventos-y-actividades\/foros-de-debat-interfacultades\/\" \/>\n<meta property=\"og:locale\" content=\"es_ES\" \/>\n<meta property=\"og:type\" content=\"article\" \/>\n<meta property=\"og:title\" content=\"Foros de Debate Interfacultades - Observatorio de Bio\u00e9tica y Derecho\" \/>\n<meta property=\"og:description\" content=\"Buscan promover una formaci\u00f3n interdisciplinaria y el di\u00e1logo entre alumnos de distintas carreras.\" \/>\n<meta property=\"og:url\" content=\"https:\/\/medicina.udd.cl\/observatorio-bioetica-derecho\/eventos-y-actividades\/foros-de-debat-interfacultades\/\" \/>\n<meta property=\"og:site_name\" content=\"Observatorio de Bio\u00e9tica y Derecho\" \/>\n<meta property=\"article:modified_time\" content=\"2021-04-23T15:03:45+00:00\" \/>\n<meta name=\"twitter:label1\" content=\"Tiempo de lectura\" \/>\n\t<meta name=\"twitter:data1\" content=\"1 minuto\" \/>\n<script type=\"application\/ld+json\" class=\"yoast-schema-graph\">{\"@context\":\"https:\/\/schema.org\",\"@graph\":[{\"@type\":\"WebPage\",\"@id\":\"https:\/\/medicina.udd.cl\/observatorio-bioetica-derecho\/eventos-y-actividades\/foros-de-debat-interfacultades\/\",\"url\":\"https:\/\/medicina.udd.cl\/observatorio-bioetica-derecho\/eventos-y-actividades\/foros-de-debat-interfacultades\/\",\"name\":\"Foros de Debate Interfacultades - Observatorio de Bio\u00e9tica y Derecho\",\"isPartOf\":{\"@id\":\"https:\/\/medicina.udd.cl\/observatorio-bioetica-derecho\/#website\"},\"datePublished\":\"2012-08-03T07:38:33+00:00\",\"dateModified\":\"2021-04-23T15:03:45+00:00\",\"breadcrumb\":{\"@id\":\"https:\/\/medicina.udd.cl\/observatorio-bioetica-derecho\/eventos-y-actividades\/foros-de-debat-interfacultades\/#breadcrumb\"},\"inLanguage\":\"es\",\"potentialAction\":[{\"@type\":\"ReadAction\",\"target\":[\"https:\/\/medicina.udd.cl\/observatorio-bioetica-derecho\/eventos-y-actividades\/foros-de-debat-interfacultades\/\"]}]},{\"@type\":\"BreadcrumbList\",\"@id\":\"https:\/\/medicina.udd.cl\/observatorio-bioetica-derecho\/eventos-y-actividades\/foros-de-debat-interfacultades\/#breadcrumb\",\"itemListElement\":[{\"@type\":\"ListItem\",\"position\":1,\"name\":\"Home\",\"item\":\"https:\/\/medicina.udd.cl\/observatorio-bioetica-derecho\/\"},{\"@type\":\"ListItem\",\"position\":2,\"name\":\"Eventos y actividades\",\"item\":\"https:\/\/medicina.udd.cl\/observatorio-bioetica-derecho\/?page_id=5\"},{\"@type\":\"ListItem\",\"position\":3,\"name\":\"Foros de Debate Interfacultades\"}]},{\"@type\":\"WebSite\",\"@id\":\"https:\/\/medicina.udd.cl\/observatorio-bioetica-derecho\/#website\",\"url\":\"https:\/\/medicina.udd.cl\/observatorio-bioetica-derecho\/\",\"name\":\"Observatorio de Bio\u00e9tica y Derecho\",\"description\":\"Observatorio de Bio\u00e9tica y Derecho\",\"inLanguage\":\"es\"}]}<\/script>\n<!-- \/ Yoast SEO plugin. -->","yoast_head_json":{"title":"Foros de Debate Interfacultades - Observatorio de Bio\u00e9tica y Derecho","robots":{"index":"index","follow":"follow","max-snippet":"max-snippet:-1","max-image-preview":"max-image-preview:large","max-video-preview":"max-video-preview:-1"},"canonical":"https:\/\/medicina.udd.cl\/observatorio-bioetica-derecho\/eventos-y-actividades\/foros-de-debat-interfacultades\/","og_locale":"es_ES","og_type":"article","og_title":"Foros de Debate Interfacultades - Observatorio de Bio\u00e9tica y Derecho","og_description":"Buscan promover una formaci\u00f3n interdisciplinaria y el di\u00e1logo entre alumnos de distintas carreras.","og_url":"https:\/\/medicina.udd.cl\/observatorio-bioetica-derecho\/eventos-y-actividades\/foros-de-debat-interfacultades\/","og_site_name":"Observatorio de Bio\u00e9tica y Derecho","article_modified_time":"2021-04-23T15:03:45+00:00","twitter_misc":{"Tiempo de lectura":"1 minuto"},"schema":{"@context":"https:\/\/schema.org","@graph":[{"@type":"WebPage","@id":"https:\/\/medicina.udd.cl\/observatorio-bioetica-derecho\/eventos-y-actividades\/foros-de-debat-interfacultades\/","url":"https:\/\/medicina.udd.cl\/observatorio-bioetica-derecho\/eventos-y-actividades\/foros-de-debat-interfacultades\/","name":"Foros de Debate Interfacultades - Observatorio de Bio\u00e9tica y Derecho","isPartOf":{"@id":"https:\/\/medicina.udd.cl\/observatorio-bioetica-derecho\/#website"},"datePublished":"2012-08-03T07:38:33+00:00","dateModified":"2021-04-23T15:03:45+00:00","breadcrumb":{"@id":"https:\/\/medicina.udd.cl\/observatorio-bioetica-derecho\/eventos-y-actividades\/foros-de-debat-interfacultades\/#breadcrumb"},"inLanguage":"es","potentialAction":[{"@type":"ReadAction","target":["https:\/\/medicina.udd.cl\/observatorio-bioetica-derecho\/eventos-y-actividades\/foros-de-debat-interfacultades\/"]}]},{"@type":"BreadcrumbList","@id":"https:\/\/medicina.udd.cl\/observatorio-bioetica-derecho\/eventos-y-actividades\/foros-de-debat-interfacultades\/#breadcrumb","itemListElement":[{"@type":"ListItem","position":1,"name":"Home","item":"https:\/\/medicina.udd.cl\/observatorio-bioetica-derecho\/"},{"@type":"ListItem","position":2,"name":"Eventos y actividades","item":"https:\/\/medicina.udd.cl\/observatorio-bioetica-derecho\/?page_id=5"},{"@type":"ListItem","position":3,"name":"Foros de Debate Interfacultades"}]},{"@type":"WebSite","@id":"https:\/\/medicina.udd.cl\/observatorio-bioetica-derecho\/#website","url":"https:\/\/medicina.udd.cl\/observatorio-bioetica-derecho\/","name":"Observatorio de Bio\u00e9tica y Derecho","description":"Observatorio de Bio\u00e9tica y Derecho","inLanguage":"es"}]}},"_links":{"self":[{"href":"https:\/\/medicina.udd.cl\/observatorio-bioetica-derecho\/wp-json\/wp\/v2\/pages\/61","targetHints":{"allow":["GET"]}}],"collection":[{"href":"https:\/\/medicina.udd.cl\/observatorio-bioetica-derecho\/wp-json\/wp\/v2\/pages"}],"about":[{"href":"https:\/\/medicina.udd.cl\/observatorio-bioetica-derecho\/wp-json\/wp\/v2\/types\/page"}],"author":[{"embeddable":true,"href":"https:\/\/medicina.udd.cl\/observatorio-bioetica-derecho\/wp-json\/wp\/v2\/users\/9192194"}],"replies":[{"embeddable":true,"href":"https:\/\/medicina.udd.cl\/observatorio-bioetica-derecho\/wp-json\/wp\/v2\/comments?post=61"}],"version-history":[{"count":13,"href":"https:\/\/medicina.udd.cl\/observatorio-bioetica-derecho\/wp-json\/wp\/v2\/pages\/61\/revisions"}],"predecessor-version":[{"id":1035,"href":"https:\/\/medicina.udd.cl\/observatorio-bioetica-derecho\/wp-json\/wp\/v2\/pages\/61\/revisions\/1035"}],"up":[{"embeddable":true,"href":"https:\/\/medicina.udd.cl\/observatorio-bioetica-derecho\/wp-json\/wp\/v2\/pages\/5"}],"wp:attachment":[{"href":"https:\/\/medicina.udd.cl\/observatorio-bioetica-derecho\/wp-json\/wp\/v2\/media?parent=61"}],"curies":[{"name":"wp","href":"https:\/\/api.w.org\/{rel}","templated":true}]}}

<p><span style="text-align: justify;">Los Foros de Debate Interfacultades están dirigidos, principalmente, a los alumnos de las Facultades de Derecho y de Medicina, aunque también abiertos a alumnos de otras Facultades. El objetivo de los Foros es promover una formación interdisciplinaria y el diálogo entre alumnos provenientes de distintas carreras sobre temas valóricos que exigen de estos futuros profesionales una opinión madura, responsable e informada. Por eso mismo, los Foros buscan proponer temas complejos de valoración para los estudiantes y de fuerte impacto social, los que serán analizados desde una perspectiva multi e interdisciplinaria.</span></p>



<p>Cada semestre se realizará un Foro de Debate. El Foro del 1er semestre será organizado por la Facultad de Medicina y el del 2° por la Facultad de Derecho. Los temas de cada Foro serán consensuados en las reuniones semestrales del Observatorio.</p>

<p>Buscan promover una formación interdisciplinaria y el diálogo entre alumnos de distintas carreras.</p>

<!-- This site is optimized with the Yoast SEO plugin v26.9 - https://yoast.com/product/yoast-seo-wordpress/ -->
<title>Foros de Debate Interfacultades - Observatorio de Bioética y Derecho</title>
<meta name="robots" content="index, follow, max-snippet:-1, max-image-preview:large, max-video-preview:-1" />
<link rel="canonical" href="https://medicina.udd.cl/observatorio-bioetica-derecho/eventos-y-actividades/foros-de-debat-interfacultades/" />
<meta property="og:locale" content="es_ES" />
<meta property="og:type" content="article" />
<meta property="og:title" content="Foros de Debate Interfacultades - Observatorio de Bioética y Derecho" />
<meta property="og:description" content="Buscan promover una formación interdisciplinaria y el diálogo entre alumnos de distintas carreras." />
<meta property="og:url" content="https://medicina.udd.cl/observatorio-bioetica-derecho/eventos-y-actividades/foros-de-debat-interfacultades/" />
<meta property="og:site_name" content="Observatorio de Bioética y Derecho" />
<meta property="article:modified_time" content="2021-04-23T15:03:45+00:00" />
<meta name="twitter:label1" content="Tiempo de lectura" />
	<meta name="twitter:data1" content="1 minuto" />
<script type="application/ld+json" class="yoast-schema-graph">{"@context":"https://schema.org","@graph":[{"@type":"WebPage","@id":"https://medicina.udd.cl/observatorio-bioetica-derecho/eventos-y-actividades/foros-de-debat-interfacultades/","url":"https://medicina.udd.cl/observatorio-bioetica-derecho/eventos-y-actividades/foros-de-debat-interfacultades/","name":"Foros de Debate Interfacultades - Observatorio de Bioética y Derecho","isPartOf":{"@id":"https://medicina.udd.cl/observatorio-bioetica-derecho/#website"},"datePublished":"2012-08-03T07:38:33+00:00","dateModified":"2021-04-23T15:03:45+00:00","breadcrumb":{"@id":"https://medicina.udd.cl/observatorio-bioetica-derecho/eventos-y-actividades/foros-de-debat-interfacultades/#breadcrumb"},"inLanguage":"es","potentialAction":[{"@type":"ReadAction","target":["https://medicina.udd.cl/observatorio-bioetica-derecho/eventos-y-actividades/foros-de-debat-interfacultades/"]}]},{"@type":"BreadcrumbList","@id":"https://medicina.udd.cl/observatorio-bioetica-derecho/eventos-y-actividades/foros-de-debat-interfacultades/#breadcrumb","itemListElement":[{"@type":"ListItem","position":1,"name":"Home","item":"https://medicina.udd.cl/observatorio-bioetica-derecho/"},{"@type":"ListItem","position":2,"name":"Eventos y actividades","item":"https://medicina.udd.cl/observatorio-bioetica-derecho/?page_id=5"},{"@type":"ListItem","position":3,"name":"Foros de Debate Interfacultades"}]},{"@type":"WebSite","@id":"https://medicina.udd.cl/observatorio-bioetica-derecho/#website","url":"https://medicina.udd.cl/observatorio-bioetica-derecho/","name":"Observatorio de Bioética y Derecho","description":"Observatorio de Bioética y Derecho","inLanguage":"es"}]}</script>
<!-- / Yoast SEO plugin. -->

Foros de Debate Interfacultades - Observatorio de Bioética y Derecho

Buscan promover una formación interdisciplinaria y el diálogo entre alumnos de distintas carreras.

Observatorio de Bioética y Derecho
