{"id":670,"date":"2014-11-25T15:10:46","date_gmt":"2014-11-25T18:10:46","guid":{"rendered":"http:\/\/medicina.udd.cl\/observatorio-bioetica-derecho\/?page_id=670"},"modified":"2021-04-23T10:30:35","modified_gmt":"2021-04-23T14:30:35","slug":"catedra-internacional-de-bioderecho","status":"publish","type":"page","link":"https:\/\/medicina.udd.cl\/observatorio-bioetica-derecho\/catedra-internacional-de-bioderecho\/","title":{"rendered":"C\u00e1tedra Internacional de Bioderecho"},"content":{"rendered":"\n<p>La <strong>C\u00e1tedra Internacional de Bioderecho<\/strong> es una plataforma acad\u00e9mica integral que comprende el desarrollo y proyecci\u00f3n permanente de un Post\u00edtulo en Bioderecho (con miras a transformarse en una Magister internacional), un Seminario Internacional de Bioderecho, una Revista Internacional de Bioderecho y una Red Iberoamericana de Bioderecho, instancias dise\u00f1adas y desarrolladas por acad\u00e9micos del Observatorio de Bio\u00e9tica y Derecho de la Universidad del Desarrollo, que se\u00f1ala un esfuerzo interdisciplinario e interfacultades (Derecho y Medicina) para profundizar los problemas y controversias biojur\u00eddicas inherentes al potenciamiento biom\u00e9dico contempor\u00e1neo, y proponer, aplicar e instalar soluciones a dichos problemas en el contexto epistemol\u00f3gico y metodol\u00f3gico que el bioderecho abarca, y en el cual confluyen las ciencias y las humanidades.<\/p>\n\n\n\n<p>Este objetivo fundamental, demuestra que la C\u00e1tedra Internacional de Bioderecho nace como parte del desarrollo arm\u00f3nico y mancomunado de ambas facultades en este t\u00f3pico de creciente inter\u00e9s mundial y urgente complejidad, y representa fielmente el constante desaf\u00edo y f\u00e9rreo compromiso de la UDD con la interdisciplinariedad, y la posiciona a la vanguardia de la disciplina en Latinoam\u00e9rica.<\/p>\n\n\n\n<p><strong>Director<\/strong><\/p>\n\n\n\n<ul class=\"wp-block-list\"><li>Prof. Dr. Erick Vald\u00e9s (Facultad de Medicina y Facultad de Derecho)<\/li><\/ul>\n\n\n\n<p><strong>Acad\u00e9micos asociados<\/strong><\/p>\n\n\n\n<ul class=\"wp-block-list\"><li>Prof. Dr. (c) Juan Alberto Lecaros (Facultad de Medicina y Facultad de Derecho)<\/li><li>Prof. Ra\u00fal Campusano (Facultad de Derecho)<\/li><li>Dra. Carmen Astete (Facultad de Medicina)<\/li><li>Dr. Juan Pablo Beca (Facultad de Medicina)<\/li><li>Mg. Rodrigo del Canto (Oficina de Desarrollo Tecnol\u00f3gico iCono UDD)<\/li><\/ul>\n\n\n\n<p><strong>Comit\u00e9 acad\u00e9mico internacional<\/strong><\/p>\n\n\n\n<ul class=\"wp-block-list\"><li>Prof. Dr. Tom Beauchamp, Georgetown University, EEUU<\/li><li>Prof. Dr. Peter Singer, Princeton University, EEUU<\/li><li>Prof. Dr. James Childress, University of Virginia, EEUU<\/li><li>Prof. Dr. Hans-Martin Sass, Georgetown University, EEUU<\/li><li>Prof. Dr. Jacob Dahl Rendtorff, Roskilde University, Dinamarca<\/li><li>Prof. Dr. Peter Kemp, Aarhus University, Dinamarca<\/li><li>Prof. Dr. Darryl Macer, United Nations University, EEUU<\/li><li>Prof. Dr. Christian Byk, Comisi\u00f3n francesa de la Unesco para la \u00e9tica y la ciencia, Francia.<\/li><li>Prof. Dr. Manuel Atienza, Universidad de Alicante, Espa\u00f1a<\/li><li>Prof. Dra. Adela Cortina, Universidad de Valencia, Espa\u00f1a<\/li><li>Prof. Dra. Mar\u00eda Casado, Universitat de Barcelona, Espa\u00f1a<\/li><li>Prof. Dr. Carlos Romeo Casabona, Universidad del Pa\u00eds Vasco, Espa\u00f1a<\/li><li>Prof. Dra. Ingrid Brena, UNAM, M\u00e9xico<\/li><li>Prof. Dr. Eduardo Rueda, Pontificia Universidad Javeriana, Colombia<\/li><\/ul>\n\n\n<!-- WP Block: UDD - People -->\n<section class=\"wp-block-udd-contacts\">\n\t\t<div class=\"block__bg\">\n\t\t\t<\/div>\n\t\t<div class=\"container\">\n\t\t<header class=\"block__header\">\n\t\t\t<h2 class=\"block__title\">Contacto<\/h2>\n\t\t<\/header>\n\t\t<div class=\"block__content\">\n\t\t\t<ul class=\"contacts\">\n\t\t\t\t\t\t\t<li class=\"contact\">\n\t\t\t\t\t<div class=\"person-contact\">\n\t\t\t\t\t\t\t\t\t\t\t\t<h3 class=\"person-contact__name\">Ver\u00f3nica Silva<\/h3>\n\t\t\t\t\t\t\t\t\t\t\t\t\t\t\t\t\t\t<span class=\"person-contact__job-title\">Asistente acad\u00e9mica<\/span>\n\t\t\t\t\t\t\t\t\t\t\t\t\t\t\t\t\t\t\t\t\t\t\t\t\t<span class=\"person-contact__phone\">Tel\u00e9fono: <a href=\"tel:+56 22 3279157\">+56 22 3279157<\/a><\/span>\n\t\t\t\t\t\t\t\t\t\t\t\t\t\t\t\t\t\t\t<span class=\"person-contact__email\">Email: <a href=\"mailto:&#109;v&#115;il&#118;a&#64;&#117;dd&#46;&#99;&#108;\">mv&#115;i&#108;v&#97;&#64;udd.&#99;l<\/a><\/span>\n\t\t\t\t\t\t\t\t\t\t\t<\/div>\n\t\t\t\t<\/li>\n\t\t\t\t\t\t<\/ul>\n\t\t<\/div>\n\t<\/div>\n<\/section>\n\n\n\n<ul class=\"wp-block-list\"><li>Ver\u00f3nica Silva<\/li><li>mvsilva@udd.cl<\/li><li>56- 22-3279157 &#8211;&nbsp;56-22-3279119<\/li><\/ul>\n","protected":false},"excerpt":{"rendered":"<p>La C\u00e1tedra Internacional de Bioderecho es una plataforma acad\u00e9mica integral que comprende el desarrollo y proyecci\u00f3n permanente de un Post\u00edtulo en Bioderecho (con miras a transformarse en una Magister internacional), un Seminario Internacional de Bioderecho, una Revista Internacional de Bioderecho y una Red Iberoamericana de Bioderecho, instancias dise\u00f1adas y desarrolladas por acad\u00e9micos del Observatorio de [&hellip;]<\/p>\n","protected":false},"author":42,"featured_media":0,"parent":0,"menu_order":0,"comment_status":"open","ping_status":"open","template":"","meta":{"footnotes":""},"class_list":["post-670","page","type-page","status-publish","hentry"],"yoast_head":"<!-- This site is optimized with the Yoast SEO plugin v26.9 - https:\/\/yoast.com\/product\/yoast-seo-wordpress\/ -->\n<title>C\u00e1tedra Internacional de Bioderecho - Observatorio de Bio\u00e9tica y Derecho<\/title>\n<meta name=\"robots\" content=\"index, follow, max-snippet:-1, max-image-preview:large, max-video-preview:-1\" \/>\n<link rel=\"canonical\" href=\"https:\/\/medicina.udd.cl\/observatorio-bioetica-derecho\/catedra-internacional-de-bioderecho\/\" \/>\n<meta property=\"og:locale\" content=\"es_ES\" \/>\n<meta property=\"og:type\" content=\"article\" \/>\n<meta property=\"og:title\" content=\"C\u00e1tedra Internacional de Bioderecho - Observatorio de Bio\u00e9tica y Derecho\" \/>\n<meta property=\"og:description\" content=\"La C\u00e1tedra Internacional de Bioderecho es una plataforma acad\u00e9mica integral que comprende el desarrollo y proyecci\u00f3n permanente de un Post\u00edtulo en Bioderecho (con miras a transformarse en una Magister internacional), un Seminario Internacional de Bioderecho, una Revista Internacional de Bioderecho y una Red Iberoamericana de Bioderecho, instancias dise\u00f1adas y desarrolladas por acad\u00e9micos del Observatorio de [&hellip;]\" \/>\n<meta property=\"og:url\" content=\"https:\/\/medicina.udd.cl\/observatorio-bioetica-derecho\/catedra-internacional-de-bioderecho\/\" \/>\n<meta property=\"og:site_name\" content=\"Observatorio de Bio\u00e9tica y Derecho\" \/>\n<meta property=\"article:modified_time\" content=\"2021-04-23T14:30:35+00:00\" \/>\n<meta name=\"twitter:label1\" content=\"Tiempo de lectura\" \/>\n\t<meta name=\"twitter:data1\" content=\"2 minutos\" \/>\n<script type=\"application\/ld+json\" class=\"yoast-schema-graph\">{\"@context\":\"https:\/\/schema.org\",\"@graph\":[{\"@type\":\"WebPage\",\"@id\":\"https:\/\/medicina.udd.cl\/observatorio-bioetica-derecho\/catedra-internacional-de-bioderecho\/\",\"url\":\"https:\/\/medicina.udd.cl\/observatorio-bioetica-derecho\/catedra-internacional-de-bioderecho\/\",\"name\":\"C\u00e1tedra Internacional de Bioderecho - Observatorio de Bio\u00e9tica y Derecho\",\"isPartOf\":{\"@id\":\"https:\/\/medicina.udd.cl\/observatorio-bioetica-derecho\/#website\"},\"datePublished\":\"2014-11-25T18:10:46+00:00\",\"dateModified\":\"2021-04-23T14:30:35+00:00\",\"breadcrumb\":{\"@id\":\"https:\/\/medicina.udd.cl\/observatorio-bioetica-derecho\/catedra-internacional-de-bioderecho\/#breadcrumb\"},\"inLanguage\":\"es\",\"potentialAction\":[{\"@type\":\"ReadAction\",\"target\":[\"https:\/\/medicina.udd.cl\/observatorio-bioetica-derecho\/catedra-internacional-de-bioderecho\/\"]}]},{\"@type\":\"BreadcrumbList\",\"@id\":\"https:\/\/medicina.udd.cl\/observatorio-bioetica-derecho\/catedra-internacional-de-bioderecho\/#breadcrumb\",\"itemListElement\":[{\"@type\":\"ListItem\",\"position\":1,\"name\":\"Home\",\"item\":\"https:\/\/medicina.udd.cl\/observatorio-bioetica-derecho\/\"},{\"@type\":\"ListItem\",\"position\":2,\"name\":\"C\u00e1tedra Internacional de Bioderecho\"}]},{\"@type\":\"WebSite\",\"@id\":\"https:\/\/medicina.udd.cl\/observatorio-bioetica-derecho\/#website\",\"url\":\"https:\/\/medicina.udd.cl\/observatorio-bioetica-derecho\/\",\"name\":\"Observatorio de Bio\u00e9tica y Derecho\",\"description\":\"Observatorio de Bio\u00e9tica y Derecho\",\"inLanguage\":\"es\"}]}<\/script>\n<!-- \/ Yoast SEO plugin. -->","yoast_head_json":{"title":"C\u00e1tedra Internacional de Bioderecho - Observatorio de Bio\u00e9tica y Derecho","robots":{"index":"index","follow":"follow","max-snippet":"max-snippet:-1","max-image-preview":"max-image-preview:large","max-video-preview":"max-video-preview:-1"},"canonical":"https:\/\/medicina.udd.cl\/observatorio-bioetica-derecho\/catedra-internacional-de-bioderecho\/","og_locale":"es_ES","og_type":"article","og_title":"C\u00e1tedra Internacional de Bioderecho - Observatorio de Bio\u00e9tica y Derecho","og_description":"La C\u00e1tedra Internacional de Bioderecho es una plataforma acad\u00e9mica integral que comprende el desarrollo y proyecci\u00f3n permanente de un Post\u00edtulo en Bioderecho (con miras a transformarse en una Magister internacional), un Seminario Internacional de Bioderecho, una Revista Internacional de Bioderecho y una Red Iberoamericana de Bioderecho, instancias dise\u00f1adas y desarrolladas por acad\u00e9micos del Observatorio de [&hellip;]","og_url":"https:\/\/medicina.udd.cl\/observatorio-bioetica-derecho\/catedra-internacional-de-bioderecho\/","og_site_name":"Observatorio de Bio\u00e9tica y Derecho","article_modified_time":"2021-04-23T14:30:35+00:00","twitter_misc":{"Tiempo de lectura":"2 minutos"},"schema":{"@context":"https:\/\/schema.org","@graph":[{"@type":"WebPage","@id":"https:\/\/medicina.udd.cl\/observatorio-bioetica-derecho\/catedra-internacional-de-bioderecho\/","url":"https:\/\/medicina.udd.cl\/observatorio-bioetica-derecho\/catedra-internacional-de-bioderecho\/","name":"C\u00e1tedra Internacional de Bioderecho - Observatorio de Bio\u00e9tica y Derecho","isPartOf":{"@id":"https:\/\/medicina.udd.cl\/observatorio-bioetica-derecho\/#website"},"datePublished":"2014-11-25T18:10:46+00:00","dateModified":"2021-04-23T14:30:35+00:00","breadcrumb":{"@id":"https:\/\/medicina.udd.cl\/observatorio-bioetica-derecho\/catedra-internacional-de-bioderecho\/#breadcrumb"},"inLanguage":"es","potentialAction":[{"@type":"ReadAction","target":["https:\/\/medicina.udd.cl\/observatorio-bioetica-derecho\/catedra-internacional-de-bioderecho\/"]}]},{"@type":"BreadcrumbList","@id":"https:\/\/medicina.udd.cl\/observatorio-bioetica-derecho\/catedra-internacional-de-bioderecho\/#breadcrumb","itemListElement":[{"@type":"ListItem","position":1,"name":"Home","item":"https:\/\/medicina.udd.cl\/observatorio-bioetica-derecho\/"},{"@type":"ListItem","position":2,"name":"C\u00e1tedra Internacional de Bioderecho"}]},{"@type":"WebSite","@id":"https:\/\/medicina.udd.cl\/observatorio-bioetica-derecho\/#website","url":"https:\/\/medicina.udd.cl\/observatorio-bioetica-derecho\/","name":"Observatorio de Bio\u00e9tica y Derecho","description":"Observatorio de Bio\u00e9tica y Derecho","inLanguage":"es"}]}},"_links":{"self":[{"href":"https:\/\/medicina.udd.cl\/observatorio-bioetica-derecho\/wp-json\/wp\/v2\/pages\/670","targetHints":{"allow":["GET"]}}],"collection":[{"href":"https:\/\/medicina.udd.cl\/observatorio-bioetica-derecho\/wp-json\/wp\/v2\/pages"}],"about":[{"href":"https:\/\/medicina.udd.cl\/observatorio-bioetica-derecho\/wp-json\/wp\/v2\/types\/page"}],"author":[{"embeddable":true,"href":"https:\/\/medicina.udd.cl\/observatorio-bioetica-derecho\/wp-json\/wp\/v2\/users\/42"}],"replies":[{"embeddable":true,"href":"https:\/\/medicina.udd.cl\/observatorio-bioetica-derecho\/wp-json\/wp\/v2\/comments?post=670"}],"version-history":[{"count":6,"href":"https:\/\/medicina.udd.cl\/observatorio-bioetica-derecho\/wp-json\/wp\/v2\/pages\/670\/revisions"}],"predecessor-version":[{"id":1011,"href":"https:\/\/medicina.udd.cl\/observatorio-bioetica-derecho\/wp-json\/wp\/v2\/pages\/670\/revisions\/1011"}],"wp:attachment":[{"href":"https:\/\/medicina.udd.cl\/observatorio-bioetica-derecho\/wp-json\/wp\/v2\/media?parent=670"}],"curies":[{"name":"wp","href":"https:\/\/api.w.org\/{rel}","templated":true}]}}

Cátedra Internacional de Bioderecho

<p>La <strong>Cátedra Internacional de Bioderecho</strong> es una plataforma académica integral que comprende el desarrollo y proyección permanente de un Postítulo en Bioderecho (con miras a transformarse en una Magister internacional), un Seminario Internacional de Bioderecho, una Revista Internacional de Bioderecho y una Red Iberoamericana de Bioderecho, instancias diseñadas y desarrolladas por académicos del Observatorio de Bioética y Derecho de la Universidad del Desarrollo, que señala un esfuerzo interdisciplinario e interfacultades (Derecho y Medicina) para profundizar los problemas y controversias biojurídicas inherentes al potenciamiento biomédico contemporáneo, y proponer, aplicar e instalar soluciones a dichos problemas en el contexto epistemológico y metodológico que el bioderecho abarca, y en el cual confluyen las ciencias y las humanidades.</p>



<p>Este objetivo fundamental, demuestra que la Cátedra Internacional de Bioderecho nace como parte del desarrollo armónico y mancomunado de ambas facultades en este tópico de creciente interés mundial y urgente complejidad, y representa fielmente el constante desafío y férreo compromiso de la UDD con la interdisciplinariedad, y la posiciona a la vanguardia de la disciplina en Latinoamérica.</p>



<p><strong>Director</strong></p>



<ul class="wp-block-list"><li>Prof. Dr. Erick Valdés (Facultad de Medicina y Facultad de Derecho)</li></ul>



<p><strong>Académicos asociados</strong></p>



<ul class="wp-block-list"><li>Prof. Dr. (c) Juan Alberto Lecaros (Facultad de Medicina y Facultad de Derecho)</li><li>Prof. Raúl Campusano (Facultad de Derecho)</li><li>Dra. Carmen Astete (Facultad de Medicina)</li><li>Dr. Juan Pablo Beca (Facultad de Medicina)</li><li>Mg. Rodrigo del Canto (Oficina de Desarrollo Tecnológico iCono UDD)</li></ul>



<p><strong>Comité académico internacional</strong></p>



<ul class="wp-block-list"><li>Prof. Dr. Tom Beauchamp, Georgetown University, EEUU</li><li>Prof. Dr. Peter Singer, Princeton University, EEUU</li><li>Prof. Dr. James Childress, University of Virginia, EEUU</li><li>Prof. Dr. Hans-Martin Sass, Georgetown University, EEUU</li><li>Prof. Dr. Jacob Dahl Rendtorff, Roskilde University, Dinamarca</li><li>Prof. Dr. Peter Kemp, Aarhus University, Dinamarca</li><li>Prof. Dr. Darryl Macer, United Nations University, EEUU</li><li>Prof. Dr. Christian Byk, Comisión francesa de la Unesco para la ética y la ciencia, Francia.</li><li>Prof. Dr. Manuel Atienza, Universidad de Alicante, España</li><li>Prof. Dra. Adela Cortina, Universidad de Valencia, España</li><li>Prof. Dra. María Casado, Universitat de Barcelona, España</li><li>Prof. Dr. Carlos Romeo Casabona, Universidad del País Vasco, España</li><li>Prof. Dra. Ingrid Brena, UNAM, México</li><li>Prof. Dr. Eduardo Rueda, Pontificia Universidad Javeriana, Colombia</li></ul>


<!-- WP Block: UDD - People -->
<section class="wp-block-udd-contacts">
		<div class="block__bg">
			</div>
		<div class="container">
		<header class="block__header">
			<h2 class="block__title">Contacto</h2>
		</header>
		<div class="block__content">
			<ul class="contacts">
							<li class="contact">
					<div class="person-contact">
												<h3 class="person-contact__name">Verónica Silva</h3>
																		<span class="person-contact__job-title">Asistente académica</span>
																									<span class="person-contact__phone">Teléfono: <a href="tel:+56 22 3279157">+56 22 3279157</a></span>
																			<span class="person-contact__email">Email: <a href="mailto:&#109;v&#115;il&#118;a&#64;&#117;dd&#46;&#99;&#108;">mv&#115;i&#108;v&#97;&#64;udd.&#99;l</a></span>
											</div>
				</li>
						</ul>
		</div>
	</div>
</section>



<ul class="wp-block-list"><li>Verónica Silva</li><li>mvsilva@udd.cl</li><li>56- 22-3279157 &#8211;&nbsp;56-22-3279119</li></ul>

<p>La Cátedra Internacional de Bioderecho es una plataforma académica integral que comprende el desarrollo y proyección permanente de un Postítulo en Bioderecho (con miras a transformarse en una Magister internacional), un Seminario Internacional de Bioderecho, una Revista Internacional de Bioderecho y una Red Iberoamericana de Bioderecho, instancias diseñadas y desarrolladas por académicos del Observatorio de [&hellip;]</p>

<!-- This site is optimized with the Yoast SEO plugin v26.9 - https://yoast.com/product/yoast-seo-wordpress/ -->
<title>Cátedra Internacional de Bioderecho - Observatorio de Bioética y Derecho</title>
<meta name="robots" content="index, follow, max-snippet:-1, max-image-preview:large, max-video-preview:-1" />
<link rel="canonical" href="https://medicina.udd.cl/observatorio-bioetica-derecho/catedra-internacional-de-bioderecho/" />
<meta property="og:locale" content="es_ES" />
<meta property="og:type" content="article" />
<meta property="og:title" content="Cátedra Internacional de Bioderecho - Observatorio de Bioética y Derecho" />
<meta property="og:description" content="La Cátedra Internacional de Bioderecho es una plataforma académica integral que comprende el desarrollo y proyección permanente de un Postítulo en Bioderecho (con miras a transformarse en una Magister internacional), un Seminario Internacional de Bioderecho, una Revista Internacional de Bioderecho y una Red Iberoamericana de Bioderecho, instancias diseñadas y desarrolladas por académicos del Observatorio de [&hellip;]" />
<meta property="og:url" content="https://medicina.udd.cl/observatorio-bioetica-derecho/catedra-internacional-de-bioderecho/" />
<meta property="og:site_name" content="Observatorio de Bioética y Derecho" />
<meta property="article:modified_time" content="2021-04-23T14:30:35+00:00" />
<meta name="twitter:label1" content="Tiempo de lectura" />
	<meta name="twitter:data1" content="2 minutos" />
<script type="application/ld+json" class="yoast-schema-graph">{"@context":"https://schema.org","@graph":[{"@type":"WebPage","@id":"https://medicina.udd.cl/observatorio-bioetica-derecho/catedra-internacional-de-bioderecho/","url":"https://medicina.udd.cl/observatorio-bioetica-derecho/catedra-internacional-de-bioderecho/","name":"Cátedra Internacional de Bioderecho - Observatorio de Bioética y Derecho","isPartOf":{"@id":"https://medicina.udd.cl/observatorio-bioetica-derecho/#website"},"datePublished":"2014-11-25T18:10:46+00:00","dateModified":"2021-04-23T14:30:35+00:00","breadcrumb":{"@id":"https://medicina.udd.cl/observatorio-bioetica-derecho/catedra-internacional-de-bioderecho/#breadcrumb"},"inLanguage":"es","potentialAction":[{"@type":"ReadAction","target":["https://medicina.udd.cl/observatorio-bioetica-derecho/catedra-internacional-de-bioderecho/"]}]},{"@type":"BreadcrumbList","@id":"https://medicina.udd.cl/observatorio-bioetica-derecho/catedra-internacional-de-bioderecho/#breadcrumb","itemListElement":[{"@type":"ListItem","position":1,"name":"Home","item":"https://medicina.udd.cl/observatorio-bioetica-derecho/"},{"@type":"ListItem","position":2,"name":"Cátedra Internacional de Bioderecho"}]},{"@type":"WebSite","@id":"https://medicina.udd.cl/observatorio-bioetica-derecho/#website","url":"https://medicina.udd.cl/observatorio-bioetica-derecho/","name":"Observatorio de Bioética y Derecho","description":"Observatorio de Bioética y Derecho","inLanguage":"es"}]}</script>
<!-- / Yoast SEO plugin. -->

Cátedra Internacional de Bioderecho - Observatorio de Bioética y Derecho

La Cátedra Internacional de Bioderecho es una plataforma académica integral que comprende el desarrollo y proyección permanente de un Postítulo en Bioderecho (con miras a transformarse en una Magister internacional), un Seminario Internacional de Bioderecho, una Revista Internacional de Bioderecho y una Red Iberoamericana de Bioderecho, instancias diseñadas y desarrolladas por académicos del Observatorio de [&hellip;]

Observatorio de Bioética y Derecho
