{"id":986,"date":"2021-12-20T12:25:00","date_gmt":"2021-12-20T12:25:00","guid":{"rendered":"https:\/\/medicina.udd.cl\/obstetricia-santiago\/files\/2021\/12\/0Y6A8285.jpg"},"modified":"2021-12-20T12:25:00","modified_gmt":"2021-12-20T12:25:00","slug":"0y6a8285","status":"inherit","type":"attachment","link":"https:\/\/medicina.udd.cl\/obstetricia-santiago\/2021\/12\/14\/facultad-de-medicina-clinica-alemana-universidad-del-desarrollo-celebro-sus-20-anos\/0y6a8285\/","title":{"rendered":"0Y6A8285"},"author":9192219,"featured_media":0,"comment_status":"open","ping_status":"closed","template":"","meta":[],"class_list":["post-986","attachment","type-attachment","status-inherit","hentry"],"yoast_head":"<!-- This site is optimized with the Yoast SEO plugin v26.9 - https:\/\/yoast.com\/product\/yoast-seo-wordpress\/ -->\n<title>0Y6A8285 - Obstetricia<\/title>\n<meta name=\"robots\" content=\"index, follow, max-snippet:-1, max-image-preview:large, max-video-preview:-1\" \/>\n<link rel=\"canonical\" href=\"https:\/\/medicina.udd.cl\/obstetricia-santiago\/files\/2021\/12\/0Y6A8285-scaled.jpg\" \/>\n<meta property=\"og:locale\" content=\"es_ES\" \/>\n<meta property=\"og:type\" content=\"article\" \/>\n<meta property=\"og:title\" content=\"0Y6A8285 - Obstetricia\" \/>\n<meta property=\"og:url\" content=\"https:\/\/medicina.udd.cl\/obstetricia-santiago\/files\/2021\/12\/0Y6A8285-scaled.jpg\" \/>\n<meta property=\"og:site_name\" content=\"Obstetricia\" \/>\n<meta property=\"og:image\" content=\"https:\/\/medicina.udd.cl\/obstetricia-santiago\/files\/2021\/12\/0Y6A8285-scaled.jpg\" \/>\n\t<meta property=\"og:image:width\" content=\"2560\" \/>\n\t<meta property=\"og:image:height\" content=\"1551\" \/>\n\t<meta property=\"og:image:type\" content=\"image\/jpeg\" \/>\n<meta name=\"twitter:card\" content=\"summary_large_image\" \/>\n<script type=\"application\/ld+json\" class=\"yoast-schema-graph\">{\"@context\":\"https:\/\/schema.org\",\"@graph\":[{\"@type\":\"WebPage\",\"@id\":\"https:\/\/medicina.udd.cl\/obstetricia-santiago\/files\/2021\/12\/0Y6A8285-scaled.jpg\",\"url\":\"https:\/\/medicina.udd.cl\/obstetricia-santiago\/files\/2021\/12\/0Y6A8285-scaled.jpg\",\"name\":\"0Y6A8285 - Obstetricia\",\"isPartOf\":{\"@id\":\"https:\/\/medicina.udd.cl\/obstetricia-santiago\/#website\"},\"datePublished\":\"2021-12-20T12:25:00+00:00\",\"breadcrumb\":{\"@id\":\"https:\/\/medicina.udd.cl\/obstetricia-santiago\/files\/2021\/12\/0Y6A8285-scaled.jpg#breadcrumb\"},\"inLanguage\":\"es\",\"potentialAction\":[{\"@type\":\"ReadAction\",\"target\":[\"https:\/\/medicina.udd.cl\/obstetricia-santiago\/files\/2021\/12\/0Y6A8285-scaled.jpg\"]}]},{\"@type\":\"BreadcrumbList\",\"@id\":\"https:\/\/medicina.udd.cl\/obstetricia-santiago\/files\/2021\/12\/0Y6A8285-scaled.jpg#breadcrumb\",\"itemListElement\":[{\"@type\":\"ListItem\",\"position\":1,\"name\":\"Portada\",\"item\":\"https:\/\/medicina.udd.cl\/obstetricia-santiago\/\"},{\"@type\":\"ListItem\",\"position\":2,\"name\":\"Facultad de Medicina Cl\u00ednica Alemana Universidad del Desarrollo celebr\u00f3 sus 20 a\u00f1os\",\"item\":\"https:\/\/medicina.udd.cl\/obstetricia-santiago\/2021\/12\/14\/facultad-de-medicina-clinica-alemana-universidad-del-desarrollo-celebro-sus-20-anos\/\"},{\"@type\":\"ListItem\",\"position\":3,\"name\":\"0Y6A8285\"}]},{\"@type\":\"WebSite\",\"@id\":\"https:\/\/medicina.udd.cl\/obstetricia-santiago\/#website\",\"url\":\"https:\/\/medicina.udd.cl\/obstetricia-santiago\/\",\"name\":\"Obstetricia\",\"description\":\"Facultad de Medicina Cl\u00ednica Alemana Universidad del Desarrollo\",\"inLanguage\":\"es\"}]}<\/script>\n<!-- \/ Yoast SEO plugin. -->","yoast_head_json":{"title":"0Y6A8285 - Obstetricia","robots":{"index":"index","follow":"follow","max-snippet":"max-snippet:-1","max-image-preview":"max-image-preview:large","max-video-preview":"max-video-preview:-1"},"canonical":"https:\/\/medicina.udd.cl\/obstetricia-santiago\/files\/2021\/12\/0Y6A8285-scaled.jpg","og_locale":"es_ES","og_type":"article","og_title":"0Y6A8285 - Obstetricia","og_url":"https:\/\/medicina.udd.cl\/obstetricia-santiago\/files\/2021\/12\/0Y6A8285-scaled.jpg","og_site_name":"Obstetricia","og_image":[{"width":2560,"height":1551,"url":"https:\/\/medicina.udd.cl\/obstetricia-santiago\/files\/2021\/12\/0Y6A8285-scaled.jpg","type":"image\/jpeg"}],"twitter_card":"summary_large_image","schema":{"@context":"https:\/\/schema.org","@graph":[{"@type":"WebPage","@id":"https:\/\/medicina.udd.cl\/obstetricia-santiago\/files\/2021\/12\/0Y6A8285-scaled.jpg","url":"https:\/\/medicina.udd.cl\/obstetricia-santiago\/files\/2021\/12\/0Y6A8285-scaled.jpg","name":"0Y6A8285 - Obstetricia","isPartOf":{"@id":"https:\/\/medicina.udd.cl\/obstetricia-santiago\/#website"},"datePublished":"2021-12-20T12:25:00+00:00","breadcrumb":{"@id":"https:\/\/medicina.udd.cl\/obstetricia-santiago\/files\/2021\/12\/0Y6A8285-scaled.jpg#breadcrumb"},"inLanguage":"es","potentialAction":[{"@type":"ReadAction","target":["https:\/\/medicina.udd.cl\/obstetricia-santiago\/files\/2021\/12\/0Y6A8285-scaled.jpg"]}]},{"@type":"BreadcrumbList","@id":"https:\/\/medicina.udd.cl\/obstetricia-santiago\/files\/2021\/12\/0Y6A8285-scaled.jpg#breadcrumb","itemListElement":[{"@type":"ListItem","position":1,"name":"Portada","item":"https:\/\/medicina.udd.cl\/obstetricia-santiago\/"},{"@type":"ListItem","position":2,"name":"Facultad de Medicina Cl\u00ednica Alemana Universidad del Desarrollo celebr\u00f3 sus 20 a\u00f1os","item":"https:\/\/medicina.udd.cl\/obstetricia-santiago\/2021\/12\/14\/facultad-de-medicina-clinica-alemana-universidad-del-desarrollo-celebro-sus-20-anos\/"},{"@type":"ListItem","position":3,"name":"0Y6A8285"}]},{"@type":"WebSite","@id":"https:\/\/medicina.udd.cl\/obstetricia-santiago\/#website","url":"https:\/\/medicina.udd.cl\/obstetricia-santiago\/","name":"Obstetricia","description":"Facultad de Medicina Cl\u00ednica Alemana Universidad del Desarrollo","inLanguage":"es"}]}},"description":{"rendered":"<p class=\"attachment\"><a href='https:\/\/medicina.udd.cl\/obstetricia-santiago\/files\/2021\/12\/0Y6A8285-scaled.jpg'><img loading=\"lazy\" decoding=\"async\" width=\"300\" height=\"182\" src=\"https:\/\/medicina.udd.cl\/obstetricia-santiago\/files\/2021\/12\/0Y6A8285-300x182.jpg\" class=\"attachment-medium size-medium\" alt=\"\" srcset=\"https:\/\/medicina.udd.cl\/obstetricia-santiago\/files\/2021\/12\/0Y6A8285-300x182.jpg 300w, https:\/\/medicina.udd.cl\/obstetricia-santiago\/files\/2021\/12\/0Y6A8285-1024x620.jpg 1024w, https:\/\/medicina.udd.cl\/obstetricia-santiago\/files\/2021\/12\/0Y6A8285-768x465.jpg 768w, https:\/\/medicina.udd.cl\/obstetricia-santiago\/files\/2021\/12\/0Y6A8285-1536x931.jpg 1536w, https:\/\/medicina.udd.cl\/obstetricia-santiago\/files\/2021\/12\/0Y6A8285-2048x1241.jpg 2048w\" sizes=\"auto, (max-width: 300px) 100vw, 300px\" \/><\/a><\/p>\n"},"caption":{"rendered":""},"alt_text":"","media_type":"image","mime_type":"image\/jpeg","media_details":{"width":2560,"height":1551,"file":"2021\/12\/0Y6A8285-scaled.jpg","sizes":{"medium":{"file":"0Y6A8285-300x182.jpg","width":300,"height":182,"mime_type":"image\/jpeg","source_url":"https:\/\/medicina.udd.cl\/obstetricia-santiago\/files\/2021\/12\/0Y6A8285-300x182.jpg"},"large":{"file":"0Y6A8285-1024x620.jpg","width":1024,"height":620,"mime_type":"image\/jpeg","source_url":"https:\/\/medicina.udd.cl\/obstetricia-santiago\/files\/2021\/12\/0Y6A8285-1024x620.jpg"},"thumbnail":{"file":"0Y6A8285-150x150.jpg","width":150,"height":150,"mime_type":"image\/jpeg","source_url":"https:\/\/medicina.udd.cl\/obstetricia-santiago\/files\/2021\/12\/0Y6A8285-150x150.jpg"},"medium_large":{"file":"0Y6A8285-768x465.jpg","width":768,"height":465,"mime_type":"image\/jpeg","source_url":"https:\/\/medicina.udd.cl\/obstetricia-santiago\/files\/2021\/12\/0Y6A8285-768x465.jpg"},"newsletter_featured":{"file":"0Y6A8285-316x224.jpg","width":316,"height":224,"mime_type":"image\/jpeg","source_url":"https:\/\/medicina.udd.cl\/obstetricia-santiago\/files\/2021\/12\/0Y6A8285-316x224.jpg"},"newsletter_first":{"file":"0Y6A8285-286x205.jpg","width":286,"height":205,"mime_type":"image\/jpeg","source_url":"https:\/\/medicina.udd.cl\/obstetricia-santiago\/files\/2021\/12\/0Y6A8285-286x205.jpg"},"newsletter_thumb":{"file":"0Y6A8285-288x150.jpg","width":288,"height":150,"mime_type":"image\/jpeg","source_url":"https:\/\/medicina.udd.cl\/obstetricia-santiago\/files\/2021\/12\/0Y6A8285-288x150.jpg"},"newsletter_column":{"file":"0Y6A8285-182x140.jpg","width":182,"height":140,"mime_type":"image\/jpeg","source_url":"https:\/\/medicina.udd.cl\/obstetricia-santiago\/files\/2021\/12\/0Y6A8285-182x140.jpg"},"newsletter_square":{"file":"0Y6A8285-62x62.jpg","width":62,"height":62,"mime_type":"image\/jpeg","source_url":"https:\/\/medicina.udd.cl\/obstetricia-santiago\/files\/2021\/12\/0Y6A8285-62x62.jpg"},"newsletter_square_large":{"file":"0Y6A8285-87x62.jpg","width":87,"height":62,"mime_type":"image\/jpeg","source_url":"https:\/\/medicina.udd.cl\/obstetricia-santiago\/files\/2021\/12\/0Y6A8285-87x62.jpg"},"1536x1536":{"file":"0Y6A8285-1536x931.jpg","width":1536,"height":931,"mime_type":"image\/jpeg","source_url":"https:\/\/medicina.udd.cl\/obstetricia-santiago\/files\/2021\/12\/0Y6A8285-1536x931.jpg"},"2048x2048":{"file":"0Y6A8285-2048x1241.jpg","width":2048,"height":1241,"mime_type":"image\/jpeg","source_url":"https:\/\/medicina.udd.cl\/obstetricia-santiago\/files\/2021\/12\/0Y6A8285-2048x1241.jpg"},"landscape_1920":{"file":"0Y6A8285-1920x1080.jpg","width":1920,"height":1080,"mime_type":"image\/jpeg","source_url":"https:\/\/medicina.udd.cl\/obstetricia-santiago\/files\/2021\/12\/0Y6A8285-1920x1080.jpg"},"landscape_1366":{"file":"0Y6A8285-1366x768.jpg","width":1366,"height":768,"mime_type":"image\/jpeg","source_url":"https:\/\/medicina.udd.cl\/obstetricia-santiago\/files\/2021\/12\/0Y6A8285-1366x768.jpg"},"landscape_952":{"file":"0Y6A8285-952x534.jpg","width":952,"height":534,"mime_type":"image\/jpeg","source_url":"https:\/\/medicina.udd.cl\/obstetricia-santiago\/files\/2021\/12\/0Y6A8285-952x534.jpg"},"landscape_680":{"file":"0Y6A8285-680x382.jpg","width":680,"height":382,"mime_type":"image\/jpeg","source_url":"https:\/\/medicina.udd.cl\/obstetricia-santiago\/files\/2021\/12\/0Y6A8285-680x382.jpg"},"square_750":{"file":"0Y6A8285-750x750.jpg","width":750,"height":750,"mime_type":"image\/jpeg","source_url":"https:\/\/medicina.udd.cl\/obstetricia-santiago\/files\/2021\/12\/0Y6A8285-750x750.jpg"},"square_500":{"file":"0Y6A8285-500x500.jpg","width":500,"height":500,"mime_type":"image\/jpeg","source_url":"https:\/\/medicina.udd.cl\/obstetricia-santiago\/files\/2021\/12\/0Y6A8285-500x500.jpg"},"square_200":{"file":"0Y6A8285-250x250.jpg","width":250,"height":250,"mime_type":"image\/jpeg","source_url":"https:\/\/medicina.udd.cl\/obstetricia-santiago\/files\/2021\/12\/0Y6A8285-250x250.jpg"},"post-thumbnail":{"file":"0Y6A8285-952x534.jpg","width":952,"height":534,"mime_type":"image\/jpeg","source_url":"https:\/\/medicina.udd.cl\/obstetricia-santiago\/files\/2021\/12\/0Y6A8285-952x534.jpg"},"custom_content":{"file":"0Y6A8285-126x126.jpg","width":126,"height":126,"mime_type":"image\/jpeg","source_url":"https:\/\/medicina.udd.cl\/obstetricia-santiago\/files\/2021\/12\/0Y6A8285-126x126.jpg"},"full":{"file":"0Y6A8285-scaled.jpg","width":2560,"height":1551,"mime_type":"image\/jpeg","source_url":"https:\/\/medicina.udd.cl\/obstetricia-santiago\/files\/2021\/12\/0Y6A8285-scaled.jpg"}},"image_meta":{"aperture":"13","credit":"","camera":"Canon EOS 5D Mark IV","caption":"","created_timestamp":"1639423563","copyright":"","focal_length":"28","iso":"1600","shutter_speed":"0.008","title":"","orientation":"1","keywords":[]},"original_image":"0Y6A8285.jpg"},"post":985,"source_url":"https:\/\/medicina.udd.cl\/obstetricia-santiago\/files\/2021\/12\/0Y6A8285-scaled.jpg","_links":{"self":[{"href":"https:\/\/medicina.udd.cl\/obstetricia-santiago\/wp-json\/wp\/v2\/media\/986","targetHints":{"allow":["GET"]}}],"collection":[{"href":"https:\/\/medicina.udd.cl\/obstetricia-santiago\/wp-json\/wp\/v2\/media"}],"about":[{"href":"https:\/\/medicina.udd.cl\/obstetricia-santiago\/wp-json\/wp\/v2\/types\/attachment"}],"author":[{"embeddable":true,"href":"https:\/\/medicina.udd.cl\/obstetricia-santiago\/wp-json\/wp\/v2\/users\/9192219"}],"replies":[{"embeddable":true,"href":"https:\/\/medicina.udd.cl\/obstetricia-santiago\/wp-json\/wp\/v2\/comments?post=986"}],"wp:attached-to":[{"embeddable":true,"post_type":"post","id":985,"href":"https:\/\/medicina.udd.cl\/obstetricia-santiago\/wp-json\/wp\/v2\/posts\/985"}],"curies":[{"name":"wp","href":"https:\/\/api.w.org\/{rel}","templated":true}]}}

<!-- This site is optimized with the Yoast SEO plugin v26.9 - https://yoast.com/product/yoast-seo-wordpress/ -->
<title>0Y6A8285 - Obstetricia</title>
<meta name="robots" content="index, follow, max-snippet:-1, max-image-preview:large, max-video-preview:-1" />
<link rel="canonical" href="https://medicina.udd.cl/obstetricia-santiago/files/2021/12/0Y6A8285-scaled.jpg" />
<meta property="og:locale" content="es_ES" />
<meta property="og:type" content="article" />
<meta property="og:title" content="0Y6A8285 - Obstetricia" />
<meta property="og:url" content="https://medicina.udd.cl/obstetricia-santiago/files/2021/12/0Y6A8285-scaled.jpg" />
<meta property="og:site_name" content="Obstetricia" />
<meta property="og:image" content="https://medicina.udd.cl/obstetricia-santiago/files/2021/12/0Y6A8285-scaled.jpg" />
	<meta property="og:image:width" content="2560" />
	<meta property="og:image:height" content="1551" />
	<meta property="og:image:type" content="image/jpeg" />
<meta name="twitter:card" content="summary_large_image" />
<script type="application/ld+json" class="yoast-schema-graph">{"@context":"https://schema.org","@graph":[{"@type":"WebPage","@id":"https://medicina.udd.cl/obstetricia-santiago/files/2021/12/0Y6A8285-scaled.jpg","url":"https://medicina.udd.cl/obstetricia-santiago/files/2021/12/0Y6A8285-scaled.jpg","name":"0Y6A8285 - Obstetricia","isPartOf":{"@id":"https://medicina.udd.cl/obstetricia-santiago/#website"},"datePublished":"2021-12-20T12:25:00+00:00","breadcrumb":{"@id":"https://medicina.udd.cl/obstetricia-santiago/files/2021/12/0Y6A8285-scaled.jpg#breadcrumb"},"inLanguage":"es","potentialAction":[{"@type":"ReadAction","target":["https://medicina.udd.cl/obstetricia-santiago/files/2021/12/0Y6A8285-scaled.jpg"]}]},{"@type":"BreadcrumbList","@id":"https://medicina.udd.cl/obstetricia-santiago/files/2021/12/0Y6A8285-scaled.jpg#breadcrumb","itemListElement":[{"@type":"ListItem","position":1,"name":"Portada","item":"https://medicina.udd.cl/obstetricia-santiago/"},{"@type":"ListItem","position":2,"name":"Facultad de Medicina Clínica Alemana Universidad del Desarrollo celebró sus 20 años","item":"https://medicina.udd.cl/obstetricia-santiago/2021/12/14/facultad-de-medicina-clinica-alemana-universidad-del-desarrollo-celebro-sus-20-anos/"},{"@type":"ListItem","position":3,"name":"0Y6A8285"}]},{"@type":"WebSite","@id":"https://medicina.udd.cl/obstetricia-santiago/#website","url":"https://medicina.udd.cl/obstetricia-santiago/","name":"Obstetricia","description":"Facultad de Medicina Clínica Alemana Universidad del Desarrollo","inLanguage":"es"}]}</script>
<!-- / Yoast SEO plugin. -->

Facultad de Medicina Clínica Alemana Universidad del Desarrollo celebró sus 20 años

Facultad de Medicina Clínica Alemana Universidad del Desarrollo
