{"id":426,"date":"2019-12-27T15:50:59","date_gmt":"2019-12-27T15:50:59","guid":{"rendered":"http:\/\/medicina.udd.cl\/obstetricia-santiago\/?post_type=person&#038;p=426"},"modified":"2024-09-11T15:54:01","modified_gmt":"2024-09-11T18:54:01","slug":"francisca-villalon","status":"publish","type":"person","link":"https:\/\/medicina.udd.cl\/obstetricia-santiago\/persona\/francisca-villalon\/","title":{"rendered":"Francisca Villal\u00f3n"},"featured_media":1665,"template":"","people_tax":[],"people_areas":[],"people_levels":[],"class_list":["post-426","person","type-person","status-publish","has-post-thumbnail","hentry"],"yoast_head":"<!-- This site is optimized with the Yoast SEO plugin v26.9 - https:\/\/yoast.com\/product\/yoast-seo-wordpress\/ -->\n<title>Francisca Villal\u00f3n - Obstetricia<\/title>\n<meta name=\"robots\" content=\"index, follow, max-snippet:-1, max-image-preview:large, max-video-preview:-1\" \/>\n<link rel=\"canonical\" href=\"https:\/\/medicina.udd.cl\/obstetricia-santiago\/persona\/francisca-villalon\/\" \/>\n<meta property=\"og:locale\" content=\"es_ES\" \/>\n<meta property=\"og:type\" content=\"article\" \/>\n<meta property=\"og:title\" content=\"Francisca Villal\u00f3n - Obstetricia\" \/>\n<meta property=\"og:url\" content=\"https:\/\/medicina.udd.cl\/obstetricia-santiago\/persona\/francisca-villalon\/\" \/>\n<meta property=\"og:site_name\" content=\"Obstetricia\" \/>\n<meta property=\"article:modified_time\" content=\"2024-09-11T18:54:01+00:00\" \/>\n<meta property=\"og:image\" content=\"https:\/\/medicina.udd.cl\/obstetricia-santiago\/files\/2019\/12\/francisca-villalon_byn.jpg\" \/>\n\t<meta property=\"og:image:width\" content=\"425\" \/>\n\t<meta property=\"og:image:height\" content=\"425\" \/>\n\t<meta property=\"og:image:type\" content=\"image\/jpeg\" \/>\n<meta name=\"twitter:card\" content=\"summary_large_image\" \/>\n<meta name=\"twitter:label1\" content=\"Tiempo de lectura\" \/>\n\t<meta name=\"twitter:data1\" content=\"1 minuto\" \/>\n<script type=\"application\/ld+json\" class=\"yoast-schema-graph\">{\"@context\":\"https:\/\/schema.org\",\"@graph\":[{\"@type\":\"WebPage\",\"@id\":\"https:\/\/medicina.udd.cl\/obstetricia-santiago\/persona\/francisca-villalon\/\",\"url\":\"https:\/\/medicina.udd.cl\/obstetricia-santiago\/persona\/francisca-villalon\/\",\"name\":\"Francisca Villal\u00f3n - Obstetricia\",\"isPartOf\":{\"@id\":\"https:\/\/medicina.udd.cl\/obstetricia-santiago\/#website\"},\"primaryImageOfPage\":{\"@id\":\"https:\/\/medicina.udd.cl\/obstetricia-santiago\/persona\/francisca-villalon\/#primaryimage\"},\"image\":{\"@id\":\"https:\/\/medicina.udd.cl\/obstetricia-santiago\/persona\/francisca-villalon\/#primaryimage\"},\"thumbnailUrl\":\"https:\/\/medicina.udd.cl\/obstetricia-santiago\/files\/2019\/12\/francisca-villalon_byn.jpg\",\"datePublished\":\"2019-12-27T15:50:59+00:00\",\"dateModified\":\"2024-09-11T18:54:01+00:00\",\"breadcrumb\":{\"@id\":\"https:\/\/medicina.udd.cl\/obstetricia-santiago\/persona\/francisca-villalon\/#breadcrumb\"},\"inLanguage\":\"es\",\"potentialAction\":[{\"@type\":\"ReadAction\",\"target\":[\"https:\/\/medicina.udd.cl\/obstetricia-santiago\/persona\/francisca-villalon\/\"]}]},{\"@type\":\"ImageObject\",\"inLanguage\":\"es\",\"@id\":\"https:\/\/medicina.udd.cl\/obstetricia-santiago\/persona\/francisca-villalon\/#primaryimage\",\"url\":\"https:\/\/medicina.udd.cl\/obstetricia-santiago\/files\/2019\/12\/francisca-villalon_byn.jpg\",\"contentUrl\":\"https:\/\/medicina.udd.cl\/obstetricia-santiago\/files\/2019\/12\/francisca-villalon_byn.jpg\",\"width\":425,\"height\":425},{\"@type\":\"BreadcrumbList\",\"@id\":\"https:\/\/medicina.udd.cl\/obstetricia-santiago\/persona\/francisca-villalon\/#breadcrumb\",\"itemListElement\":[{\"@type\":\"ListItem\",\"position\":1,\"name\":\"Portada\",\"item\":\"https:\/\/medicina.udd.cl\/obstetricia-santiago\/\"},{\"@type\":\"ListItem\",\"position\":2,\"name\":\"Personas\",\"item\":\"https:\/\/medicina.udd.cl\/obstetricia-santiago\/persona\/\"},{\"@type\":\"ListItem\",\"position\":3,\"name\":\"Francisca Villal\u00f3n\"}]},{\"@type\":\"WebSite\",\"@id\":\"https:\/\/medicina.udd.cl\/obstetricia-santiago\/#website\",\"url\":\"https:\/\/medicina.udd.cl\/obstetricia-santiago\/\",\"name\":\"Obstetricia\",\"description\":\"Facultad de Medicina Cl\u00ednica Alemana Universidad del Desarrollo\",\"inLanguage\":\"es\"}]}<\/script>\n<!-- \/ Yoast SEO plugin. -->","yoast_head_json":{"title":"Francisca Villal\u00f3n - Obstetricia","robots":{"index":"index","follow":"follow","max-snippet":"max-snippet:-1","max-image-preview":"max-image-preview:large","max-video-preview":"max-video-preview:-1"},"canonical":"https:\/\/medicina.udd.cl\/obstetricia-santiago\/persona\/francisca-villalon\/","og_locale":"es_ES","og_type":"article","og_title":"Francisca Villal\u00f3n - Obstetricia","og_url":"https:\/\/medicina.udd.cl\/obstetricia-santiago\/persona\/francisca-villalon\/","og_site_name":"Obstetricia","article_modified_time":"2024-09-11T18:54:01+00:00","og_image":[{"width":425,"height":425,"url":"https:\/\/medicina.udd.cl\/obstetricia-santiago\/files\/2019\/12\/francisca-villalon_byn.jpg","type":"image\/jpeg"}],"twitter_card":"summary_large_image","twitter_misc":{"Tiempo de lectura":"1 minuto"},"schema":{"@context":"https:\/\/schema.org","@graph":[{"@type":"WebPage","@id":"https:\/\/medicina.udd.cl\/obstetricia-santiago\/persona\/francisca-villalon\/","url":"https:\/\/medicina.udd.cl\/obstetricia-santiago\/persona\/francisca-villalon\/","name":"Francisca Villal\u00f3n - Obstetricia","isPartOf":{"@id":"https:\/\/medicina.udd.cl\/obstetricia-santiago\/#website"},"primaryImageOfPage":{"@id":"https:\/\/medicina.udd.cl\/obstetricia-santiago\/persona\/francisca-villalon\/#primaryimage"},"image":{"@id":"https:\/\/medicina.udd.cl\/obstetricia-santiago\/persona\/francisca-villalon\/#primaryimage"},"thumbnailUrl":"https:\/\/medicina.udd.cl\/obstetricia-santiago\/files\/2019\/12\/francisca-villalon_byn.jpg","datePublished":"2019-12-27T15:50:59+00:00","dateModified":"2024-09-11T18:54:01+00:00","breadcrumb":{"@id":"https:\/\/medicina.udd.cl\/obstetricia-santiago\/persona\/francisca-villalon\/#breadcrumb"},"inLanguage":"es","potentialAction":[{"@type":"ReadAction","target":["https:\/\/medicina.udd.cl\/obstetricia-santiago\/persona\/francisca-villalon\/"]}]},{"@type":"ImageObject","inLanguage":"es","@id":"https:\/\/medicina.udd.cl\/obstetricia-santiago\/persona\/francisca-villalon\/#primaryimage","url":"https:\/\/medicina.udd.cl\/obstetricia-santiago\/files\/2019\/12\/francisca-villalon_byn.jpg","contentUrl":"https:\/\/medicina.udd.cl\/obstetricia-santiago\/files\/2019\/12\/francisca-villalon_byn.jpg","width":425,"height":425},{"@type":"BreadcrumbList","@id":"https:\/\/medicina.udd.cl\/obstetricia-santiago\/persona\/francisca-villalon\/#breadcrumb","itemListElement":[{"@type":"ListItem","position":1,"name":"Portada","item":"https:\/\/medicina.udd.cl\/obstetricia-santiago\/"},{"@type":"ListItem","position":2,"name":"Personas","item":"https:\/\/medicina.udd.cl\/obstetricia-santiago\/persona\/"},{"@type":"ListItem","position":3,"name":"Francisca Villal\u00f3n"}]},{"@type":"WebSite","@id":"https:\/\/medicina.udd.cl\/obstetricia-santiago\/#website","url":"https:\/\/medicina.udd.cl\/obstetricia-santiago\/","name":"Obstetricia","description":"Facultad de Medicina Cl\u00ednica Alemana Universidad del Desarrollo","inLanguage":"es"}]}},"label":"Francisca Villal\u00f3n","role":"Coordinadora Admisi\u00f3n","thumbnail_url":"https:\/\/medicina.udd.cl\/obstetricia-santiago\/files\/2019\/12\/francisca-villalon_byn.jpg","email":"mfvillalon@udd.cl","tel_job":"","content":{"rendered":"<div class=\"person-modal person-modal--scl\">\n\t<header class=\"person-modal__header\">\n\t\t<div class=\"person-modal__bg\"><\/div>\n\t\t<div class=\"modal-container\">\n\t\t\t\t\t\t<div class=\"person-modal__media\">\n\t\t\t\t<img width=\"425\" height=\"425\" src=\"https:\/\/medicina.udd.cl\/obstetricia-santiago\/files\/2019\/12\/francisca-villalon_byn.jpg\" class=\"person-modal__image wp-post-image\" alt=\"\" decoding=\"async\" loading=\"lazy\" srcset=\"https:\/\/medicina.udd.cl\/obstetricia-santiago\/files\/2019\/12\/francisca-villalon_byn.jpg 425w, https:\/\/medicina.udd.cl\/obstetricia-santiago\/files\/2019\/12\/francisca-villalon_byn-300x300.jpg 300w, https:\/\/medicina.udd.cl\/obstetricia-santiago\/files\/2019\/12\/francisca-villalon_byn-150x150.jpg 150w, https:\/\/medicina.udd.cl\/obstetricia-santiago\/files\/2019\/12\/francisca-villalon_byn-62x62.jpg 62w, https:\/\/medicina.udd.cl\/obstetricia-santiago\/files\/2019\/12\/francisca-villalon_byn-250x250.jpg 250w, https:\/\/medicina.udd.cl\/obstetricia-santiago\/files\/2019\/12\/francisca-villalon_byn-126x126.jpg 126w\" sizes=\"auto, (max-width: 425px) 100vw, 425px\" \/>\t\t\t<\/div>\n\t\t\t\t\t\t<div class=\"person-modal__data\">\n\t\t\t\t<h1 class=\"person-modal__name\">Francisca Villal\u00f3n<\/h1>\n\t\t\t\t\t\t\t<span class=\"person-modal__description\">Coordinadora Admisi\u00f3n<\/span>\n\t\t\t\t\t\t\t\t\t\t\t\t\t<a href=\"mailto:&#109;f&#118;&#105;lla&#108;&#111;n&#064;ud&#100;.c&#108;\" class=\"person-modal__email\">&#109;f&#118;i&#108;&#108;&#97;lo&#110;&#64;&#117;d&#100;&#46;c&#108;<\/a>\n\t\t\t\t\t\t\t\t\t<\/div>\n\t\t<\/div>\n\t<\/header>\n\t<div class=\"modal-container\">\n\t\t\t<div class=\"person-modal__content text\">\n\t\t\t\t\t\t\t\t\t\t<ul>\n<li>Matrona, Universidad Mayor.<\/li>\n<li>Diplomada en Promoci\u00f3n del Apego Seguro en la Primera Infancia, Universidad de Chile.<\/li>\n<li>Diplomada en Calidad y Seguridad del Paciente y Control de Infecciones Asociadas a la Atenci\u00f3n de Salud. Universidad de Chile.<\/li>\n<li>Instructora en Reanimaci\u00f3n Neonatal. Sociedad Chilena de Pediatr\u00eda (SOCHIPE).<\/li>\n<li>Magister en Educaci\u00f3n en Ciencias de la Salud. Universidad Mayor.<\/li>\n<\/ul>\n\t\t<\/div>\n\t<\/div>\n<\/div>\n"},"identifier":"aaa86c7a4b887886f068e8b00dacda7289255cea","has_credential":[],"given_name":"Francisca","family_name":"Villal\u00f3n","name":"Francisca Villal\u00f3n","job_title":"Coordinadora Admisi\u00f3n","telephone":"+56225785878","note":"","im":"56932538001","_self_schedule":null,"_links":{"self":[{"href":"https:\/\/medicina.udd.cl\/obstetricia-santiago\/wp-json\/wp\/v2\/people\/426","targetHints":{"allow":["GET"]}}],"collection":[{"href":"https:\/\/medicina.udd.cl\/obstetricia-santiago\/wp-json\/wp\/v2\/people"}],"about":[{"href":"https:\/\/medicina.udd.cl\/obstetricia-santiago\/wp-json\/wp\/v2\/types\/person"}],"wp:featuredmedia":[{"embeddable":true,"href":"https:\/\/medicina.udd.cl\/obstetricia-santiago\/wp-json\/wp\/v2\/media\/1665"}],"wp:attachment":[{"href":"https:\/\/medicina.udd.cl\/obstetricia-santiago\/wp-json\/wp\/v2\/media?parent=426"}],"wp:term":[{"taxonomy":"people_tax","embeddable":true,"href":"https:\/\/medicina.udd.cl\/obstetricia-santiago\/wp-json\/wp\/v2\/people_tax?post=426"},{"taxonomy":"people_areas","embeddable":true,"href":"https:\/\/medicina.udd.cl\/obstetricia-santiago\/wp-json\/wp\/v2\/people_areas?post=426"},{"taxonomy":"people_levels","embeddable":true,"href":"https:\/\/medicina.udd.cl\/obstetricia-santiago\/wp-json\/wp\/v2\/people_levels?post=426"}],"curies":[{"name":"wp","href":"https:\/\/api.w.org\/{rel}","templated":true}]}}

Francisca Villalón

<!-- This site is optimized with the Yoast SEO plugin v26.9 - https://yoast.com/product/yoast-seo-wordpress/ -->
<title>Francisca Villalón - Obstetricia</title>
<meta name="robots" content="index, follow, max-snippet:-1, max-image-preview:large, max-video-preview:-1" />
<link rel="canonical" href="https://medicina.udd.cl/obstetricia-santiago/persona/francisca-villalon/" />
<meta property="og:locale" content="es_ES" />
<meta property="og:type" content="article" />
<meta property="og:title" content="Francisca Villalón - Obstetricia" />
<meta property="og:url" content="https://medicina.udd.cl/obstetricia-santiago/persona/francisca-villalon/" />
<meta property="og:site_name" content="Obstetricia" />
<meta property="article:modified_time" content="2024-09-11T18:54:01+00:00" />
<meta property="og:image" content="https://medicina.udd.cl/obstetricia-santiago/files/2019/12/francisca-villalon_byn.jpg" />
	<meta property="og:image:width" content="425" />
	<meta property="og:image:height" content="425" />
	<meta property="og:image:type" content="image/jpeg" />
<meta name="twitter:card" content="summary_large_image" />
<meta name="twitter:label1" content="Tiempo de lectura" />
	<meta name="twitter:data1" content="1 minuto" />
<script type="application/ld+json" class="yoast-schema-graph">{"@context":"https://schema.org","@graph":[{"@type":"WebPage","@id":"https://medicina.udd.cl/obstetricia-santiago/persona/francisca-villalon/","url":"https://medicina.udd.cl/obstetricia-santiago/persona/francisca-villalon/","name":"Francisca Villalón - Obstetricia","isPartOf":{"@id":"https://medicina.udd.cl/obstetricia-santiago/#website"},"primaryImageOfPage":{"@id":"https://medicina.udd.cl/obstetricia-santiago/persona/francisca-villalon/#primaryimage"},"image":{"@id":"https://medicina.udd.cl/obstetricia-santiago/persona/francisca-villalon/#primaryimage"},"thumbnailUrl":"https://medicina.udd.cl/obstetricia-santiago/files/2019/12/francisca-villalon_byn.jpg","datePublished":"2019-12-27T15:50:59+00:00","dateModified":"2024-09-11T18:54:01+00:00","breadcrumb":{"@id":"https://medicina.udd.cl/obstetricia-santiago/persona/francisca-villalon/#breadcrumb"},"inLanguage":"es","potentialAction":[{"@type":"ReadAction","target":["https://medicina.udd.cl/obstetricia-santiago/persona/francisca-villalon/"]}]},{"@type":"ImageObject","inLanguage":"es","@id":"https://medicina.udd.cl/obstetricia-santiago/persona/francisca-villalon/#primaryimage","url":"https://medicina.udd.cl/obstetricia-santiago/files/2019/12/francisca-villalon_byn.jpg","contentUrl":"https://medicina.udd.cl/obstetricia-santiago/files/2019/12/francisca-villalon_byn.jpg","width":425,"height":425},{"@type":"BreadcrumbList","@id":"https://medicina.udd.cl/obstetricia-santiago/persona/francisca-villalon/#breadcrumb","itemListElement":[{"@type":"ListItem","position":1,"name":"Portada","item":"https://medicina.udd.cl/obstetricia-santiago/"},{"@type":"ListItem","position":2,"name":"Personas","item":"https://medicina.udd.cl/obstetricia-santiago/persona/"},{"@type":"ListItem","position":3,"name":"Francisca Villalón"}]},{"@type":"WebSite","@id":"https://medicina.udd.cl/obstetricia-santiago/#website","url":"https://medicina.udd.cl/obstetricia-santiago/","name":"Obstetricia","description":"Facultad de Medicina Clínica Alemana Universidad del Desarrollo","inLanguage":"es"}]}</script>
<!-- / Yoast SEO plugin. -->

Francisca Villalón - Obstetricia

Facultad de Medicina Clínica Alemana Universidad del Desarrollo

Coordinadora Admisión

<div class="person-modal person-modal--scl">
	<header class="person-modal__header">
		<div class="person-modal__bg"></div>
		<div class="modal-container">
						<div class="person-modal__media">
				<img width="425" height="425" src="https://medicina.udd.cl/obstetricia-santiago/files/2019/12/francisca-villalon_byn.jpg" class="person-modal__image wp-post-image" alt="" decoding="async" loading="lazy" srcset="https://medicina.udd.cl/obstetricia-santiago/files/2019/12/francisca-villalon_byn.jpg 425w, https://medicina.udd.cl/obstetricia-santiago/files/2019/12/francisca-villalon_byn-300x300.jpg 300w, https://medicina.udd.cl/obstetricia-santiago/files/2019/12/francisca-villalon_byn-150x150.jpg 150w, https://medicina.udd.cl/obstetricia-santiago/files/2019/12/francisca-villalon_byn-62x62.jpg 62w, https://medicina.udd.cl/obstetricia-santiago/files/2019/12/francisca-villalon_byn-250x250.jpg 250w, https://medicina.udd.cl/obstetricia-santiago/files/2019/12/francisca-villalon_byn-126x126.jpg 126w" sizes="auto, (max-width: 425px) 100vw, 425px" />			</div>
						<div class="person-modal__data">
				<h1 class="person-modal__name">Francisca Villalón</h1>
							<span class="person-modal__description">Coordinadora Admisión</span>
													<a href="mailto:&#109;f&#118;&#105;lla&#108;&#111;n&#064;ud&#100;.c&#108;" class="person-modal__email">&#109;f&#118;i&#108;&#108;&#97;lo&#110;&#64;&#117;d&#100;&#46;c&#108;</a>
									</div>
		</div>
	</header>
	<div class="modal-container">
			<div class="person-modal__content text">
										<ul>
<li>Matrona, Universidad Mayor.</li>
<li>Diplomada en Promoción del Apego Seguro en la Primera Infancia, Universidad de Chile.</li>
<li>Diplomada en Calidad y Seguridad del Paciente y Control de Infecciones Asociadas a la Atención de Salud. Universidad de Chile.</li>
<li>Instructora en Reanimación Neonatal. Sociedad Chilena de Pediatría (SOCHIPE).</li>
<li>Magister en Educación en Ciencias de la Salud. Universidad Mayor.</li>
</ul>
		</div>
	</div>
</div>

Villalón
