{"id":322,"date":"2019-09-26T19:54:15","date_gmt":"2019-09-26T19:54:15","guid":{"rendered":"http:\/\/medicina.udd.cl\/obstetricia-santiago\/?post_type=testimonial&#038;p=322"},"modified":"2025-05-26T15:31:37","modified_gmt":"2025-05-26T19:31:37","slug":"macarena-leiva","status":"publish","type":"testimonial","link":"https:\/\/medicina.udd.cl\/obstetricia-santiago\/testimonio\/macarena-leiva\/","title":{"rendered":"Macarena Leiva"},"content":{"rendered":"\n<p>Estoy muy orgullosa de haber sido parte de la primera generaci\u00f3n de matronas de la Universidad del Desarrollo, desde el inici\u00f3 me he sent\u00ed s\u00faper acogida y entusiasmada con la calidad de docentes que hay en nuestra Facultad de Medicina.<\/p>\n","protected":false},"featured_media":326,"template":"","testimonial-categories":[7],"class_list":["post-322","testimonial","type-testimonial","status-publish","has-post-thumbnail","hentry"],"yoast_head":"<!-- This site is optimized with the Yoast SEO plugin v26.9 - https:\/\/yoast.com\/product\/yoast-seo-wordpress\/ -->\n<title>Macarena Leiva - Obstetricia<\/title>\n<meta name=\"robots\" content=\"index, follow, max-snippet:-1, max-image-preview:large, max-video-preview:-1\" \/>\n<link rel=\"canonical\" href=\"https:\/\/medicina.udd.cl\/obstetricia-santiago\/testimonio\/macarena-leiva\/\" \/>\n<meta property=\"og:locale\" content=\"es_ES\" \/>\n<meta property=\"og:type\" content=\"article\" \/>\n<meta property=\"og:title\" content=\"Macarena Leiva - Obstetricia\" \/>\n<meta property=\"og:description\" content=\"Estoy muy orgullosa de haber sido parte de la primera generaci\u00f3n de matronas de la Universidad del Desarrollo, desde el inici\u00f3 me he sent\u00ed s\u00faper acogida y entusiasmada con la calidad de docentes que hay en nuestra Facultad de Medicina.\" \/>\n<meta property=\"og:url\" content=\"https:\/\/medicina.udd.cl\/obstetricia-santiago\/testimonio\/macarena-leiva\/\" \/>\n<meta property=\"og:site_name\" content=\"Obstetricia\" \/>\n<meta property=\"article:modified_time\" content=\"2025-05-26T19:31:37+00:00\" \/>\n<meta property=\"og:image\" content=\"https:\/\/medicina.udd.cl\/obstetricia-santiago\/files\/2019\/09\/Estudiante-de-obstetricia.png\" \/>\n\t<meta property=\"og:image:width\" content=\"360\" \/>\n\t<meta property=\"og:image:height\" content=\"353\" \/>\n\t<meta property=\"og:image:type\" content=\"image\/png\" \/>\n<meta name=\"twitter:card\" content=\"summary_large_image\" \/>\n<script type=\"application\/ld+json\" class=\"yoast-schema-graph\">{\"@context\":\"https:\/\/schema.org\",\"@graph\":[{\"@type\":\"WebPage\",\"@id\":\"https:\/\/medicina.udd.cl\/obstetricia-santiago\/testimonio\/macarena-leiva\/\",\"url\":\"https:\/\/medicina.udd.cl\/obstetricia-santiago\/testimonio\/macarena-leiva\/\",\"name\":\"Macarena Leiva - Obstetricia\",\"isPartOf\":{\"@id\":\"https:\/\/medicina.udd.cl\/obstetricia-santiago\/#website\"},\"primaryImageOfPage\":{\"@id\":\"https:\/\/medicina.udd.cl\/obstetricia-santiago\/testimonio\/macarena-leiva\/#primaryimage\"},\"image\":{\"@id\":\"https:\/\/medicina.udd.cl\/obstetricia-santiago\/testimonio\/macarena-leiva\/#primaryimage\"},\"thumbnailUrl\":\"https:\/\/medicina.udd.cl\/obstetricia-santiago\/files\/2019\/09\/Estudiante-de-obstetricia.png\",\"datePublished\":\"2019-09-26T19:54:15+00:00\",\"dateModified\":\"2025-05-26T19:31:37+00:00\",\"breadcrumb\":{\"@id\":\"https:\/\/medicina.udd.cl\/obstetricia-santiago\/testimonio\/macarena-leiva\/#breadcrumb\"},\"inLanguage\":\"es\",\"potentialAction\":[{\"@type\":\"ReadAction\",\"target\":[\"https:\/\/medicina.udd.cl\/obstetricia-santiago\/testimonio\/macarena-leiva\/\"]}]},{\"@type\":\"ImageObject\",\"inLanguage\":\"es\",\"@id\":\"https:\/\/medicina.udd.cl\/obstetricia-santiago\/testimonio\/macarena-leiva\/#primaryimage\",\"url\":\"https:\/\/medicina.udd.cl\/obstetricia-santiago\/files\/2019\/09\/Estudiante-de-obstetricia.png\",\"contentUrl\":\"https:\/\/medicina.udd.cl\/obstetricia-santiago\/files\/2019\/09\/Estudiante-de-obstetricia.png\",\"width\":360,\"height\":353},{\"@type\":\"BreadcrumbList\",\"@id\":\"https:\/\/medicina.udd.cl\/obstetricia-santiago\/testimonio\/macarena-leiva\/#breadcrumb\",\"itemListElement\":[{\"@type\":\"ListItem\",\"position\":1,\"name\":\"Portada\",\"item\":\"https:\/\/medicina.udd.cl\/obstetricia-santiago\/\"},{\"@type\":\"ListItem\",\"position\":2,\"name\":\"Testimonios\",\"item\":\"https:\/\/medicina.udd.cl\/obstetricia-santiago\/testimonio\/\"},{\"@type\":\"ListItem\",\"position\":3,\"name\":\"Macarena Leiva\"}]},{\"@type\":\"WebSite\",\"@id\":\"https:\/\/medicina.udd.cl\/obstetricia-santiago\/#website\",\"url\":\"https:\/\/medicina.udd.cl\/obstetricia-santiago\/\",\"name\":\"Obstetricia\",\"description\":\"Facultad de Medicina Cl\u00ednica Alemana Universidad del Desarrollo\",\"inLanguage\":\"es\"}]}<\/script>\n<!-- \/ Yoast SEO plugin. -->","yoast_head_json":{"title":"Macarena Leiva - Obstetricia","robots":{"index":"index","follow":"follow","max-snippet":"max-snippet:-1","max-image-preview":"max-image-preview:large","max-video-preview":"max-video-preview:-1"},"canonical":"https:\/\/medicina.udd.cl\/obstetricia-santiago\/testimonio\/macarena-leiva\/","og_locale":"es_ES","og_type":"article","og_title":"Macarena Leiva - Obstetricia","og_description":"Estoy muy orgullosa de haber sido parte de la primera generaci\u00f3n de matronas de la Universidad del Desarrollo, desde el inici\u00f3 me he sent\u00ed s\u00faper acogida y entusiasmada con la calidad de docentes que hay en nuestra Facultad de Medicina.","og_url":"https:\/\/medicina.udd.cl\/obstetricia-santiago\/testimonio\/macarena-leiva\/","og_site_name":"Obstetricia","article_modified_time":"2025-05-26T19:31:37+00:00","og_image":[{"width":360,"height":353,"url":"https:\/\/medicina.udd.cl\/obstetricia-santiago\/files\/2019\/09\/Estudiante-de-obstetricia.png","type":"image\/png"}],"twitter_card":"summary_large_image","schema":{"@context":"https:\/\/schema.org","@graph":[{"@type":"WebPage","@id":"https:\/\/medicina.udd.cl\/obstetricia-santiago\/testimonio\/macarena-leiva\/","url":"https:\/\/medicina.udd.cl\/obstetricia-santiago\/testimonio\/macarena-leiva\/","name":"Macarena Leiva - Obstetricia","isPartOf":{"@id":"https:\/\/medicina.udd.cl\/obstetricia-santiago\/#website"},"primaryImageOfPage":{"@id":"https:\/\/medicina.udd.cl\/obstetricia-santiago\/testimonio\/macarena-leiva\/#primaryimage"},"image":{"@id":"https:\/\/medicina.udd.cl\/obstetricia-santiago\/testimonio\/macarena-leiva\/#primaryimage"},"thumbnailUrl":"https:\/\/medicina.udd.cl\/obstetricia-santiago\/files\/2019\/09\/Estudiante-de-obstetricia.png","datePublished":"2019-09-26T19:54:15+00:00","dateModified":"2025-05-26T19:31:37+00:00","breadcrumb":{"@id":"https:\/\/medicina.udd.cl\/obstetricia-santiago\/testimonio\/macarena-leiva\/#breadcrumb"},"inLanguage":"es","potentialAction":[{"@type":"ReadAction","target":["https:\/\/medicina.udd.cl\/obstetricia-santiago\/testimonio\/macarena-leiva\/"]}]},{"@type":"ImageObject","inLanguage":"es","@id":"https:\/\/medicina.udd.cl\/obstetricia-santiago\/testimonio\/macarena-leiva\/#primaryimage","url":"https:\/\/medicina.udd.cl\/obstetricia-santiago\/files\/2019\/09\/Estudiante-de-obstetricia.png","contentUrl":"https:\/\/medicina.udd.cl\/obstetricia-santiago\/files\/2019\/09\/Estudiante-de-obstetricia.png","width":360,"height":353},{"@type":"BreadcrumbList","@id":"https:\/\/medicina.udd.cl\/obstetricia-santiago\/testimonio\/macarena-leiva\/#breadcrumb","itemListElement":[{"@type":"ListItem","position":1,"name":"Portada","item":"https:\/\/medicina.udd.cl\/obstetricia-santiago\/"},{"@type":"ListItem","position":2,"name":"Testimonios","item":"https:\/\/medicina.udd.cl\/obstetricia-santiago\/testimonio\/"},{"@type":"ListItem","position":3,"name":"Macarena Leiva"}]},{"@type":"WebSite","@id":"https:\/\/medicina.udd.cl\/obstetricia-santiago\/#website","url":"https:\/\/medicina.udd.cl\/obstetricia-santiago\/","name":"Obstetricia","description":"Facultad de Medicina Cl\u00ednica Alemana Universidad del Desarrollo","inLanguage":"es"}]}},"_links":{"self":[{"href":"https:\/\/medicina.udd.cl\/obstetricia-santiago\/wp-json\/wp\/v2\/testimonials\/322","targetHints":{"allow":["GET"]}}],"collection":[{"href":"https:\/\/medicina.udd.cl\/obstetricia-santiago\/wp-json\/wp\/v2\/testimonials"}],"about":[{"href":"https:\/\/medicina.udd.cl\/obstetricia-santiago\/wp-json\/wp\/v2\/types\/testimonial"}],"wp:featuredmedia":[{"embeddable":true,"href":"https:\/\/medicina.udd.cl\/obstetricia-santiago\/wp-json\/wp\/v2\/media\/326"}],"wp:attachment":[{"href":"https:\/\/medicina.udd.cl\/obstetricia-santiago\/wp-json\/wp\/v2\/media?parent=322"}],"wp:term":[{"taxonomy":"testimonial_category","embeddable":true,"href":"https:\/\/medicina.udd.cl\/obstetricia-santiago\/wp-json\/wp\/v2\/testimonial-categories?post=322"}],"curies":[{"name":"wp","href":"https:\/\/api.w.org\/{rel}","templated":true}]}}

<p>Estoy muy orgullosa de haber sido parte de la primera generación de matronas de la Universidad del Desarrollo, desde el inició me he sentí súper acogida y entusiasmada con la calidad de docentes que hay en nuestra Facultad de Medicina.</p>

<!-- This site is optimized with the Yoast SEO plugin v26.9 - https://yoast.com/product/yoast-seo-wordpress/ -->
<title>Macarena Leiva - Obstetricia</title>
<meta name="robots" content="index, follow, max-snippet:-1, max-image-preview:large, max-video-preview:-1" />
<link rel="canonical" href="https://medicina.udd.cl/obstetricia-santiago/testimonio/macarena-leiva/" />
<meta property="og:locale" content="es_ES" />
<meta property="og:type" content="article" />
<meta property="og:title" content="Macarena Leiva - Obstetricia" />
<meta property="og:description" content="Estoy muy orgullosa de haber sido parte de la primera generación de matronas de la Universidad del Desarrollo, desde el inició me he sentí súper acogida y entusiasmada con la calidad de docentes que hay en nuestra Facultad de Medicina." />
<meta property="og:url" content="https://medicina.udd.cl/obstetricia-santiago/testimonio/macarena-leiva/" />
<meta property="og:site_name" content="Obstetricia" />
<meta property="article:modified_time" content="2025-05-26T19:31:37+00:00" />
<meta property="og:image" content="https://medicina.udd.cl/obstetricia-santiago/files/2019/09/Estudiante-de-obstetricia.png" />
	<meta property="og:image:width" content="360" />
	<meta property="og:image:height" content="353" />
	<meta property="og:image:type" content="image/png" />
<meta name="twitter:card" content="summary_large_image" />
<script type="application/ld+json" class="yoast-schema-graph">{"@context":"https://schema.org","@graph":[{"@type":"WebPage","@id":"https://medicina.udd.cl/obstetricia-santiago/testimonio/macarena-leiva/","url":"https://medicina.udd.cl/obstetricia-santiago/testimonio/macarena-leiva/","name":"Macarena Leiva - Obstetricia","isPartOf":{"@id":"https://medicina.udd.cl/obstetricia-santiago/#website"},"primaryImageOfPage":{"@id":"https://medicina.udd.cl/obstetricia-santiago/testimonio/macarena-leiva/#primaryimage"},"image":{"@id":"https://medicina.udd.cl/obstetricia-santiago/testimonio/macarena-leiva/#primaryimage"},"thumbnailUrl":"https://medicina.udd.cl/obstetricia-santiago/files/2019/09/Estudiante-de-obstetricia.png","datePublished":"2019-09-26T19:54:15+00:00","dateModified":"2025-05-26T19:31:37+00:00","breadcrumb":{"@id":"https://medicina.udd.cl/obstetricia-santiago/testimonio/macarena-leiva/#breadcrumb"},"inLanguage":"es","potentialAction":[{"@type":"ReadAction","target":["https://medicina.udd.cl/obstetricia-santiago/testimonio/macarena-leiva/"]}]},{"@type":"ImageObject","inLanguage":"es","@id":"https://medicina.udd.cl/obstetricia-santiago/testimonio/macarena-leiva/#primaryimage","url":"https://medicina.udd.cl/obstetricia-santiago/files/2019/09/Estudiante-de-obstetricia.png","contentUrl":"https://medicina.udd.cl/obstetricia-santiago/files/2019/09/Estudiante-de-obstetricia.png","width":360,"height":353},{"@type":"BreadcrumbList","@id":"https://medicina.udd.cl/obstetricia-santiago/testimonio/macarena-leiva/#breadcrumb","itemListElement":[{"@type":"ListItem","position":1,"name":"Portada","item":"https://medicina.udd.cl/obstetricia-santiago/"},{"@type":"ListItem","position":2,"name":"Testimonios","item":"https://medicina.udd.cl/obstetricia-santiago/testimonio/"},{"@type":"ListItem","position":3,"name":"Macarena Leiva"}]},{"@type":"WebSite","@id":"https://medicina.udd.cl/obstetricia-santiago/#website","url":"https://medicina.udd.cl/obstetricia-santiago/","name":"Obstetricia","description":"Facultad de Medicina Clínica Alemana Universidad del Desarrollo","inLanguage":"es"}]}</script>
<!-- / Yoast SEO plugin. -->

Estoy muy orgullosa de haber sido parte de la primera generación de matronas de la Universidad del Desarrollo, desde el inició me he sentí súper acogida y entusiasmada con la calidad de docentes que hay en nuestra Facultad de Medicina.

Facultad de Medicina Clínica Alemana Universidad del Desarrollo
