{"id":4715,"date":"2018-01-26T16:46:25","date_gmt":"2018-01-26T19:46:25","guid":{"rendered":"http:\/\/medicina.udd.cl\/odontologia-santiago\/files\/2018\/01\/Imagen-3.png"},"modified":"2018-01-26T16:46:25","modified_gmt":"2018-01-26T19:46:25","slug":"imagen-3","status":"inherit","type":"attachment","link":"https:\/\/medicina.udd.cl\/odontologia-santiago\/noticias\/2018\/01\/26\/por-septimo-ano-consecutivo-se-realizo-la-practica-de-verano-de-las-carreras-de-la-salud-en-la-isla-de-chiloe\/imagen-3\/","title":{"rendered":"Imagen 3"},"author":9192192,"featured_media":0,"comment_status":"open","ping_status":"closed","template":"","meta":[],"class_list":["post-4715","attachment","type-attachment","status-inherit","hentry"],"yoast_head":"<!-- This site is optimized with the Yoast SEO plugin v26.9 - https:\/\/yoast.com\/product\/yoast-seo-wordpress\/ -->\n<title>Imagen 3 - Odontolog\u00eda<\/title>\n<meta name=\"robots\" content=\"index, follow, max-snippet:-1, max-image-preview:large, max-video-preview:-1\" \/>\n<link rel=\"canonical\" href=\"https:\/\/medicina.udd.cl\/odontologia-santiago\/files\/2018\/01\/Imagen-3.png\" \/>\n<meta property=\"og:locale\" content=\"es_ES\" \/>\n<meta property=\"og:type\" content=\"article\" \/>\n<meta property=\"og:title\" content=\"Imagen 3 - Odontolog\u00eda\" \/>\n<meta property=\"og:url\" content=\"https:\/\/medicina.udd.cl\/odontologia-santiago\/files\/2018\/01\/Imagen-3.png\" \/>\n<meta property=\"og:site_name\" content=\"Odontolog\u00eda\" \/>\n<meta property=\"og:image\" content=\"https:\/\/medicina.udd.cl\/odontologia-santiago\/files\/2018\/01\/Imagen-3.png\" \/>\n\t<meta property=\"og:image:width\" content=\"1204\" \/>\n\t<meta property=\"og:image:height\" content=\"903\" \/>\n\t<meta property=\"og:image:type\" content=\"image\/png\" \/>\n<script type=\"application\/ld+json\" class=\"yoast-schema-graph\">{\"@context\":\"https:\/\/schema.org\",\"@graph\":[{\"@type\":\"WebPage\",\"@id\":\"https:\/\/medicina.udd.cl\/odontologia-santiago\/files\/2018\/01\/Imagen-3.png\",\"url\":\"https:\/\/medicina.udd.cl\/odontologia-santiago\/files\/2018\/01\/Imagen-3.png\",\"name\":\"Imagen 3 - Odontolog\u00eda\",\"isPartOf\":{\"@id\":\"https:\/\/medicina.udd.cl\/odontologia-santiago\/#website\"},\"datePublished\":\"2018-01-26T19:46:25+00:00\",\"breadcrumb\":{\"@id\":\"https:\/\/medicina.udd.cl\/odontologia-santiago\/files\/2018\/01\/Imagen-3.png#breadcrumb\"},\"inLanguage\":\"es\",\"potentialAction\":[{\"@type\":\"ReadAction\",\"target\":[\"https:\/\/medicina.udd.cl\/odontologia-santiago\/files\/2018\/01\/Imagen-3.png\"]}]},{\"@type\":\"BreadcrumbList\",\"@id\":\"https:\/\/medicina.udd.cl\/odontologia-santiago\/files\/2018\/01\/Imagen-3.png#breadcrumb\",\"itemListElement\":[{\"@type\":\"ListItem\",\"position\":1,\"name\":\"Home\",\"item\":\"https:\/\/medicina.udd.cl\/odontologia-santiago\/\"},{\"@type\":\"ListItem\",\"position\":2,\"name\":\"Por s\u00e9ptimo a\u00f1o consecutivo, se realiz\u00f3 la pr\u00e1ctica de verano de las Carreras de la Salud en la Isla de Chilo\u00e9\",\"item\":\"https:\/\/medicina.udd.cl\/odontologia-santiago\/noticias\/2018\/01\/26\/por-septimo-ano-consecutivo-se-realizo-la-practica-de-verano-de-las-carreras-de-la-salud-en-la-isla-de-chiloe\/\"},{\"@type\":\"ListItem\",\"position\":3,\"name\":\"Imagen 3\"}]},{\"@type\":\"WebSite\",\"@id\":\"https:\/\/medicina.udd.cl\/odontologia-santiago\/#website\",\"url\":\"https:\/\/medicina.udd.cl\/odontologia-santiago\/\",\"name\":\"Odontolog\u00eda\",\"description\":\"Facultad de Medicina Cl\u00ednica Alemana Universidad del Desarrollo\",\"inLanguage\":\"es\"}]}<\/script>\n<!-- \/ Yoast SEO plugin. -->","yoast_head_json":{"title":"Imagen 3 - Odontolog\u00eda","robots":{"index":"index","follow":"follow","max-snippet":"max-snippet:-1","max-image-preview":"max-image-preview:large","max-video-preview":"max-video-preview:-1"},"canonical":"https:\/\/medicina.udd.cl\/odontologia-santiago\/files\/2018\/01\/Imagen-3.png","og_locale":"es_ES","og_type":"article","og_title":"Imagen 3 - Odontolog\u00eda","og_url":"https:\/\/medicina.udd.cl\/odontologia-santiago\/files\/2018\/01\/Imagen-3.png","og_site_name":"Odontolog\u00eda","og_image":[{"width":1204,"height":903,"url":"https:\/\/medicina.udd.cl\/odontologia-santiago\/files\/2018\/01\/Imagen-3.png","type":"image\/png"}],"schema":{"@context":"https:\/\/schema.org","@graph":[{"@type":"WebPage","@id":"https:\/\/medicina.udd.cl\/odontologia-santiago\/files\/2018\/01\/Imagen-3.png","url":"https:\/\/medicina.udd.cl\/odontologia-santiago\/files\/2018\/01\/Imagen-3.png","name":"Imagen 3 - Odontolog\u00eda","isPartOf":{"@id":"https:\/\/medicina.udd.cl\/odontologia-santiago\/#website"},"datePublished":"2018-01-26T19:46:25+00:00","breadcrumb":{"@id":"https:\/\/medicina.udd.cl\/odontologia-santiago\/files\/2018\/01\/Imagen-3.png#breadcrumb"},"inLanguage":"es","potentialAction":[{"@type":"ReadAction","target":["https:\/\/medicina.udd.cl\/odontologia-santiago\/files\/2018\/01\/Imagen-3.png"]}]},{"@type":"BreadcrumbList","@id":"https:\/\/medicina.udd.cl\/odontologia-santiago\/files\/2018\/01\/Imagen-3.png#breadcrumb","itemListElement":[{"@type":"ListItem","position":1,"name":"Home","item":"https:\/\/medicina.udd.cl\/odontologia-santiago\/"},{"@type":"ListItem","position":2,"name":"Por s\u00e9ptimo a\u00f1o consecutivo, se realiz\u00f3 la pr\u00e1ctica de verano de las Carreras de la Salud en la Isla de Chilo\u00e9","item":"https:\/\/medicina.udd.cl\/odontologia-santiago\/noticias\/2018\/01\/26\/por-septimo-ano-consecutivo-se-realizo-la-practica-de-verano-de-las-carreras-de-la-salud-en-la-isla-de-chiloe\/"},{"@type":"ListItem","position":3,"name":"Imagen 3"}]},{"@type":"WebSite","@id":"https:\/\/medicina.udd.cl\/odontologia-santiago\/#website","url":"https:\/\/medicina.udd.cl\/odontologia-santiago\/","name":"Odontolog\u00eda","description":"Facultad de Medicina Cl\u00ednica Alemana Universidad del Desarrollo","inLanguage":"es"}]}},"description":{"rendered":"<p class=\"attachment\"><a href='https:\/\/medicina.udd.cl\/odontologia-santiago\/files\/2018\/01\/Imagen-3.png'><img loading=\"lazy\" decoding=\"async\" width=\"300\" height=\"225\" src=\"https:\/\/medicina.udd.cl\/odontologia-santiago\/files\/2018\/01\/Imagen-3-300x225.png\" class=\"attachment-medium size-medium\" alt=\"\" srcset=\"https:\/\/medicina.udd.cl\/odontologia-santiago\/files\/2018\/01\/Imagen-3-300x225.png 300w, https:\/\/medicina.udd.cl\/odontologia-santiago\/files\/2018\/01\/Imagen-3-768x576.png 768w, https:\/\/medicina.udd.cl\/odontologia-santiago\/files\/2018\/01\/Imagen-3-1024x768.png 1024w, https:\/\/medicina.udd.cl\/odontologia-santiago\/files\/2018\/01\/Imagen-3-960x720.png 960w, https:\/\/medicina.udd.cl\/odontologia-santiago\/files\/2018\/01\/Imagen-3.png 1204w\" sizes=\"auto, (max-width: 300px) 100vw, 300px\" \/><\/a><\/p>\n"},"caption":{"rendered":""},"alt_text":"","media_type":"image","mime_type":"image\/png","media_details":{"width":1204,"height":903,"file":"2018\/01\/Imagen-3.png","sizes":{"thumbnail":{"file":"Imagen-3-150x150.png","width":150,"height":150,"mime_type":"image\/png","source_url":"https:\/\/medicina.udd.cl\/odontologia-santiago\/files\/2018\/01\/Imagen-3-150x150.png"},"medium":{"file":"Imagen-3-300x225.png","width":300,"height":225,"mime_type":"image\/png","source_url":"https:\/\/medicina.udd.cl\/odontologia-santiago\/files\/2018\/01\/Imagen-3-300x225.png"},"medium_large":{"file":"Imagen-3-768x576.png","width":768,"height":576,"mime_type":"image\/png","source_url":"https:\/\/medicina.udd.cl\/odontologia-santiago\/files\/2018\/01\/Imagen-3-768x576.png"},"large":{"file":"Imagen-3-1024x768.png","width":1024,"height":768,"mime_type":"image\/png","source_url":"https:\/\/medicina.udd.cl\/odontologia-santiago\/files\/2018\/01\/Imagen-3-1024x768.png"},"newsletter_featured":{"file":"Imagen-3-316x224.png","width":316,"height":224,"mime_type":"image\/png","source_url":"https:\/\/medicina.udd.cl\/odontologia-santiago\/files\/2018\/01\/Imagen-3-316x224.png"},"newsletter_first":{"file":"Imagen-3-286x205.png","width":286,"height":205,"mime_type":"image\/png","source_url":"https:\/\/medicina.udd.cl\/odontologia-santiago\/files\/2018\/01\/Imagen-3-286x205.png"},"newsletter_thumb":{"file":"Imagen-3-288x150.png","width":288,"height":150,"mime_type":"image\/png","source_url":"https:\/\/medicina.udd.cl\/odontologia-santiago\/files\/2018\/01\/Imagen-3-288x150.png"},"newsletter_column":{"file":"Imagen-3-182x140.png","width":182,"height":140,"mime_type":"image\/png","source_url":"https:\/\/medicina.udd.cl\/odontologia-santiago\/files\/2018\/01\/Imagen-3-182x140.png"},"newsletter_square":{"file":"Imagen-3-62x62.png","width":62,"height":62,"mime_type":"image\/png","source_url":"https:\/\/medicina.udd.cl\/odontologia-santiago\/files\/2018\/01\/Imagen-3-62x62.png"},"newsletter_square_large":{"file":"Imagen-3-87x62.png","width":87,"height":62,"mime_type":"image\/png","source_url":"https:\/\/medicina.udd.cl\/odontologia-santiago\/files\/2018\/01\/Imagen-3-87x62.png"},"featured-home":{"file":"Imagen-3-800x450.png","width":800,"height":450,"mime_type":"image\/png","source_url":"https:\/\/medicina.udd.cl\/odontologia-santiago\/files\/2018\/01\/Imagen-3-800x450.png"},"featured-career":{"file":"Imagen-3-660x430.png","width":660,"height":430,"mime_type":"image\/png","source_url":"https:\/\/medicina.udd.cl\/odontologia-santiago\/files\/2018\/01\/Imagen-3-660x430.png"},"squared":{"file":"Imagen-3-300x300.png","width":300,"height":300,"mime_type":"image\/png","source_url":"https:\/\/medicina.udd.cl\/odontologia-santiago\/files\/2018\/01\/Imagen-3-300x300.png"},"stretch":{"file":"Imagen-3-800x450.png","width":800,"height":450,"mime_type":"image\/png","source_url":"https:\/\/medicina.udd.cl\/odontologia-santiago\/files\/2018\/01\/Imagen-3-800x450.png"},"portrait-medium":{"file":"Imagen-3-220x260.png","width":220,"height":260,"mime_type":"image\/png","source_url":"https:\/\/medicina.udd.cl\/odontologia-santiago\/files\/2018\/01\/Imagen-3-220x260.png"},"landscape-small":{"file":"Imagen-3-125x80.png","width":125,"height":80,"mime_type":"image\/png","source_url":"https:\/\/medicina.udd.cl\/odontologia-santiago\/files\/2018\/01\/Imagen-3-125x80.png"},"landscape-medium":{"file":"Imagen-3-340x220.png","width":340,"height":220,"mime_type":"image\/png","source_url":"https:\/\/medicina.udd.cl\/odontologia-santiago\/files\/2018\/01\/Imagen-3-340x220.png"},"landscape-large":{"file":"Imagen-3-365x255.png","width":365,"height":255,"mime_type":"image\/png","source_url":"https:\/\/medicina.udd.cl\/odontologia-santiago\/files\/2018\/01\/Imagen-3-365x255.png"},"landscape-xlarge":{"file":"Imagen-3-660x430.png","width":660,"height":430,"mime_type":"image\/png","source_url":"https:\/\/medicina.udd.cl\/odontologia-santiago\/files\/2018\/01\/Imagen-3-660x430.png"},"panoramic":{"file":"Imagen-3-940x345.png","width":940,"height":345,"mime_type":"image\/png","source_url":"https:\/\/medicina.udd.cl\/odontologia-santiago\/files\/2018\/01\/Imagen-3-940x345.png"},"stretch-large":{"file":"Imagen-3-940x450.png","width":940,"height":450,"mime_type":"image\/png","source_url":"https:\/\/medicina.udd.cl\/odontologia-santiago\/files\/2018\/01\/Imagen-3-940x450.png"},"proportional-large":{"file":"Imagen-3-960x720.png","width":960,"height":720,"mime_type":"image\/png","source_url":"https:\/\/medicina.udd.cl\/odontologia-santiago\/files\/2018\/01\/Imagen-3-960x720.png"},"custom_content":{"file":"Imagen-3-126x126.png","width":126,"height":126,"mime_type":"image\/png","source_url":"https:\/\/medicina.udd.cl\/odontologia-santiago\/files\/2018\/01\/Imagen-3-126x126.png"},"full":{"file":"Imagen-3.png","width":1204,"height":903,"mime_type":"image\/png","source_url":"https:\/\/medicina.udd.cl\/odontologia-santiago\/files\/2018\/01\/Imagen-3.png"}},"image_meta":{"aperture":"0","credit":"","camera":"","caption":"","created_timestamp":"0","copyright":"","focal_length":"0","iso":"0","shutter_speed":"0","title":"","orientation":"0","keywords":[]}},"post":4708,"source_url":"https:\/\/medicina.udd.cl\/odontologia-santiago\/files\/2018\/01\/Imagen-3.png","_links":{"self":[{"href":"https:\/\/medicina.udd.cl\/odontologia-santiago\/wp-json\/wp\/v2\/media\/4715","targetHints":{"allow":["GET"]}}],"collection":[{"href":"https:\/\/medicina.udd.cl\/odontologia-santiago\/wp-json\/wp\/v2\/media"}],"about":[{"href":"https:\/\/medicina.udd.cl\/odontologia-santiago\/wp-json\/wp\/v2\/types\/attachment"}],"author":[{"embeddable":true,"href":"https:\/\/medicina.udd.cl\/odontologia-santiago\/wp-json\/wp\/v2\/users\/9192192"}],"replies":[{"embeddable":true,"href":"https:\/\/medicina.udd.cl\/odontologia-santiago\/wp-json\/wp\/v2\/comments?post=4715"}],"wp:attached-to":[{"embeddable":true,"post_type":"post","id":4708,"href":"https:\/\/medicina.udd.cl\/odontologia-santiago\/wp-json\/wp\/v2\/posts\/4708"}],"curies":[{"name":"wp","href":"https:\/\/api.w.org\/{rel}","templated":true}]}}

<!-- This site is optimized with the Yoast SEO plugin v26.9 - https://yoast.com/product/yoast-seo-wordpress/ -->
<title>Imagen 3 - Odontología</title>
<meta name="robots" content="index, follow, max-snippet:-1, max-image-preview:large, max-video-preview:-1" />
<link rel="canonical" href="https://medicina.udd.cl/odontologia-santiago/files/2018/01/Imagen-3.png" />
<meta property="og:locale" content="es_ES" />
<meta property="og:type" content="article" />
<meta property="og:title" content="Imagen 3 - Odontología" />
<meta property="og:url" content="https://medicina.udd.cl/odontologia-santiago/files/2018/01/Imagen-3.png" />
<meta property="og:site_name" content="Odontología" />
<meta property="og:image" content="https://medicina.udd.cl/odontologia-santiago/files/2018/01/Imagen-3.png" />
	<meta property="og:image:width" content="1204" />
	<meta property="og:image:height" content="903" />
	<meta property="og:image:type" content="image/png" />
<script type="application/ld+json" class="yoast-schema-graph">{"@context":"https://schema.org","@graph":[{"@type":"WebPage","@id":"https://medicina.udd.cl/odontologia-santiago/files/2018/01/Imagen-3.png","url":"https://medicina.udd.cl/odontologia-santiago/files/2018/01/Imagen-3.png","name":"Imagen 3 - Odontología","isPartOf":{"@id":"https://medicina.udd.cl/odontologia-santiago/#website"},"datePublished":"2018-01-26T19:46:25+00:00","breadcrumb":{"@id":"https://medicina.udd.cl/odontologia-santiago/files/2018/01/Imagen-3.png#breadcrumb"},"inLanguage":"es","potentialAction":[{"@type":"ReadAction","target":["https://medicina.udd.cl/odontologia-santiago/files/2018/01/Imagen-3.png"]}]},{"@type":"BreadcrumbList","@id":"https://medicina.udd.cl/odontologia-santiago/files/2018/01/Imagen-3.png#breadcrumb","itemListElement":[{"@type":"ListItem","position":1,"name":"Home","item":"https://medicina.udd.cl/odontologia-santiago/"},{"@type":"ListItem","position":2,"name":"Por séptimo año consecutivo, se realizó la práctica de verano de las Carreras de la Salud en la Isla de Chiloé","item":"https://medicina.udd.cl/odontologia-santiago/noticias/2018/01/26/por-septimo-ano-consecutivo-se-realizo-la-practica-de-verano-de-las-carreras-de-la-salud-en-la-isla-de-chiloe/"},{"@type":"ListItem","position":3,"name":"Imagen 3"}]},{"@type":"WebSite","@id":"https://medicina.udd.cl/odontologia-santiago/#website","url":"https://medicina.udd.cl/odontologia-santiago/","name":"Odontología","description":"Facultad de Medicina Clínica Alemana Universidad del Desarrollo","inLanguage":"es"}]}</script>
<!-- / Yoast SEO plugin. -->

Imagen 3 - Odontología

Odontología

Por séptimo año consecutivo, se realizó la práctica de verano de las Carreras de la Salud en la Isla de Chiloé

Facultad de Medicina Clínica Alemana Universidad del Desarrollo
