{"id":5580,"date":"2019-09-12T17:50:40","date_gmt":"2019-09-12T20:50:40","guid":{"rendered":"http:\/\/medicina.udd.cl\/odontologia-santiago\/files\/2019\/09\/IMG_3240.jpg"},"modified":"2019-09-12T17:50:40","modified_gmt":"2019-09-12T20:50:40","slug":"img_3240","status":"inherit","type":"attachment","link":"https:\/\/medicina.udd.cl\/odontologia-santiago\/noticias\/2019\/09\/12\/dr-luis-ciocca-la-participacion-del-odontologo-en-el-mundo-judicial-debe-ser-una-gran-expresion-de-una-proyeccion-social\/img_3240\/","title":{"rendered":"IMG_3240"},"author":9192219,"featured_media":0,"comment_status":"open","ping_status":"closed","template":"","meta":[],"class_list":["post-5580","attachment","type-attachment","status-inherit","hentry"],"yoast_head":"<!-- This site is optimized with the Yoast SEO plugin v26.9 - https:\/\/yoast.com\/product\/yoast-seo-wordpress\/ -->\n<title>IMG_3240 - Odontolog\u00eda<\/title>\n<meta name=\"robots\" content=\"index, follow, max-snippet:-1, max-image-preview:large, max-video-preview:-1\" \/>\n<link rel=\"canonical\" href=\"https:\/\/medicina.udd.cl\/odontologia-santiago\/files\/2019\/09\/IMG_3240.jpg\" \/>\n<meta property=\"og:locale\" content=\"es_ES\" \/>\n<meta property=\"og:type\" content=\"article\" \/>\n<meta property=\"og:title\" content=\"IMG_3240 - Odontolog\u00eda\" \/>\n<meta property=\"og:url\" content=\"https:\/\/medicina.udd.cl\/odontologia-santiago\/files\/2019\/09\/IMG_3240.jpg\" \/>\n<meta property=\"og:site_name\" content=\"Odontolog\u00eda\" \/>\n<meta property=\"og:image\" content=\"https:\/\/medicina.udd.cl\/odontologia-santiago\/files\/2019\/09\/IMG_3240.jpg\" \/>\n\t<meta property=\"og:image:width\" content=\"4032\" \/>\n\t<meta property=\"og:image:height\" content=\"3024\" \/>\n\t<meta property=\"og:image:type\" content=\"image\/jpeg\" \/>\n<script type=\"application\/ld+json\" class=\"yoast-schema-graph\">{\"@context\":\"https:\/\/schema.org\",\"@graph\":[{\"@type\":\"WebPage\",\"@id\":\"https:\/\/medicina.udd.cl\/odontologia-santiago\/files\/2019\/09\/IMG_3240.jpg\",\"url\":\"https:\/\/medicina.udd.cl\/odontologia-santiago\/files\/2019\/09\/IMG_3240.jpg\",\"name\":\"IMG_3240 - Odontolog\u00eda\",\"isPartOf\":{\"@id\":\"https:\/\/medicina.udd.cl\/odontologia-santiago\/#website\"},\"datePublished\":\"2019-09-12T20:50:40+00:00\",\"breadcrumb\":{\"@id\":\"https:\/\/medicina.udd.cl\/odontologia-santiago\/files\/2019\/09\/IMG_3240.jpg#breadcrumb\"},\"inLanguage\":\"es\",\"potentialAction\":[{\"@type\":\"ReadAction\",\"target\":[\"https:\/\/medicina.udd.cl\/odontologia-santiago\/files\/2019\/09\/IMG_3240.jpg\"]}]},{\"@type\":\"BreadcrumbList\",\"@id\":\"https:\/\/medicina.udd.cl\/odontologia-santiago\/files\/2019\/09\/IMG_3240.jpg#breadcrumb\",\"itemListElement\":[{\"@type\":\"ListItem\",\"position\":1,\"name\":\"Home\",\"item\":\"https:\/\/medicina.udd.cl\/odontologia-santiago\/\"},{\"@type\":\"ListItem\",\"position\":2,\"name\":\"Dr. Luis Ciocca: \u201cLa participaci\u00f3n del odont\u00f3logo en el mundo judicial debe ser una gran expresi\u00f3n de una proyecci\u00f3n social\u201d\",\"item\":\"https:\/\/medicina.udd.cl\/odontologia-santiago\/noticias\/2019\/09\/12\/dr-luis-ciocca-la-participacion-del-odontologo-en-el-mundo-judicial-debe-ser-una-gran-expresion-de-una-proyeccion-social\/\"},{\"@type\":\"ListItem\",\"position\":3,\"name\":\"IMG_3240\"}]},{\"@type\":\"WebSite\",\"@id\":\"https:\/\/medicina.udd.cl\/odontologia-santiago\/#website\",\"url\":\"https:\/\/medicina.udd.cl\/odontologia-santiago\/\",\"name\":\"Odontolog\u00eda\",\"description\":\"Facultad de Medicina Cl\u00ednica Alemana Universidad del Desarrollo\",\"inLanguage\":\"es\"}]}<\/script>\n<!-- \/ Yoast SEO plugin. -->","yoast_head_json":{"title":"IMG_3240 - Odontolog\u00eda","robots":{"index":"index","follow":"follow","max-snippet":"max-snippet:-1","max-image-preview":"max-image-preview:large","max-video-preview":"max-video-preview:-1"},"canonical":"https:\/\/medicina.udd.cl\/odontologia-santiago\/files\/2019\/09\/IMG_3240.jpg","og_locale":"es_ES","og_type":"article","og_title":"IMG_3240 - Odontolog\u00eda","og_url":"https:\/\/medicina.udd.cl\/odontologia-santiago\/files\/2019\/09\/IMG_3240.jpg","og_site_name":"Odontolog\u00eda","og_image":[{"width":4032,"height":3024,"url":"https:\/\/medicina.udd.cl\/odontologia-santiago\/files\/2019\/09\/IMG_3240.jpg","type":"image\/jpeg"}],"schema":{"@context":"https:\/\/schema.org","@graph":[{"@type":"WebPage","@id":"https:\/\/medicina.udd.cl\/odontologia-santiago\/files\/2019\/09\/IMG_3240.jpg","url":"https:\/\/medicina.udd.cl\/odontologia-santiago\/files\/2019\/09\/IMG_3240.jpg","name":"IMG_3240 - Odontolog\u00eda","isPartOf":{"@id":"https:\/\/medicina.udd.cl\/odontologia-santiago\/#website"},"datePublished":"2019-09-12T20:50:40+00:00","breadcrumb":{"@id":"https:\/\/medicina.udd.cl\/odontologia-santiago\/files\/2019\/09\/IMG_3240.jpg#breadcrumb"},"inLanguage":"es","potentialAction":[{"@type":"ReadAction","target":["https:\/\/medicina.udd.cl\/odontologia-santiago\/files\/2019\/09\/IMG_3240.jpg"]}]},{"@type":"BreadcrumbList","@id":"https:\/\/medicina.udd.cl\/odontologia-santiago\/files\/2019\/09\/IMG_3240.jpg#breadcrumb","itemListElement":[{"@type":"ListItem","position":1,"name":"Home","item":"https:\/\/medicina.udd.cl\/odontologia-santiago\/"},{"@type":"ListItem","position":2,"name":"Dr. Luis Ciocca: \u201cLa participaci\u00f3n del odont\u00f3logo en el mundo judicial debe ser una gran expresi\u00f3n de una proyecci\u00f3n social\u201d","item":"https:\/\/medicina.udd.cl\/odontologia-santiago\/noticias\/2019\/09\/12\/dr-luis-ciocca-la-participacion-del-odontologo-en-el-mundo-judicial-debe-ser-una-gran-expresion-de-una-proyeccion-social\/"},{"@type":"ListItem","position":3,"name":"IMG_3240"}]},{"@type":"WebSite","@id":"https:\/\/medicina.udd.cl\/odontologia-santiago\/#website","url":"https:\/\/medicina.udd.cl\/odontologia-santiago\/","name":"Odontolog\u00eda","description":"Facultad de Medicina Cl\u00ednica Alemana Universidad del Desarrollo","inLanguage":"es"}]}},"description":{"rendered":"<p class=\"attachment\"><a href='https:\/\/medicina.udd.cl\/odontologia-santiago\/files\/2019\/09\/IMG_3240.jpg'><img loading=\"lazy\" decoding=\"async\" width=\"300\" height=\"225\" src=\"https:\/\/medicina.udd.cl\/odontologia-santiago\/files\/2019\/09\/IMG_3240-300x225.jpg\" class=\"attachment-medium size-medium\" alt=\"\" srcset=\"https:\/\/medicina.udd.cl\/odontologia-santiago\/files\/2019\/09\/IMG_3240-300x225.jpg 300w, https:\/\/medicina.udd.cl\/odontologia-santiago\/files\/2019\/09\/IMG_3240-768x576.jpg 768w, https:\/\/medicina.udd.cl\/odontologia-santiago\/files\/2019\/09\/IMG_3240-1024x768.jpg 1024w\" sizes=\"auto, (max-width: 300px) 100vw, 300px\" \/><\/a><\/p>\n"},"caption":{"rendered":""},"alt_text":"","media_type":"image","mime_type":"image\/jpeg","media_details":{"width":4032,"height":3024,"file":"2019\/09\/IMG_3240.jpg","sizes":{"thumbnail":{"file":"IMG_3240-150x150.jpg","width":150,"height":150,"mime_type":"image\/jpeg","source_url":"https:\/\/medicina.udd.cl\/odontologia-santiago\/files\/2019\/09\/IMG_3240-150x150.jpg"},"medium":{"file":"IMG_3240-300x225.jpg","width":300,"height":225,"mime_type":"image\/jpeg","source_url":"https:\/\/medicina.udd.cl\/odontologia-santiago\/files\/2019\/09\/IMG_3240-300x225.jpg"},"medium_large":{"file":"IMG_3240-768x576.jpg","width":768,"height":576,"mime_type":"image\/jpeg","source_url":"https:\/\/medicina.udd.cl\/odontologia-santiago\/files\/2019\/09\/IMG_3240-768x576.jpg"},"large":{"file":"IMG_3240-1024x768.jpg","width":1024,"height":768,"mime_type":"image\/jpeg","source_url":"https:\/\/medicina.udd.cl\/odontologia-santiago\/files\/2019\/09\/IMG_3240-1024x768.jpg"},"newsletter_featured":{"file":"IMG_3240-316x224.jpg","width":316,"height":224,"mime_type":"image\/jpeg","source_url":"https:\/\/medicina.udd.cl\/odontologia-santiago\/files\/2019\/09\/IMG_3240-316x224.jpg"},"newsletter_first":{"file":"IMG_3240-286x205.jpg","width":286,"height":205,"mime_type":"image\/jpeg","source_url":"https:\/\/medicina.udd.cl\/odontologia-santiago\/files\/2019\/09\/IMG_3240-286x205.jpg"},"newsletter_thumb":{"file":"IMG_3240-288x150.jpg","width":288,"height":150,"mime_type":"image\/jpeg","source_url":"https:\/\/medicina.udd.cl\/odontologia-santiago\/files\/2019\/09\/IMG_3240-288x150.jpg"},"newsletter_column":{"file":"IMG_3240-182x140.jpg","width":182,"height":140,"mime_type":"image\/jpeg","source_url":"https:\/\/medicina.udd.cl\/odontologia-santiago\/files\/2019\/09\/IMG_3240-182x140.jpg"},"newsletter_square":{"file":"IMG_3240-62x62.jpg","width":62,"height":62,"mime_type":"image\/jpeg","source_url":"https:\/\/medicina.udd.cl\/odontologia-santiago\/files\/2019\/09\/IMG_3240-62x62.jpg"},"newsletter_square_large":{"file":"IMG_3240-87x62.jpg","width":87,"height":62,"mime_type":"image\/jpeg","source_url":"https:\/\/medicina.udd.cl\/odontologia-santiago\/files\/2019\/09\/IMG_3240-87x62.jpg"},"landscape_1920":{"file":"IMG_3240-1920x1080.jpg","width":1920,"height":1080,"mime_type":"image\/jpeg","source_url":"https:\/\/medicina.udd.cl\/odontologia-santiago\/files\/2019\/09\/IMG_3240-1920x1080.jpg"},"landscape_1366":{"file":"IMG_3240-1366x768.jpg","width":1366,"height":768,"mime_type":"image\/jpeg","source_url":"https:\/\/medicina.udd.cl\/odontologia-santiago\/files\/2019\/09\/IMG_3240-1366x768.jpg"},"landscape_952":{"file":"IMG_3240-952x534.jpg","width":952,"height":534,"mime_type":"image\/jpeg","source_url":"https:\/\/medicina.udd.cl\/odontologia-santiago\/files\/2019\/09\/IMG_3240-952x534.jpg"},"landscape_680":{"file":"IMG_3240-680x382.jpg","width":680,"height":382,"mime_type":"image\/jpeg","source_url":"https:\/\/medicina.udd.cl\/odontologia-santiago\/files\/2019\/09\/IMG_3240-680x382.jpg"},"square_750":{"file":"IMG_3240-750x750.jpg","width":750,"height":750,"mime_type":"image\/jpeg","source_url":"https:\/\/medicina.udd.cl\/odontologia-santiago\/files\/2019\/09\/IMG_3240-750x750.jpg"},"square_500":{"file":"IMG_3240-500x500.jpg","width":500,"height":500,"mime_type":"image\/jpeg","source_url":"https:\/\/medicina.udd.cl\/odontologia-santiago\/files\/2019\/09\/IMG_3240-500x500.jpg"},"square_200":{"file":"IMG_3240-250x250.jpg","width":250,"height":250,"mime_type":"image\/jpeg","source_url":"https:\/\/medicina.udd.cl\/odontologia-santiago\/files\/2019\/09\/IMG_3240-250x250.jpg"},"post-thumbnail":{"file":"IMG_3240-952x534.jpg","width":952,"height":534,"mime_type":"image\/jpeg","source_url":"https:\/\/medicina.udd.cl\/odontologia-santiago\/files\/2019\/09\/IMG_3240-952x534.jpg"},"custom_content":{"file":"IMG_3240-126x126.jpg","width":126,"height":126,"mime_type":"image\/jpeg","source_url":"https:\/\/medicina.udd.cl\/odontologia-santiago\/files\/2019\/09\/IMG_3240-126x126.jpg"},"full":{"file":"IMG_3240.jpg","width":4032,"height":3024,"mime_type":"image\/jpeg","source_url":"https:\/\/medicina.udd.cl\/odontologia-santiago\/files\/2019\/09\/IMG_3240.jpg"}},"image_meta":{"aperture":"2.4","credit":"","camera":"iPhone X","caption":"","created_timestamp":"1562926128","copyright":"","focal_length":"6","iso":"160","shutter_speed":"0.066666666666667","title":"","orientation":"1","keywords":[]}},"post":5654,"source_url":"https:\/\/medicina.udd.cl\/odontologia-santiago\/files\/2019\/09\/IMG_3240.jpg","_links":{"self":[{"href":"https:\/\/medicina.udd.cl\/odontologia-santiago\/wp-json\/wp\/v2\/media\/5580","targetHints":{"allow":["GET"]}}],"collection":[{"href":"https:\/\/medicina.udd.cl\/odontologia-santiago\/wp-json\/wp\/v2\/media"}],"about":[{"href":"https:\/\/medicina.udd.cl\/odontologia-santiago\/wp-json\/wp\/v2\/types\/attachment"}],"author":[{"embeddable":true,"href":"https:\/\/medicina.udd.cl\/odontologia-santiago\/wp-json\/wp\/v2\/users\/9192219"}],"replies":[{"embeddable":true,"href":"https:\/\/medicina.udd.cl\/odontologia-santiago\/wp-json\/wp\/v2\/comments?post=5580"}],"wp:attached-to":[{"embeddable":true,"post_type":"post","id":5654,"href":"https:\/\/medicina.udd.cl\/odontologia-santiago\/wp-json\/wp\/v2\/posts\/5654"}],"curies":[{"name":"wp","href":"https:\/\/api.w.org\/{rel}","templated":true}]}}

<!-- This site is optimized with the Yoast SEO plugin v26.9 - https://yoast.com/product/yoast-seo-wordpress/ -->
<title>IMG_3240 - Odontología</title>
<meta name="robots" content="index, follow, max-snippet:-1, max-image-preview:large, max-video-preview:-1" />
<link rel="canonical" href="https://medicina.udd.cl/odontologia-santiago/files/2019/09/IMG_3240.jpg" />
<meta property="og:locale" content="es_ES" />
<meta property="og:type" content="article" />
<meta property="og:title" content="IMG_3240 - Odontología" />
<meta property="og:url" content="https://medicina.udd.cl/odontologia-santiago/files/2019/09/IMG_3240.jpg" />
<meta property="og:site_name" content="Odontología" />
<meta property="og:image" content="https://medicina.udd.cl/odontologia-santiago/files/2019/09/IMG_3240.jpg" />
	<meta property="og:image:width" content="4032" />
	<meta property="og:image:height" content="3024" />
	<meta property="og:image:type" content="image/jpeg" />
<script type="application/ld+json" class="yoast-schema-graph">{"@context":"https://schema.org","@graph":[{"@type":"WebPage","@id":"https://medicina.udd.cl/odontologia-santiago/files/2019/09/IMG_3240.jpg","url":"https://medicina.udd.cl/odontologia-santiago/files/2019/09/IMG_3240.jpg","name":"IMG_3240 - Odontología","isPartOf":{"@id":"https://medicina.udd.cl/odontologia-santiago/#website"},"datePublished":"2019-09-12T20:50:40+00:00","breadcrumb":{"@id":"https://medicina.udd.cl/odontologia-santiago/files/2019/09/IMG_3240.jpg#breadcrumb"},"inLanguage":"es","potentialAction":[{"@type":"ReadAction","target":["https://medicina.udd.cl/odontologia-santiago/files/2019/09/IMG_3240.jpg"]}]},{"@type":"BreadcrumbList","@id":"https://medicina.udd.cl/odontologia-santiago/files/2019/09/IMG_3240.jpg#breadcrumb","itemListElement":[{"@type":"ListItem","position":1,"name":"Home","item":"https://medicina.udd.cl/odontologia-santiago/"},{"@type":"ListItem","position":2,"name":"Dr. Luis Ciocca: “La participación del odontólogo en el mundo judicial debe ser una gran expresión de una proyección social”","item":"https://medicina.udd.cl/odontologia-santiago/noticias/2019/09/12/dr-luis-ciocca-la-participacion-del-odontologo-en-el-mundo-judicial-debe-ser-una-gran-expresion-de-una-proyeccion-social/"},{"@type":"ListItem","position":3,"name":"IMG_3240"}]},{"@type":"WebSite","@id":"https://medicina.udd.cl/odontologia-santiago/#website","url":"https://medicina.udd.cl/odontologia-santiago/","name":"Odontología","description":"Facultad de Medicina Clínica Alemana Universidad del Desarrollo","inLanguage":"es"}]}</script>
<!-- / Yoast SEO plugin. -->

IMG_3240 - Odontología

Odontología

Dr. Luis Ciocca: “La participación del odontólogo en el mundo judicial debe ser una gran expresión de una proyección social”

Facultad de Medicina Clínica Alemana Universidad del Desarrollo
