{"id":8652,"date":"2025-03-10T11:37:42","date_gmt":"2025-03-10T14:37:42","guid":{"rendered":"https:\/\/medicina.udd.cl\/odontologia-santiago\/files\/2025\/03\/odon-reu-ttmdof-1.jpeg"},"modified":"2025-03-10T11:37:42","modified_gmt":"2025-03-10T14:37:42","slug":"odon-reu-ttmdof-1","status":"inherit","type":"attachment","link":"https:\/\/medicina.udd.cl\/odontologia-santiago\/noticias\/2025\/03\/10\/comite-asesor-internacional-del-programa-de-especializacion-en-trastornos-temporomandibulares-y-dolor-orofacial-se-reune-por-primera-vez\/odon-reu-ttmdof-1\/","title":{"rendered":"ODON &#8211; Reu TTMDOF (1)"},"author":9192219,"featured_media":0,"comment_status":"","ping_status":"closed","template":"","meta":[],"class_list":["post-8652","attachment","type-attachment","status-inherit","hentry"],"yoast_head":"<!-- This site is optimized with the Yoast SEO plugin v26.9 - https:\/\/yoast.com\/product\/yoast-seo-wordpress\/ -->\n<title>ODON - Reu TTMDOF (1) - Odontolog\u00eda<\/title>\n<meta name=\"robots\" content=\"index, follow, max-snippet:-1, max-image-preview:large, max-video-preview:-1\" \/>\n<link rel=\"canonical\" href=\"https:\/\/medicina.udd.cl\/odontologia-santiago\/files\/2025\/03\/odon-reu-ttmdof-1.jpeg\" \/>\n<meta property=\"og:locale\" content=\"es_ES\" \/>\n<meta property=\"og:type\" content=\"article\" \/>\n<meta property=\"og:title\" content=\"ODON - Reu TTMDOF (1) - Odontolog\u00eda\" \/>\n<meta property=\"og:url\" content=\"https:\/\/medicina.udd.cl\/odontologia-santiago\/files\/2025\/03\/odon-reu-ttmdof-1.jpeg\" \/>\n<meta property=\"og:site_name\" content=\"Odontolog\u00eda\" \/>\n<meta property=\"og:image\" content=\"https:\/\/medicina.udd.cl\/odontologia-santiago\/files\/2025\/03\/odon-reu-ttmdof-1.jpeg\" \/>\n\t<meta property=\"og:image:width\" content=\"1\" \/>\n\t<meta property=\"og:image:height\" content=\"1\" \/>\n\t<meta property=\"og:image:type\" content=\"image\/jpeg\" \/>\n<script type=\"application\/ld+json\" class=\"yoast-schema-graph\">{\"@context\":\"https:\/\/schema.org\",\"@graph\":[{\"@type\":\"WebPage\",\"@id\":\"https:\/\/medicina.udd.cl\/odontologia-santiago\/files\/2025\/03\/odon-reu-ttmdof-1.jpeg\",\"url\":\"https:\/\/medicina.udd.cl\/odontologia-santiago\/files\/2025\/03\/odon-reu-ttmdof-1.jpeg\",\"name\":\"ODON - Reu TTMDOF (1) - Odontolog\u00eda\",\"isPartOf\":{\"@id\":\"https:\/\/medicina.udd.cl\/odontologia-santiago\/#website\"},\"datePublished\":\"2025-03-10T14:37:42+00:00\",\"breadcrumb\":{\"@id\":\"https:\/\/medicina.udd.cl\/odontologia-santiago\/files\/2025\/03\/odon-reu-ttmdof-1.jpeg#breadcrumb\"},\"inLanguage\":\"es\",\"potentialAction\":[{\"@type\":\"ReadAction\",\"target\":[\"https:\/\/medicina.udd.cl\/odontologia-santiago\/files\/2025\/03\/odon-reu-ttmdof-1.jpeg\"]}]},{\"@type\":\"BreadcrumbList\",\"@id\":\"https:\/\/medicina.udd.cl\/odontologia-santiago\/files\/2025\/03\/odon-reu-ttmdof-1.jpeg#breadcrumb\",\"itemListElement\":[{\"@type\":\"ListItem\",\"position\":1,\"name\":\"Home\",\"item\":\"https:\/\/medicina.udd.cl\/odontologia-santiago\/\"},{\"@type\":\"ListItem\",\"position\":2,\"name\":\"Comit\u00e9 Asesor Internacional del programa de especializaci\u00f3n en Trastornos Temporomandibulares y Dolor Orofacial se re\u00fane por primera vez\",\"item\":\"https:\/\/medicina.udd.cl\/odontologia-santiago\/noticias\/2025\/03\/10\/comite-asesor-internacional-del-programa-de-especializacion-en-trastornos-temporomandibulares-y-dolor-orofacial-se-reune-por-primera-vez\/\"},{\"@type\":\"ListItem\",\"position\":3,\"name\":\"ODON &#8211; Reu TTMDOF (1)\"}]},{\"@type\":\"WebSite\",\"@id\":\"https:\/\/medicina.udd.cl\/odontologia-santiago\/#website\",\"url\":\"https:\/\/medicina.udd.cl\/odontologia-santiago\/\",\"name\":\"Odontolog\u00eda\",\"description\":\"Facultad de Medicina Cl\u00ednica Alemana Universidad del Desarrollo\",\"inLanguage\":\"es\"}]}<\/script>\n<!-- \/ Yoast SEO plugin. -->","yoast_head_json":{"title":"ODON - Reu TTMDOF (1) - Odontolog\u00eda","robots":{"index":"index","follow":"follow","max-snippet":"max-snippet:-1","max-image-preview":"max-image-preview:large","max-video-preview":"max-video-preview:-1"},"canonical":"https:\/\/medicina.udd.cl\/odontologia-santiago\/files\/2025\/03\/odon-reu-ttmdof-1.jpeg","og_locale":"es_ES","og_type":"article","og_title":"ODON - Reu TTMDOF (1) - Odontolog\u00eda","og_url":"https:\/\/medicina.udd.cl\/odontologia-santiago\/files\/2025\/03\/odon-reu-ttmdof-1.jpeg","og_site_name":"Odontolog\u00eda","og_image":[{"url":"https:\/\/medicina.udd.cl\/odontologia-santiago\/files\/2025\/03\/odon-reu-ttmdof-1.jpeg","width":1,"height":1,"type":"image\/jpeg"}],"schema":{"@context":"https:\/\/schema.org","@graph":[{"@type":"WebPage","@id":"https:\/\/medicina.udd.cl\/odontologia-santiago\/files\/2025\/03\/odon-reu-ttmdof-1.jpeg","url":"https:\/\/medicina.udd.cl\/odontologia-santiago\/files\/2025\/03\/odon-reu-ttmdof-1.jpeg","name":"ODON - Reu TTMDOF (1) - Odontolog\u00eda","isPartOf":{"@id":"https:\/\/medicina.udd.cl\/odontologia-santiago\/#website"},"datePublished":"2025-03-10T14:37:42+00:00","breadcrumb":{"@id":"https:\/\/medicina.udd.cl\/odontologia-santiago\/files\/2025\/03\/odon-reu-ttmdof-1.jpeg#breadcrumb"},"inLanguage":"es","potentialAction":[{"@type":"ReadAction","target":["https:\/\/medicina.udd.cl\/odontologia-santiago\/files\/2025\/03\/odon-reu-ttmdof-1.jpeg"]}]},{"@type":"BreadcrumbList","@id":"https:\/\/medicina.udd.cl\/odontologia-santiago\/files\/2025\/03\/odon-reu-ttmdof-1.jpeg#breadcrumb","itemListElement":[{"@type":"ListItem","position":1,"name":"Home","item":"https:\/\/medicina.udd.cl\/odontologia-santiago\/"},{"@type":"ListItem","position":2,"name":"Comit\u00e9 Asesor Internacional del programa de especializaci\u00f3n en Trastornos Temporomandibulares y Dolor Orofacial se re\u00fane por primera vez","item":"https:\/\/medicina.udd.cl\/odontologia-santiago\/noticias\/2025\/03\/10\/comite-asesor-internacional-del-programa-de-especializacion-en-trastornos-temporomandibulares-y-dolor-orofacial-se-reune-por-primera-vez\/"},{"@type":"ListItem","position":3,"name":"ODON &#8211; Reu TTMDOF (1)"}]},{"@type":"WebSite","@id":"https:\/\/medicina.udd.cl\/odontologia-santiago\/#website","url":"https:\/\/medicina.udd.cl\/odontologia-santiago\/","name":"Odontolog\u00eda","description":"Facultad de Medicina Cl\u00ednica Alemana Universidad del Desarrollo","inLanguage":"es"}]}},"description":{"rendered":"<p class=\"attachment\"><a href='https:\/\/medicina.udd.cl\/odontologia-santiago\/files\/2025\/03\/odon-reu-ttmdof-1.jpeg'><img loading=\"lazy\" decoding=\"async\" width=\"300\" height=\"169\" src=\"https:\/\/medicina.udd.cl\/odontologia-santiago\/files\/2025\/03\/odon-reu-ttmdof-1-300x169.jpeg\" class=\"attachment-medium size-medium\" alt=\"\" srcset=\"https:\/\/medicina.udd.cl\/odontologia-santiago\/files\/2025\/03\/odon-reu-ttmdof-1-300x169.jpeg 300w, https:\/\/medicina.udd.cl\/odontologia-santiago\/files\/2025\/03\/odon-reu-ttmdof-1-1024x576.jpeg 1024w, https:\/\/medicina.udd.cl\/odontologia-santiago\/files\/2025\/03\/odon-reu-ttmdof-1-768x432.jpeg 768w, https:\/\/medicina.udd.cl\/odontologia-santiago\/files\/2025\/03\/odon-reu-ttmdof-1-952x534.jpeg 952w, https:\/\/medicina.udd.cl\/odontologia-santiago\/files\/2025\/03\/odon-reu-ttmdof-1-680x382.jpeg 680w, https:\/\/medicina.udd.cl\/odontologia-santiago\/files\/2025\/03\/odon-reu-ttmdof-1.jpeg 1280w\" sizes=\"auto, (max-width: 300px) 100vw, 300px\" \/><\/a><\/p>\n"},"caption":{"rendered":""},"alt_text":"","media_type":"image","mime_type":"image\/jpeg","media_details":{"width":1280,"height":720,"file":"2025\/03\/odon-reu-ttmdof-1.jpeg","filesize":182069,"sizes":{"medium":{"file":"odon-reu-ttmdof-1-300x169.jpeg","width":300,"height":169,"filesize":12626,"mime_type":"image\/jpeg","source_url":"https:\/\/medicina.udd.cl\/odontologia-santiago\/files\/2025\/03\/odon-reu-ttmdof-1-300x169.jpeg"},"large":{"file":"odon-reu-ttmdof-1-1024x576.jpeg","width":1024,"height":576,"filesize":82702,"mime_type":"image\/jpeg","source_url":"https:\/\/medicina.udd.cl\/odontologia-santiago\/files\/2025\/03\/odon-reu-ttmdof-1-1024x576.jpeg"},"thumbnail":{"file":"odon-reu-ttmdof-1-150x150.jpeg","width":150,"height":150,"filesize":6245,"mime_type":"image\/jpeg","source_url":"https:\/\/medicina.udd.cl\/odontologia-santiago\/files\/2025\/03\/odon-reu-ttmdof-1-150x150.jpeg"},"medium_large":{"file":"odon-reu-ttmdof-1-768x432.jpeg","width":768,"height":432,"filesize":54862,"mime_type":"image\/jpeg","source_url":"https:\/\/medicina.udd.cl\/odontologia-santiago\/files\/2025\/03\/odon-reu-ttmdof-1-768x432.jpeg"},"newsletter_featured":{"file":"odon-reu-ttmdof-1-316x224.jpeg","width":316,"height":224,"filesize":16299,"mime_type":"image\/jpeg","source_url":"https:\/\/medicina.udd.cl\/odontologia-santiago\/files\/2025\/03\/odon-reu-ttmdof-1-316x224.jpeg"},"newsletter_first":{"file":"odon-reu-ttmdof-1-286x205.jpeg","width":286,"height":205,"filesize":14318,"mime_type":"image\/jpeg","source_url":"https:\/\/medicina.udd.cl\/odontologia-santiago\/files\/2025\/03\/odon-reu-ttmdof-1-286x205.jpeg"},"newsletter_thumb":{"file":"odon-reu-ttmdof-1-288x150.jpeg","width":288,"height":150,"filesize":10786,"mime_type":"image\/jpeg","source_url":"https:\/\/medicina.udd.cl\/odontologia-santiago\/files\/2025\/03\/odon-reu-ttmdof-1-288x150.jpeg"},"newsletter_column":{"file":"odon-reu-ttmdof-1-182x140.jpeg","width":182,"height":140,"filesize":7608,"mime_type":"image\/jpeg","source_url":"https:\/\/medicina.udd.cl\/odontologia-santiago\/files\/2025\/03\/odon-reu-ttmdof-1-182x140.jpeg"},"newsletter_square":{"file":"odon-reu-ttmdof-1-62x62.jpeg","width":62,"height":62,"filesize":1734,"mime_type":"image\/jpeg","source_url":"https:\/\/medicina.udd.cl\/odontologia-santiago\/files\/2025\/03\/odon-reu-ttmdof-1-62x62.jpeg"},"newsletter_square_large":{"file":"odon-reu-ttmdof-1-87x62.jpeg","width":87,"height":62,"filesize":2322,"mime_type":"image\/jpeg","source_url":"https:\/\/medicina.udd.cl\/odontologia-santiago\/files\/2025\/03\/odon-reu-ttmdof-1-87x62.jpeg"},"landscape_952":{"file":"odon-reu-ttmdof-1-952x534.jpeg","width":952,"height":534,"filesize":74876,"mime_type":"image\/jpeg","source_url":"https:\/\/medicina.udd.cl\/odontologia-santiago\/files\/2025\/03\/odon-reu-ttmdof-1-952x534.jpeg"},"landscape_680":{"file":"odon-reu-ttmdof-1-680x382.jpeg","width":680,"height":382,"filesize":45474,"mime_type":"image\/jpeg","source_url":"https:\/\/medicina.udd.cl\/odontologia-santiago\/files\/2025\/03\/odon-reu-ttmdof-1-680x382.jpeg"},"square_750":{"file":"odon-reu-ttmdof-1-750x720.jpeg","width":750,"height":720,"filesize":71752,"mime_type":"image\/jpeg","source_url":"https:\/\/medicina.udd.cl\/odontologia-santiago\/files\/2025\/03\/odon-reu-ttmdof-1-750x720.jpeg"},"square_500":{"file":"odon-reu-ttmdof-1-500x500.jpeg","width":500,"height":500,"filesize":37277,"mime_type":"image\/jpeg","source_url":"https:\/\/medicina.udd.cl\/odontologia-santiago\/files\/2025\/03\/odon-reu-ttmdof-1-500x500.jpeg"},"square_200":{"file":"odon-reu-ttmdof-1-250x250.jpeg","width":250,"height":250,"filesize":13280,"mime_type":"image\/jpeg","source_url":"https:\/\/medicina.udd.cl\/odontologia-santiago\/files\/2025\/03\/odon-reu-ttmdof-1-250x250.jpeg"},"post-thumbnail":{"file":"odon-reu-ttmdof-1-952x534.jpeg","width":952,"height":534,"filesize":74876,"mime_type":"image\/jpeg","source_url":"https:\/\/medicina.udd.cl\/odontologia-santiago\/files\/2025\/03\/odon-reu-ttmdof-1-952x534.jpeg"},"custom_content":{"file":"odon-reu-ttmdof-1-126x126.jpeg","width":126,"height":126,"filesize":4818,"mime_type":"image\/jpeg","source_url":"https:\/\/medicina.udd.cl\/odontologia-santiago\/files\/2025\/03\/odon-reu-ttmdof-1-126x126.jpeg"},"full":{"file":"odon-reu-ttmdof-1.jpeg","width":1280,"height":720,"mime_type":"image\/jpeg","source_url":"https:\/\/medicina.udd.cl\/odontologia-santiago\/files\/2025\/03\/odon-reu-ttmdof-1.jpeg"}},"image_meta":{"aperture":"0","credit":"","camera":"","caption":"","created_timestamp":"0","copyright":"","focal_length":"0","iso":"0","shutter_speed":"0","title":"","orientation":"0","keywords":[]}},"post":8651,"source_url":"https:\/\/medicina.udd.cl\/odontologia-santiago\/files\/2025\/03\/odon-reu-ttmdof-1.jpeg","_links":{"self":[{"href":"https:\/\/medicina.udd.cl\/odontologia-santiago\/wp-json\/wp\/v2\/media\/8652","targetHints":{"allow":["GET"]}}],"collection":[{"href":"https:\/\/medicina.udd.cl\/odontologia-santiago\/wp-json\/wp\/v2\/media"}],"about":[{"href":"https:\/\/medicina.udd.cl\/odontologia-santiago\/wp-json\/wp\/v2\/types\/attachment"}],"author":[{"embeddable":true,"href":"https:\/\/medicina.udd.cl\/odontologia-santiago\/wp-json\/wp\/v2\/users\/9192219"}],"replies":[{"embeddable":true,"href":"https:\/\/medicina.udd.cl\/odontologia-santiago\/wp-json\/wp\/v2\/comments?post=8652"}],"wp:attached-to":[{"embeddable":true,"post_type":"post","id":8651,"href":"https:\/\/medicina.udd.cl\/odontologia-santiago\/wp-json\/wp\/v2\/posts\/8651"}],"curies":[{"name":"wp","href":"https:\/\/api.w.org\/{rel}","templated":true}]}}

<!-- This site is optimized with the Yoast SEO plugin v26.9 - https://yoast.com/product/yoast-seo-wordpress/ -->
<title>ODON - Reu TTMDOF (1) - Odontología</title>
<meta name="robots" content="index, follow, max-snippet:-1, max-image-preview:large, max-video-preview:-1" />
<link rel="canonical" href="https://medicina.udd.cl/odontologia-santiago/files/2025/03/odon-reu-ttmdof-1.jpeg" />
<meta property="og:locale" content="es_ES" />
<meta property="og:type" content="article" />
<meta property="og:title" content="ODON - Reu TTMDOF (1) - Odontología" />
<meta property="og:url" content="https://medicina.udd.cl/odontologia-santiago/files/2025/03/odon-reu-ttmdof-1.jpeg" />
<meta property="og:site_name" content="Odontología" />
<meta property="og:image" content="https://medicina.udd.cl/odontologia-santiago/files/2025/03/odon-reu-ttmdof-1.jpeg" />
	<meta property="og:image:width" content="1" />
	<meta property="og:image:height" content="1" />
	<meta property="og:image:type" content="image/jpeg" />
<script type="application/ld+json" class="yoast-schema-graph">{"@context":"https://schema.org","@graph":[{"@type":"WebPage","@id":"https://medicina.udd.cl/odontologia-santiago/files/2025/03/odon-reu-ttmdof-1.jpeg","url":"https://medicina.udd.cl/odontologia-santiago/files/2025/03/odon-reu-ttmdof-1.jpeg","name":"ODON - Reu TTMDOF (1) - Odontología","isPartOf":{"@id":"https://medicina.udd.cl/odontologia-santiago/#website"},"datePublished":"2025-03-10T14:37:42+00:00","breadcrumb":{"@id":"https://medicina.udd.cl/odontologia-santiago/files/2025/03/odon-reu-ttmdof-1.jpeg#breadcrumb"},"inLanguage":"es","potentialAction":[{"@type":"ReadAction","target":["https://medicina.udd.cl/odontologia-santiago/files/2025/03/odon-reu-ttmdof-1.jpeg"]}]},{"@type":"BreadcrumbList","@id":"https://medicina.udd.cl/odontologia-santiago/files/2025/03/odon-reu-ttmdof-1.jpeg#breadcrumb","itemListElement":[{"@type":"ListItem","position":1,"name":"Home","item":"https://medicina.udd.cl/odontologia-santiago/"},{"@type":"ListItem","position":2,"name":"Comité Asesor Internacional del programa de especialización en Trastornos Temporomandibulares y Dolor Orofacial se reúne por primera vez","item":"https://medicina.udd.cl/odontologia-santiago/noticias/2025/03/10/comite-asesor-internacional-del-programa-de-especializacion-en-trastornos-temporomandibulares-y-dolor-orofacial-se-reune-por-primera-vez/"},{"@type":"ListItem","position":3,"name":"ODON &#8211; Reu TTMDOF (1)"}]},{"@type":"WebSite","@id":"https://medicina.udd.cl/odontologia-santiago/#website","url":"https://medicina.udd.cl/odontologia-santiago/","name":"Odontología","description":"Facultad de Medicina Clínica Alemana Universidad del Desarrollo","inLanguage":"es"}]}</script>
<!-- / Yoast SEO plugin. -->

ODON - Reu TTMDOF (1) - Odontología

Odontología

Comité Asesor Internacional del programa de especialización en Trastornos Temporomandibulares y Dolor Orofacial se reúne por primera vez

Facultad de Medicina Clínica Alemana Universidad del Desarrollo
