{"id":8743,"date":"2025-04-17T13:30:36","date_gmt":"2025-04-17T17:30:36","guid":{"rendered":"https:\/\/medicina.udd.cl\/odontologia-santiago\/files\/2025\/04\/odon-investidura-2025-14.jpg"},"modified":"2025-04-17T13:30:36","modified_gmt":"2025-04-17T17:30:36","slug":"odon-investidura-2025-14","status":"inherit","type":"attachment","link":"https:\/\/medicina.udd.cl\/odontologia-santiago\/noticias\/2025\/04\/17\/estudiantes-de-segundo-ano-de-odontologia-udd-inician-su-etapa-clinica-tras-ceremonia-de-investidura\/odon-investidura-2025-14\/","title":{"rendered":"ODON &#8211; Investidura 2025 (14)"},"author":9192219,"featured_media":0,"comment_status":"","ping_status":"closed","template":"","meta":[],"class_list":["post-8743","attachment","type-attachment","status-inherit","hentry"],"yoast_head":"<!-- This site is optimized with the Yoast SEO plugin v26.9 - https:\/\/yoast.com\/product\/yoast-seo-wordpress\/ -->\n<title>ODON - Investidura 2025 (14) - Odontolog\u00eda<\/title>\n<meta name=\"robots\" content=\"index, follow, max-snippet:-1, max-image-preview:large, max-video-preview:-1\" \/>\n<link rel=\"canonical\" href=\"https:\/\/medicina.udd.cl\/odontologia-santiago\/files\/2025\/04\/odon-investidura-2025-14-scaled.jpg\" \/>\n<meta property=\"og:locale\" content=\"es_ES\" \/>\n<meta property=\"og:type\" content=\"article\" \/>\n<meta property=\"og:title\" content=\"ODON - Investidura 2025 (14) - Odontolog\u00eda\" \/>\n<meta property=\"og:url\" content=\"https:\/\/medicina.udd.cl\/odontologia-santiago\/files\/2025\/04\/odon-investidura-2025-14-scaled.jpg\" \/>\n<meta property=\"og:site_name\" content=\"Odontolog\u00eda\" \/>\n<meta property=\"og:image\" content=\"https:\/\/medicina.udd.cl\/odontologia-santiago\/files\/2025\/04\/odon-investidura-2025-14.jpg\" \/>\n\t<meta property=\"og:image:width\" content=\"1\" \/>\n\t<meta property=\"og:image:height\" content=\"1\" \/>\n\t<meta property=\"og:image:type\" content=\"image\/jpeg\" \/>\n<script type=\"application\/ld+json\" class=\"yoast-schema-graph\">{\"@context\":\"https:\/\/schema.org\",\"@graph\":[{\"@type\":\"WebPage\",\"@id\":\"https:\/\/medicina.udd.cl\/odontologia-santiago\/files\/2025\/04\/odon-investidura-2025-14-scaled.jpg\",\"url\":\"https:\/\/medicina.udd.cl\/odontologia-santiago\/files\/2025\/04\/odon-investidura-2025-14-scaled.jpg\",\"name\":\"ODON - Investidura 2025 (14) - Odontolog\u00eda\",\"isPartOf\":{\"@id\":\"https:\/\/medicina.udd.cl\/odontologia-santiago\/#website\"},\"datePublished\":\"2025-04-17T17:30:36+00:00\",\"breadcrumb\":{\"@id\":\"https:\/\/medicina.udd.cl\/odontologia-santiago\/files\/2025\/04\/odon-investidura-2025-14-scaled.jpg#breadcrumb\"},\"inLanguage\":\"es\",\"potentialAction\":[{\"@type\":\"ReadAction\",\"target\":[\"https:\/\/medicina.udd.cl\/odontologia-santiago\/files\/2025\/04\/odon-investidura-2025-14-scaled.jpg\"]}]},{\"@type\":\"BreadcrumbList\",\"@id\":\"https:\/\/medicina.udd.cl\/odontologia-santiago\/files\/2025\/04\/odon-investidura-2025-14-scaled.jpg#breadcrumb\",\"itemListElement\":[{\"@type\":\"ListItem\",\"position\":1,\"name\":\"Home\",\"item\":\"https:\/\/medicina.udd.cl\/odontologia-santiago\/\"},{\"@type\":\"ListItem\",\"position\":2,\"name\":\"Estudiantes de segundo a\u00f1o de Odontolog\u00eda UDD inician su etapa cl\u00ednica tras Ceremonia de Investidura\",\"item\":\"https:\/\/medicina.udd.cl\/odontologia-santiago\/noticias\/2025\/04\/17\/estudiantes-de-segundo-ano-de-odontologia-udd-inician-su-etapa-clinica-tras-ceremonia-de-investidura\/\"},{\"@type\":\"ListItem\",\"position\":3,\"name\":\"ODON &#8211; Investidura 2025 (14)\"}]},{\"@type\":\"WebSite\",\"@id\":\"https:\/\/medicina.udd.cl\/odontologia-santiago\/#website\",\"url\":\"https:\/\/medicina.udd.cl\/odontologia-santiago\/\",\"name\":\"Odontolog\u00eda\",\"description\":\"Facultad de Medicina Cl\u00ednica Alemana Universidad del Desarrollo\",\"inLanguage\":\"es\"}]}<\/script>\n<!-- \/ Yoast SEO plugin. -->","yoast_head_json":{"title":"ODON - Investidura 2025 (14) - Odontolog\u00eda","robots":{"index":"index","follow":"follow","max-snippet":"max-snippet:-1","max-image-preview":"max-image-preview:large","max-video-preview":"max-video-preview:-1"},"canonical":"https:\/\/medicina.udd.cl\/odontologia-santiago\/files\/2025\/04\/odon-investidura-2025-14-scaled.jpg","og_locale":"es_ES","og_type":"article","og_title":"ODON - Investidura 2025 (14) - Odontolog\u00eda","og_url":"https:\/\/medicina.udd.cl\/odontologia-santiago\/files\/2025\/04\/odon-investidura-2025-14-scaled.jpg","og_site_name":"Odontolog\u00eda","og_image":[{"url":"https:\/\/medicina.udd.cl\/odontologia-santiago\/files\/2025\/04\/odon-investidura-2025-14.jpg","width":1,"height":1,"type":"image\/jpeg"}],"schema":{"@context":"https:\/\/schema.org","@graph":[{"@type":"WebPage","@id":"https:\/\/medicina.udd.cl\/odontologia-santiago\/files\/2025\/04\/odon-investidura-2025-14-scaled.jpg","url":"https:\/\/medicina.udd.cl\/odontologia-santiago\/files\/2025\/04\/odon-investidura-2025-14-scaled.jpg","name":"ODON - Investidura 2025 (14) - Odontolog\u00eda","isPartOf":{"@id":"https:\/\/medicina.udd.cl\/odontologia-santiago\/#website"},"datePublished":"2025-04-17T17:30:36+00:00","breadcrumb":{"@id":"https:\/\/medicina.udd.cl\/odontologia-santiago\/files\/2025\/04\/odon-investidura-2025-14-scaled.jpg#breadcrumb"},"inLanguage":"es","potentialAction":[{"@type":"ReadAction","target":["https:\/\/medicina.udd.cl\/odontologia-santiago\/files\/2025\/04\/odon-investidura-2025-14-scaled.jpg"]}]},{"@type":"BreadcrumbList","@id":"https:\/\/medicina.udd.cl\/odontologia-santiago\/files\/2025\/04\/odon-investidura-2025-14-scaled.jpg#breadcrumb","itemListElement":[{"@type":"ListItem","position":1,"name":"Home","item":"https:\/\/medicina.udd.cl\/odontologia-santiago\/"},{"@type":"ListItem","position":2,"name":"Estudiantes de segundo a\u00f1o de Odontolog\u00eda UDD inician su etapa cl\u00ednica tras Ceremonia de Investidura","item":"https:\/\/medicina.udd.cl\/odontologia-santiago\/noticias\/2025\/04\/17\/estudiantes-de-segundo-ano-de-odontologia-udd-inician-su-etapa-clinica-tras-ceremonia-de-investidura\/"},{"@type":"ListItem","position":3,"name":"ODON &#8211; Investidura 2025 (14)"}]},{"@type":"WebSite","@id":"https:\/\/medicina.udd.cl\/odontologia-santiago\/#website","url":"https:\/\/medicina.udd.cl\/odontologia-santiago\/","name":"Odontolog\u00eda","description":"Facultad de Medicina Cl\u00ednica Alemana Universidad del Desarrollo","inLanguage":"es"}]}},"description":{"rendered":"<p class=\"attachment\"><a href='https:\/\/medicina.udd.cl\/odontologia-santiago\/files\/2025\/04\/odon-investidura-2025-14-scaled.jpg'><img loading=\"lazy\" decoding=\"async\" width=\"300\" height=\"200\" src=\"https:\/\/medicina.udd.cl\/odontologia-santiago\/files\/2025\/04\/odon-investidura-2025-14-300x200.jpg\" class=\"attachment-medium size-medium\" alt=\"\" srcset=\"https:\/\/medicina.udd.cl\/odontologia-santiago\/files\/2025\/04\/odon-investidura-2025-14-300x200.jpg 300w, https:\/\/medicina.udd.cl\/odontologia-santiago\/files\/2025\/04\/odon-investidura-2025-14-1024x683.jpg 1024w, https:\/\/medicina.udd.cl\/odontologia-santiago\/files\/2025\/04\/odon-investidura-2025-14-768x512.jpg 768w, https:\/\/medicina.udd.cl\/odontologia-santiago\/files\/2025\/04\/odon-investidura-2025-14-1536x1024.jpg 1536w, https:\/\/medicina.udd.cl\/odontologia-santiago\/files\/2025\/04\/odon-investidura-2025-14-2048x1365.jpg 2048w\" sizes=\"auto, (max-width: 300px) 100vw, 300px\" \/><\/a><\/p>\n"},"caption":{"rendered":""},"alt_text":"","media_type":"image","mime_type":"image\/jpeg","media_details":{"width":2560,"height":1707,"file":"2025\/04\/odon-investidura-2025-14-scaled.jpg","filesize":606045,"sizes":{"medium":{"file":"odon-investidura-2025-14-300x200.jpg","width":300,"height":200,"filesize":35471,"mime_type":"image\/jpeg","source_url":"https:\/\/medicina.udd.cl\/odontologia-santiago\/files\/2025\/04\/odon-investidura-2025-14-300x200.jpg"},"large":{"file":"odon-investidura-2025-14-1024x683.jpg","width":1024,"height":683,"filesize":146550,"mime_type":"image\/jpeg","source_url":"https:\/\/medicina.udd.cl\/odontologia-santiago\/files\/2025\/04\/odon-investidura-2025-14-1024x683.jpg"},"thumbnail":{"file":"odon-investidura-2025-14-150x150.jpg","width":150,"height":150,"filesize":25766,"mime_type":"image\/jpeg","source_url":"https:\/\/medicina.udd.cl\/odontologia-santiago\/files\/2025\/04\/odon-investidura-2025-14-150x150.jpg"},"medium_large":{"file":"odon-investidura-2025-14-768x512.jpg","width":768,"height":512,"filesize":98163,"mime_type":"image\/jpeg","source_url":"https:\/\/medicina.udd.cl\/odontologia-santiago\/files\/2025\/04\/odon-investidura-2025-14-768x512.jpg"},"newsletter_featured":{"file":"odon-investidura-2025-14-316x224.jpg","width":316,"height":224,"filesize":38052,"mime_type":"image\/jpeg","source_url":"https:\/\/medicina.udd.cl\/odontologia-santiago\/files\/2025\/04\/odon-investidura-2025-14-316x224.jpg"},"newsletter_first":{"file":"odon-investidura-2025-14-286x205.jpg","width":286,"height":205,"filesize":35315,"mime_type":"image\/jpeg","source_url":"https:\/\/medicina.udd.cl\/odontologia-santiago\/files\/2025\/04\/odon-investidura-2025-14-286x205.jpg"},"newsletter_thumb":{"file":"odon-investidura-2025-14-288x150.jpg","width":288,"height":150,"filesize":32913,"mime_type":"image\/jpeg","source_url":"https:\/\/medicina.udd.cl\/odontologia-santiago\/files\/2025\/04\/odon-investidura-2025-14-288x150.jpg"},"newsletter_column":{"file":"odon-investidura-2025-14-182x140.jpg","width":182,"height":140,"filesize":26789,"mime_type":"image\/jpeg","source_url":"https:\/\/medicina.udd.cl\/odontologia-santiago\/files\/2025\/04\/odon-investidura-2025-14-182x140.jpg"},"newsletter_square":{"file":"odon-investidura-2025-14-62x62.jpg","width":62,"height":62,"filesize":19722,"mime_type":"image\/jpeg","source_url":"https:\/\/medicina.udd.cl\/odontologia-santiago\/files\/2025\/04\/odon-investidura-2025-14-62x62.jpg"},"newsletter_square_large":{"file":"odon-investidura-2025-14-87x62.jpg","width":87,"height":62,"filesize":20331,"mime_type":"image\/jpeg","source_url":"https:\/\/medicina.udd.cl\/odontologia-santiago\/files\/2025\/04\/odon-investidura-2025-14-87x62.jpg"},"1536x1536":{"file":"odon-investidura-2025-14-1536x1024.jpg","width":1536,"height":1024,"filesize":267454,"mime_type":"image\/jpeg","source_url":"https:\/\/medicina.udd.cl\/odontologia-santiago\/files\/2025\/04\/odon-investidura-2025-14-1536x1024.jpg"},"2048x2048":{"file":"odon-investidura-2025-14-2048x1365.jpg","width":2048,"height":1365,"filesize":419618,"mime_type":"image\/jpeg","source_url":"https:\/\/medicina.udd.cl\/odontologia-santiago\/files\/2025\/04\/odon-investidura-2025-14-2048x1365.jpg"},"landscape_1920":{"file":"odon-investidura-2025-14-1920x1080.jpg","width":1920,"height":1080,"filesize":349258,"mime_type":"image\/jpeg","source_url":"https:\/\/medicina.udd.cl\/odontologia-santiago\/files\/2025\/04\/odon-investidura-2025-14-1920x1080.jpg"},"landscape_1366":{"file":"odon-investidura-2025-14-1366x768.jpg","width":1366,"height":768,"filesize":207553,"mime_type":"image\/jpeg","source_url":"https:\/\/medicina.udd.cl\/odontologia-santiago\/files\/2025\/04\/odon-investidura-2025-14-1366x768.jpg"},"landscape_952":{"file":"odon-investidura-2025-14-952x534.jpg","width":952,"height":534,"filesize":123946,"mime_type":"image\/jpeg","source_url":"https:\/\/medicina.udd.cl\/odontologia-santiago\/files\/2025\/04\/odon-investidura-2025-14-952x534.jpg"},"landscape_680":{"file":"odon-investidura-2025-14-680x382.jpg","width":680,"height":382,"filesize":79340,"mime_type":"image\/jpeg","source_url":"https:\/\/medicina.udd.cl\/odontologia-santiago\/files\/2025\/04\/odon-investidura-2025-14-680x382.jpg"},"square_750":{"file":"odon-investidura-2025-14-750x750.jpg","width":750,"height":750,"filesize":125574,"mime_type":"image\/jpeg","source_url":"https:\/\/medicina.udd.cl\/odontologia-santiago\/files\/2025\/04\/odon-investidura-2025-14-750x750.jpg"},"square_500":{"file":"odon-investidura-2025-14-500x500.jpg","width":500,"height":500,"filesize":73360,"mime_type":"image\/jpeg","source_url":"https:\/\/medicina.udd.cl\/odontologia-santiago\/files\/2025\/04\/odon-investidura-2025-14-500x500.jpg"},"square_200":{"file":"odon-investidura-2025-14-250x250.jpg","width":250,"height":250,"filesize":36185,"mime_type":"image\/jpeg","source_url":"https:\/\/medicina.udd.cl\/odontologia-santiago\/files\/2025\/04\/odon-investidura-2025-14-250x250.jpg"},"post-thumbnail":{"file":"odon-investidura-2025-14-952x534.jpg","width":952,"height":534,"filesize":123946,"mime_type":"image\/jpeg","source_url":"https:\/\/medicina.udd.cl\/odontologia-santiago\/files\/2025\/04\/odon-investidura-2025-14-952x534.jpg"},"custom_content":{"file":"odon-investidura-2025-14-126x126.jpg","width":126,"height":126,"filesize":23776,"mime_type":"image\/jpeg","source_url":"https:\/\/medicina.udd.cl\/odontologia-santiago\/files\/2025\/04\/odon-investidura-2025-14-126x126.jpg"},"full":{"file":"odon-investidura-2025-14-scaled.jpg","width":2560,"height":1707,"mime_type":"image\/jpeg","source_url":"https:\/\/medicina.udd.cl\/odontologia-santiago\/files\/2025\/04\/odon-investidura-2025-14-scaled.jpg"}},"image_meta":{"aperture":"5.6","credit":"","camera":"Canon EOS 5D Mark IV","caption":"","created_timestamp":"1744748780","copyright":"","focal_length":"24","iso":"1600","shutter_speed":"0.02","title":"","orientation":"1","keywords":[]},"original_image":"odon-investidura-2025-14.jpg"},"post":8731,"source_url":"https:\/\/medicina.udd.cl\/odontologia-santiago\/files\/2025\/04\/odon-investidura-2025-14-scaled.jpg","_links":{"self":[{"href":"https:\/\/medicina.udd.cl\/odontologia-santiago\/wp-json\/wp\/v2\/media\/8743","targetHints":{"allow":["GET"]}}],"collection":[{"href":"https:\/\/medicina.udd.cl\/odontologia-santiago\/wp-json\/wp\/v2\/media"}],"about":[{"href":"https:\/\/medicina.udd.cl\/odontologia-santiago\/wp-json\/wp\/v2\/types\/attachment"}],"author":[{"embeddable":true,"href":"https:\/\/medicina.udd.cl\/odontologia-santiago\/wp-json\/wp\/v2\/users\/9192219"}],"replies":[{"embeddable":true,"href":"https:\/\/medicina.udd.cl\/odontologia-santiago\/wp-json\/wp\/v2\/comments?post=8743"}],"wp:attached-to":[{"embeddable":true,"post_type":"post","id":8731,"href":"https:\/\/medicina.udd.cl\/odontologia-santiago\/wp-json\/wp\/v2\/posts\/8731"}],"curies":[{"name":"wp","href":"https:\/\/api.w.org\/{rel}","templated":true}]}}

<!-- This site is optimized with the Yoast SEO plugin v26.9 - https://yoast.com/product/yoast-seo-wordpress/ -->
<title>ODON - Investidura 2025 (14) - Odontología</title>
<meta name="robots" content="index, follow, max-snippet:-1, max-image-preview:large, max-video-preview:-1" />
<link rel="canonical" href="https://medicina.udd.cl/odontologia-santiago/files/2025/04/odon-investidura-2025-14-scaled.jpg" />
<meta property="og:locale" content="es_ES" />
<meta property="og:type" content="article" />
<meta property="og:title" content="ODON - Investidura 2025 (14) - Odontología" />
<meta property="og:url" content="https://medicina.udd.cl/odontologia-santiago/files/2025/04/odon-investidura-2025-14-scaled.jpg" />
<meta property="og:site_name" content="Odontología" />
<meta property="og:image" content="https://medicina.udd.cl/odontologia-santiago/files/2025/04/odon-investidura-2025-14.jpg" />
	<meta property="og:image:width" content="1" />
	<meta property="og:image:height" content="1" />
	<meta property="og:image:type" content="image/jpeg" />
<script type="application/ld+json" class="yoast-schema-graph">{"@context":"https://schema.org","@graph":[{"@type":"WebPage","@id":"https://medicina.udd.cl/odontologia-santiago/files/2025/04/odon-investidura-2025-14-scaled.jpg","url":"https://medicina.udd.cl/odontologia-santiago/files/2025/04/odon-investidura-2025-14-scaled.jpg","name":"ODON - Investidura 2025 (14) - Odontología","isPartOf":{"@id":"https://medicina.udd.cl/odontologia-santiago/#website"},"datePublished":"2025-04-17T17:30:36+00:00","breadcrumb":{"@id":"https://medicina.udd.cl/odontologia-santiago/files/2025/04/odon-investidura-2025-14-scaled.jpg#breadcrumb"},"inLanguage":"es","potentialAction":[{"@type":"ReadAction","target":["https://medicina.udd.cl/odontologia-santiago/files/2025/04/odon-investidura-2025-14-scaled.jpg"]}]},{"@type":"BreadcrumbList","@id":"https://medicina.udd.cl/odontologia-santiago/files/2025/04/odon-investidura-2025-14-scaled.jpg#breadcrumb","itemListElement":[{"@type":"ListItem","position":1,"name":"Home","item":"https://medicina.udd.cl/odontologia-santiago/"},{"@type":"ListItem","position":2,"name":"Estudiantes de segundo año de Odontología UDD inician su etapa clínica tras Ceremonia de Investidura","item":"https://medicina.udd.cl/odontologia-santiago/noticias/2025/04/17/estudiantes-de-segundo-ano-de-odontologia-udd-inician-su-etapa-clinica-tras-ceremonia-de-investidura/"},{"@type":"ListItem","position":3,"name":"ODON &#8211; Investidura 2025 (14)"}]},{"@type":"WebSite","@id":"https://medicina.udd.cl/odontologia-santiago/#website","url":"https://medicina.udd.cl/odontologia-santiago/","name":"Odontología","description":"Facultad de Medicina Clínica Alemana Universidad del Desarrollo","inLanguage":"es"}]}</script>
<!-- / Yoast SEO plugin. -->

ODON - Investidura 2025 (14) - Odontología

Odontología

Estudiantes de segundo año de Odontología UDD inician su etapa clínica tras Ceremonia de Investidura

Facultad de Medicina Clínica Alemana Universidad del Desarrollo
