{"id":8921,"date":"2025-08-04T12:25:21","date_gmt":"2025-08-04T16:25:21","guid":{"rendered":"https:\/\/medicina.udd.cl\/odontologia-santiago\/files\/2025\/08\/odon-15-aniversario-reha-oral-reconocimiento.png"},"modified":"2025-08-04T12:25:21","modified_gmt":"2025-08-04T16:25:21","slug":"odon-15-aniversario-reha-oral-reconocimiento","status":"inherit","type":"attachment","link":"https:\/\/medicina.udd.cl\/odontologia-santiago\/noticias\/2025\/08\/04\/odontologia-udd-celebra-15-anos-de-la-especialidad-en-rehabilitacion-oral-con-destacados-invitados-nacionales-e-internacionales\/odon-15-aniversario-reha-oral-reconocimiento\/","title":{"rendered":"ODON &#8211; 15 aniversario Reha Oral. reconocimiento"},"author":9192219,"featured_media":0,"comment_status":"","ping_status":"closed","template":"","meta":[],"class_list":["post-8921","attachment","type-attachment","status-inherit","hentry"],"yoast_head":"<!-- This site is optimized with the Yoast SEO plugin v26.9 - https:\/\/yoast.com\/product\/yoast-seo-wordpress\/ -->\n<title>ODON - 15 aniversario Reha Oral. reconocimiento - Odontolog\u00eda<\/title>\n<meta name=\"robots\" content=\"index, follow, max-snippet:-1, max-image-preview:large, max-video-preview:-1\" \/>\n<link rel=\"canonical\" href=\"https:\/\/medicina.udd.cl\/odontologia-santiago\/files\/2025\/08\/odon-15-aniversario-reha-oral-reconocimiento.png\" \/>\n<meta property=\"og:locale\" content=\"es_ES\" \/>\n<meta property=\"og:type\" content=\"article\" \/>\n<meta property=\"og:title\" content=\"ODON - 15 aniversario Reha Oral. reconocimiento - Odontolog\u00eda\" \/>\n<meta property=\"og:url\" content=\"https:\/\/medicina.udd.cl\/odontologia-santiago\/files\/2025\/08\/odon-15-aniversario-reha-oral-reconocimiento.png\" \/>\n<meta property=\"og:site_name\" content=\"Odontolog\u00eda\" \/>\n<meta property=\"og:image\" content=\"https:\/\/medicina.udd.cl\/odontologia-santiago\/files\/2025\/08\/odon-15-aniversario-reha-oral-reconocimiento.png\" \/>\n\t<meta property=\"og:image:width\" content=\"1\" \/>\n\t<meta property=\"og:image:height\" content=\"1\" \/>\n\t<meta property=\"og:image:type\" content=\"image\/png\" \/>\n<script type=\"application\/ld+json\" class=\"yoast-schema-graph\">{\"@context\":\"https:\/\/schema.org\",\"@graph\":[{\"@type\":\"WebPage\",\"@id\":\"https:\/\/medicina.udd.cl\/odontologia-santiago\/files\/2025\/08\/odon-15-aniversario-reha-oral-reconocimiento.png\",\"url\":\"https:\/\/medicina.udd.cl\/odontologia-santiago\/files\/2025\/08\/odon-15-aniversario-reha-oral-reconocimiento.png\",\"name\":\"ODON - 15 aniversario Reha Oral. reconocimiento - Odontolog\u00eda\",\"isPartOf\":{\"@id\":\"https:\/\/medicina.udd.cl\/odontologia-santiago\/#website\"},\"datePublished\":\"2025-08-04T16:25:21+00:00\",\"breadcrumb\":{\"@id\":\"https:\/\/medicina.udd.cl\/odontologia-santiago\/files\/2025\/08\/odon-15-aniversario-reha-oral-reconocimiento.png#breadcrumb\"},\"inLanguage\":\"es\",\"potentialAction\":[{\"@type\":\"ReadAction\",\"target\":[\"https:\/\/medicina.udd.cl\/odontologia-santiago\/files\/2025\/08\/odon-15-aniversario-reha-oral-reconocimiento.png\"]}]},{\"@type\":\"BreadcrumbList\",\"@id\":\"https:\/\/medicina.udd.cl\/odontologia-santiago\/files\/2025\/08\/odon-15-aniversario-reha-oral-reconocimiento.png#breadcrumb\",\"itemListElement\":[{\"@type\":\"ListItem\",\"position\":1,\"name\":\"Home\",\"item\":\"https:\/\/medicina.udd.cl\/odontologia-santiago\/\"},{\"@type\":\"ListItem\",\"position\":2,\"name\":\"Odontolog\u00eda UDD celebra 15 a\u00f1os de la especialidad en Rehabilitaci\u00f3n Oral con destacados invitados nacionales e internacionales\",\"item\":\"https:\/\/medicina.udd.cl\/odontologia-santiago\/noticias\/2025\/08\/04\/odontologia-udd-celebra-15-anos-de-la-especialidad-en-rehabilitacion-oral-con-destacados-invitados-nacionales-e-internacionales\/\"},{\"@type\":\"ListItem\",\"position\":3,\"name\":\"ODON &#8211; 15 aniversario Reha Oral. reconocimiento\"}]},{\"@type\":\"WebSite\",\"@id\":\"https:\/\/medicina.udd.cl\/odontologia-santiago\/#website\",\"url\":\"https:\/\/medicina.udd.cl\/odontologia-santiago\/\",\"name\":\"Odontolog\u00eda\",\"description\":\"Facultad de Medicina Cl\u00ednica Alemana Universidad del Desarrollo\",\"inLanguage\":\"es\"}]}<\/script>\n<!-- \/ Yoast SEO plugin. -->","yoast_head_json":{"title":"ODON - 15 aniversario Reha Oral. reconocimiento - Odontolog\u00eda","robots":{"index":"index","follow":"follow","max-snippet":"max-snippet:-1","max-image-preview":"max-image-preview:large","max-video-preview":"max-video-preview:-1"},"canonical":"https:\/\/medicina.udd.cl\/odontologia-santiago\/files\/2025\/08\/odon-15-aniversario-reha-oral-reconocimiento.png","og_locale":"es_ES","og_type":"article","og_title":"ODON - 15 aniversario Reha Oral. reconocimiento - Odontolog\u00eda","og_url":"https:\/\/medicina.udd.cl\/odontologia-santiago\/files\/2025\/08\/odon-15-aniversario-reha-oral-reconocimiento.png","og_site_name":"Odontolog\u00eda","og_image":[{"url":"https:\/\/medicina.udd.cl\/odontologia-santiago\/files\/2025\/08\/odon-15-aniversario-reha-oral-reconocimiento.png","width":1,"height":1,"type":"image\/png"}],"schema":{"@context":"https:\/\/schema.org","@graph":[{"@type":"WebPage","@id":"https:\/\/medicina.udd.cl\/odontologia-santiago\/files\/2025\/08\/odon-15-aniversario-reha-oral-reconocimiento.png","url":"https:\/\/medicina.udd.cl\/odontologia-santiago\/files\/2025\/08\/odon-15-aniversario-reha-oral-reconocimiento.png","name":"ODON - 15 aniversario Reha Oral. reconocimiento - Odontolog\u00eda","isPartOf":{"@id":"https:\/\/medicina.udd.cl\/odontologia-santiago\/#website"},"datePublished":"2025-08-04T16:25:21+00:00","breadcrumb":{"@id":"https:\/\/medicina.udd.cl\/odontologia-santiago\/files\/2025\/08\/odon-15-aniversario-reha-oral-reconocimiento.png#breadcrumb"},"inLanguage":"es","potentialAction":[{"@type":"ReadAction","target":["https:\/\/medicina.udd.cl\/odontologia-santiago\/files\/2025\/08\/odon-15-aniversario-reha-oral-reconocimiento.png"]}]},{"@type":"BreadcrumbList","@id":"https:\/\/medicina.udd.cl\/odontologia-santiago\/files\/2025\/08\/odon-15-aniversario-reha-oral-reconocimiento.png#breadcrumb","itemListElement":[{"@type":"ListItem","position":1,"name":"Home","item":"https:\/\/medicina.udd.cl\/odontologia-santiago\/"},{"@type":"ListItem","position":2,"name":"Odontolog\u00eda UDD celebra 15 a\u00f1os de la especialidad en Rehabilitaci\u00f3n Oral con destacados invitados nacionales e internacionales","item":"https:\/\/medicina.udd.cl\/odontologia-santiago\/noticias\/2025\/08\/04\/odontologia-udd-celebra-15-anos-de-la-especialidad-en-rehabilitacion-oral-con-destacados-invitados-nacionales-e-internacionales\/"},{"@type":"ListItem","position":3,"name":"ODON &#8211; 15 aniversario Reha Oral. reconocimiento"}]},{"@type":"WebSite","@id":"https:\/\/medicina.udd.cl\/odontologia-santiago\/#website","url":"https:\/\/medicina.udd.cl\/odontologia-santiago\/","name":"Odontolog\u00eda","description":"Facultad de Medicina Cl\u00ednica Alemana Universidad del Desarrollo","inLanguage":"es"}]}},"description":{"rendered":"<p class=\"attachment\"><a href='https:\/\/medicina.udd.cl\/odontologia-santiago\/files\/2025\/08\/odon-15-aniversario-reha-oral-reconocimiento.png'><img loading=\"lazy\" decoding=\"async\" width=\"274\" height=\"300\" src=\"https:\/\/medicina.udd.cl\/odontologia-santiago\/files\/2025\/08\/odon-15-aniversario-reha-oral-reconocimiento-274x300.png\" class=\"attachment-medium size-medium\" alt=\"\" srcset=\"https:\/\/medicina.udd.cl\/odontologia-santiago\/files\/2025\/08\/odon-15-aniversario-reha-oral-reconocimiento-274x300.png 274w, https:\/\/medicina.udd.cl\/odontologia-santiago\/files\/2025\/08\/odon-15-aniversario-reha-oral-reconocimiento.png 395w\" sizes=\"auto, (max-width: 274px) 100vw, 274px\" \/><\/a><\/p>\n"},"caption":{"rendered":""},"alt_text":"","media_type":"image","mime_type":"image\/png","media_details":{"width":395,"height":432,"file":"2025\/08\/odon-15-aniversario-reha-oral-reconocimiento.png","filesize":226971,"sizes":{"medium":{"file":"odon-15-aniversario-reha-oral-reconocimiento-274x300.png","width":274,"height":300,"filesize":103829,"mime_type":"image\/png","source_url":"https:\/\/medicina.udd.cl\/odontologia-santiago\/files\/2025\/08\/odon-15-aniversario-reha-oral-reconocimiento-274x300.png"},"thumbnail":{"file":"odon-15-aniversario-reha-oral-reconocimiento-150x150.png","width":150,"height":150,"filesize":34721,"mime_type":"image\/png","source_url":"https:\/\/medicina.udd.cl\/odontologia-santiago\/files\/2025\/08\/odon-15-aniversario-reha-oral-reconocimiento-150x150.png"},"newsletter_featured":{"file":"odon-15-aniversario-reha-oral-reconocimiento-316x224.png","width":316,"height":224,"filesize":88398,"mime_type":"image\/png","source_url":"https:\/\/medicina.udd.cl\/odontologia-santiago\/files\/2025\/08\/odon-15-aniversario-reha-oral-reconocimiento-316x224.png"},"newsletter_first":{"file":"odon-15-aniversario-reha-oral-reconocimiento-286x205.png","width":286,"height":205,"filesize":76317,"mime_type":"image\/png","source_url":"https:\/\/medicina.udd.cl\/odontologia-santiago\/files\/2025\/08\/odon-15-aniversario-reha-oral-reconocimiento-286x205.png"},"newsletter_thumb":{"file":"odon-15-aniversario-reha-oral-reconocimiento-288x150.png","width":288,"height":150,"filesize":56246,"mime_type":"image\/png","source_url":"https:\/\/medicina.udd.cl\/odontologia-santiago\/files\/2025\/08\/odon-15-aniversario-reha-oral-reconocimiento-288x150.png"},"newsletter_column":{"file":"odon-15-aniversario-reha-oral-reconocimiento-182x140.png","width":182,"height":140,"filesize":38548,"mime_type":"image\/png","source_url":"https:\/\/medicina.udd.cl\/odontologia-santiago\/files\/2025\/08\/odon-15-aniversario-reha-oral-reconocimiento-182x140.png"},"newsletter_square":{"file":"odon-15-aniversario-reha-oral-reconocimiento-62x62.png","width":62,"height":62,"filesize":7601,"mime_type":"image\/png","source_url":"https:\/\/medicina.udd.cl\/odontologia-santiago\/files\/2025\/08\/odon-15-aniversario-reha-oral-reconocimiento-62x62.png"},"newsletter_square_large":{"file":"odon-15-aniversario-reha-oral-reconocimiento-87x62.png","width":87,"height":62,"filesize":10275,"mime_type":"image\/png","source_url":"https:\/\/medicina.udd.cl\/odontologia-santiago\/files\/2025\/08\/odon-15-aniversario-reha-oral-reconocimiento-87x62.png"},"landscape_680":{"file":"odon-15-aniversario-reha-oral-reconocimiento-395x382.png","width":395,"height":382,"filesize":173394,"mime_type":"image\/png","source_url":"https:\/\/medicina.udd.cl\/odontologia-santiago\/files\/2025\/08\/odon-15-aniversario-reha-oral-reconocimiento-395x382.png"},"square_200":{"file":"odon-15-aniversario-reha-oral-reconocimiento-250x250.png","width":250,"height":250,"filesize":81664,"mime_type":"image\/png","source_url":"https:\/\/medicina.udd.cl\/odontologia-santiago\/files\/2025\/08\/odon-15-aniversario-reha-oral-reconocimiento-250x250.png"},"custom_content":{"file":"odon-15-aniversario-reha-oral-reconocimiento-126x126.png","width":126,"height":126,"filesize":25745,"mime_type":"image\/png","source_url":"https:\/\/medicina.udd.cl\/odontologia-santiago\/files\/2025\/08\/odon-15-aniversario-reha-oral-reconocimiento-126x126.png"},"full":{"file":"odon-15-aniversario-reha-oral-reconocimiento.png","width":395,"height":432,"mime_type":"image\/png","source_url":"https:\/\/medicina.udd.cl\/odontologia-santiago\/files\/2025\/08\/odon-15-aniversario-reha-oral-reconocimiento.png"}},"image_meta":{"aperture":"0","credit":"","camera":"","caption":"","created_timestamp":"0","copyright":"","focal_length":"0","iso":"0","shutter_speed":"0","title":"","orientation":"0","keywords":[]}},"post":8918,"source_url":"https:\/\/medicina.udd.cl\/odontologia-santiago\/files\/2025\/08\/odon-15-aniversario-reha-oral-reconocimiento.png","_links":{"self":[{"href":"https:\/\/medicina.udd.cl\/odontologia-santiago\/wp-json\/wp\/v2\/media\/8921","targetHints":{"allow":["GET"]}}],"collection":[{"href":"https:\/\/medicina.udd.cl\/odontologia-santiago\/wp-json\/wp\/v2\/media"}],"about":[{"href":"https:\/\/medicina.udd.cl\/odontologia-santiago\/wp-json\/wp\/v2\/types\/attachment"}],"author":[{"embeddable":true,"href":"https:\/\/medicina.udd.cl\/odontologia-santiago\/wp-json\/wp\/v2\/users\/9192219"}],"replies":[{"embeddable":true,"href":"https:\/\/medicina.udd.cl\/odontologia-santiago\/wp-json\/wp\/v2\/comments?post=8921"}],"wp:attached-to":[{"embeddable":true,"post_type":"post","id":8918,"href":"https:\/\/medicina.udd.cl\/odontologia-santiago\/wp-json\/wp\/v2\/posts\/8918"}],"curies":[{"name":"wp","href":"https:\/\/api.w.org\/{rel}","templated":true}]}}

<!-- This site is optimized with the Yoast SEO plugin v26.9 - https://yoast.com/product/yoast-seo-wordpress/ -->
<title>ODON - 15 aniversario Reha Oral. reconocimiento - Odontología</title>
<meta name="robots" content="index, follow, max-snippet:-1, max-image-preview:large, max-video-preview:-1" />
<link rel="canonical" href="https://medicina.udd.cl/odontologia-santiago/files/2025/08/odon-15-aniversario-reha-oral-reconocimiento.png" />
<meta property="og:locale" content="es_ES" />
<meta property="og:type" content="article" />
<meta property="og:title" content="ODON - 15 aniversario Reha Oral. reconocimiento - Odontología" />
<meta property="og:url" content="https://medicina.udd.cl/odontologia-santiago/files/2025/08/odon-15-aniversario-reha-oral-reconocimiento.png" />
<meta property="og:site_name" content="Odontología" />
<meta property="og:image" content="https://medicina.udd.cl/odontologia-santiago/files/2025/08/odon-15-aniversario-reha-oral-reconocimiento.png" />
	<meta property="og:image:width" content="1" />
	<meta property="og:image:height" content="1" />
	<meta property="og:image:type" content="image/png" />
<script type="application/ld+json" class="yoast-schema-graph">{"@context":"https://schema.org","@graph":[{"@type":"WebPage","@id":"https://medicina.udd.cl/odontologia-santiago/files/2025/08/odon-15-aniversario-reha-oral-reconocimiento.png","url":"https://medicina.udd.cl/odontologia-santiago/files/2025/08/odon-15-aniversario-reha-oral-reconocimiento.png","name":"ODON - 15 aniversario Reha Oral. reconocimiento - Odontología","isPartOf":{"@id":"https://medicina.udd.cl/odontologia-santiago/#website"},"datePublished":"2025-08-04T16:25:21+00:00","breadcrumb":{"@id":"https://medicina.udd.cl/odontologia-santiago/files/2025/08/odon-15-aniversario-reha-oral-reconocimiento.png#breadcrumb"},"inLanguage":"es","potentialAction":[{"@type":"ReadAction","target":["https://medicina.udd.cl/odontologia-santiago/files/2025/08/odon-15-aniversario-reha-oral-reconocimiento.png"]}]},{"@type":"BreadcrumbList","@id":"https://medicina.udd.cl/odontologia-santiago/files/2025/08/odon-15-aniversario-reha-oral-reconocimiento.png#breadcrumb","itemListElement":[{"@type":"ListItem","position":1,"name":"Home","item":"https://medicina.udd.cl/odontologia-santiago/"},{"@type":"ListItem","position":2,"name":"Odontología UDD celebra 15 años de la especialidad en Rehabilitación Oral con destacados invitados nacionales e internacionales","item":"https://medicina.udd.cl/odontologia-santiago/noticias/2025/08/04/odontologia-udd-celebra-15-anos-de-la-especialidad-en-rehabilitacion-oral-con-destacados-invitados-nacionales-e-internacionales/"},{"@type":"ListItem","position":3,"name":"ODON &#8211; 15 aniversario Reha Oral. reconocimiento"}]},{"@type":"WebSite","@id":"https://medicina.udd.cl/odontologia-santiago/#website","url":"https://medicina.udd.cl/odontologia-santiago/","name":"Odontología","description":"Facultad de Medicina Clínica Alemana Universidad del Desarrollo","inLanguage":"es"}]}</script>
<!-- / Yoast SEO plugin. -->

ODON - 15 aniversario Reha Oral. reconocimiento - Odontología

Odontología

Odontología UDD celebra 15 años de la especialidad en Rehabilitación Oral con destacados invitados nacionales e internacionales

Facultad de Medicina Clínica Alemana Universidad del Desarrollo
