{"id":8929,"date":"2025-08-04T12:37:18","date_gmt":"2025-08-04T16:37:18","guid":{"rendered":"https:\/\/medicina.udd.cl\/odontologia-santiago\/files\/2025\/08\/odon-15-aniversario-reha-oral-portada.png"},"modified":"2025-08-04T12:37:18","modified_gmt":"2025-08-04T16:37:18","slug":"odon-15-aniversario-reha-oral-portada","status":"inherit","type":"attachment","link":"https:\/\/medicina.udd.cl\/odontologia-santiago\/noticias\/2025\/08\/04\/odontologia-udd-celebra-15-anos-de-la-especialidad-en-rehabilitacion-oral-con-destacados-invitados-nacionales-e-internacionales\/odon-15-aniversario-reha-oral-portada\/","title":{"rendered":"ODON &#8211; 15 aniversario Reha Oral. portada"},"author":9192219,"featured_media":0,"comment_status":"","ping_status":"closed","template":"","meta":[],"class_list":["post-8929","attachment","type-attachment","status-inherit","hentry"],"yoast_head":"<!-- This site is optimized with the Yoast SEO plugin v26.9 - https:\/\/yoast.com\/product\/yoast-seo-wordpress\/ -->\n<title>ODON - 15 aniversario Reha Oral. portada - Odontolog\u00eda<\/title>\n<meta name=\"robots\" content=\"index, follow, max-snippet:-1, max-image-preview:large, max-video-preview:-1\" \/>\n<link rel=\"canonical\" href=\"https:\/\/medicina.udd.cl\/odontologia-santiago\/files\/2025\/08\/odon-15-aniversario-reha-oral-portada.png\" \/>\n<meta property=\"og:locale\" content=\"es_ES\" \/>\n<meta property=\"og:type\" content=\"article\" \/>\n<meta property=\"og:title\" content=\"ODON - 15 aniversario Reha Oral. portada - Odontolog\u00eda\" \/>\n<meta property=\"og:url\" content=\"https:\/\/medicina.udd.cl\/odontologia-santiago\/files\/2025\/08\/odon-15-aniversario-reha-oral-portada.png\" \/>\n<meta property=\"og:site_name\" content=\"Odontolog\u00eda\" \/>\n<meta property=\"og:image\" content=\"https:\/\/medicina.udd.cl\/odontologia-santiago\/files\/2025\/08\/odon-15-aniversario-reha-oral-portada.png\" \/>\n\t<meta property=\"og:image:width\" content=\"1\" \/>\n\t<meta property=\"og:image:height\" content=\"1\" \/>\n\t<meta property=\"og:image:type\" content=\"image\/png\" \/>\n<script type=\"application\/ld+json\" class=\"yoast-schema-graph\">{\"@context\":\"https:\/\/schema.org\",\"@graph\":[{\"@type\":\"WebPage\",\"@id\":\"https:\/\/medicina.udd.cl\/odontologia-santiago\/files\/2025\/08\/odon-15-aniversario-reha-oral-portada.png\",\"url\":\"https:\/\/medicina.udd.cl\/odontologia-santiago\/files\/2025\/08\/odon-15-aniversario-reha-oral-portada.png\",\"name\":\"ODON - 15 aniversario Reha Oral. portada - Odontolog\u00eda\",\"isPartOf\":{\"@id\":\"https:\/\/medicina.udd.cl\/odontologia-santiago\/#website\"},\"datePublished\":\"2025-08-04T16:37:18+00:00\",\"breadcrumb\":{\"@id\":\"https:\/\/medicina.udd.cl\/odontologia-santiago\/files\/2025\/08\/odon-15-aniversario-reha-oral-portada.png#breadcrumb\"},\"inLanguage\":\"es\",\"potentialAction\":[{\"@type\":\"ReadAction\",\"target\":[\"https:\/\/medicina.udd.cl\/odontologia-santiago\/files\/2025\/08\/odon-15-aniversario-reha-oral-portada.png\"]}]},{\"@type\":\"BreadcrumbList\",\"@id\":\"https:\/\/medicina.udd.cl\/odontologia-santiago\/files\/2025\/08\/odon-15-aniversario-reha-oral-portada.png#breadcrumb\",\"itemListElement\":[{\"@type\":\"ListItem\",\"position\":1,\"name\":\"Home\",\"item\":\"https:\/\/medicina.udd.cl\/odontologia-santiago\/\"},{\"@type\":\"ListItem\",\"position\":2,\"name\":\"Odontolog\u00eda UDD celebra 15 a\u00f1os de la especialidad en Rehabilitaci\u00f3n Oral con destacados invitados nacionales e internacionales\",\"item\":\"https:\/\/medicina.udd.cl\/odontologia-santiago\/noticias\/2025\/08\/04\/odontologia-udd-celebra-15-anos-de-la-especialidad-en-rehabilitacion-oral-con-destacados-invitados-nacionales-e-internacionales\/\"},{\"@type\":\"ListItem\",\"position\":3,\"name\":\"ODON &#8211; 15 aniversario Reha Oral. portada\"}]},{\"@type\":\"WebSite\",\"@id\":\"https:\/\/medicina.udd.cl\/odontologia-santiago\/#website\",\"url\":\"https:\/\/medicina.udd.cl\/odontologia-santiago\/\",\"name\":\"Odontolog\u00eda\",\"description\":\"Facultad de Medicina Cl\u00ednica Alemana Universidad del Desarrollo\",\"inLanguage\":\"es\"}]}<\/script>\n<!-- \/ Yoast SEO plugin. -->","yoast_head_json":{"title":"ODON - 15 aniversario Reha Oral. portada - Odontolog\u00eda","robots":{"index":"index","follow":"follow","max-snippet":"max-snippet:-1","max-image-preview":"max-image-preview:large","max-video-preview":"max-video-preview:-1"},"canonical":"https:\/\/medicina.udd.cl\/odontologia-santiago\/files\/2025\/08\/odon-15-aniversario-reha-oral-portada.png","og_locale":"es_ES","og_type":"article","og_title":"ODON - 15 aniversario Reha Oral. portada - Odontolog\u00eda","og_url":"https:\/\/medicina.udd.cl\/odontologia-santiago\/files\/2025\/08\/odon-15-aniversario-reha-oral-portada.png","og_site_name":"Odontolog\u00eda","og_image":[{"url":"https:\/\/medicina.udd.cl\/odontologia-santiago\/files\/2025\/08\/odon-15-aniversario-reha-oral-portada.png","width":1,"height":1,"type":"image\/png"}],"schema":{"@context":"https:\/\/schema.org","@graph":[{"@type":"WebPage","@id":"https:\/\/medicina.udd.cl\/odontologia-santiago\/files\/2025\/08\/odon-15-aniversario-reha-oral-portada.png","url":"https:\/\/medicina.udd.cl\/odontologia-santiago\/files\/2025\/08\/odon-15-aniversario-reha-oral-portada.png","name":"ODON - 15 aniversario Reha Oral. portada - Odontolog\u00eda","isPartOf":{"@id":"https:\/\/medicina.udd.cl\/odontologia-santiago\/#website"},"datePublished":"2025-08-04T16:37:18+00:00","breadcrumb":{"@id":"https:\/\/medicina.udd.cl\/odontologia-santiago\/files\/2025\/08\/odon-15-aniversario-reha-oral-portada.png#breadcrumb"},"inLanguage":"es","potentialAction":[{"@type":"ReadAction","target":["https:\/\/medicina.udd.cl\/odontologia-santiago\/files\/2025\/08\/odon-15-aniversario-reha-oral-portada.png"]}]},{"@type":"BreadcrumbList","@id":"https:\/\/medicina.udd.cl\/odontologia-santiago\/files\/2025\/08\/odon-15-aniversario-reha-oral-portada.png#breadcrumb","itemListElement":[{"@type":"ListItem","position":1,"name":"Home","item":"https:\/\/medicina.udd.cl\/odontologia-santiago\/"},{"@type":"ListItem","position":2,"name":"Odontolog\u00eda UDD celebra 15 a\u00f1os de la especialidad en Rehabilitaci\u00f3n Oral con destacados invitados nacionales e internacionales","item":"https:\/\/medicina.udd.cl\/odontologia-santiago\/noticias\/2025\/08\/04\/odontologia-udd-celebra-15-anos-de-la-especialidad-en-rehabilitacion-oral-con-destacados-invitados-nacionales-e-internacionales\/"},{"@type":"ListItem","position":3,"name":"ODON &#8211; 15 aniversario Reha Oral. portada"}]},{"@type":"WebSite","@id":"https:\/\/medicina.udd.cl\/odontologia-santiago\/#website","url":"https:\/\/medicina.udd.cl\/odontologia-santiago\/","name":"Odontolog\u00eda","description":"Facultad de Medicina Cl\u00ednica Alemana Universidad del Desarrollo","inLanguage":"es"}]}},"description":{"rendered":"<p class=\"attachment\"><a href='https:\/\/medicina.udd.cl\/odontologia-santiago\/files\/2025\/08\/odon-15-aniversario-reha-oral-portada.png'><img loading=\"lazy\" decoding=\"async\" width=\"300\" height=\"169\" src=\"https:\/\/medicina.udd.cl\/odontologia-santiago\/files\/2025\/08\/odon-15-aniversario-reha-oral-portada-300x169.png\" class=\"attachment-medium size-medium\" alt=\"\" srcset=\"https:\/\/medicina.udd.cl\/odontologia-santiago\/files\/2025\/08\/odon-15-aniversario-reha-oral-portada-300x169.png 300w, https:\/\/medicina.udd.cl\/odontologia-santiago\/files\/2025\/08\/odon-15-aniversario-reha-oral-portada-1024x576.png 1024w, https:\/\/medicina.udd.cl\/odontologia-santiago\/files\/2025\/08\/odon-15-aniversario-reha-oral-portada-768x432.png 768w, https:\/\/medicina.udd.cl\/odontologia-santiago\/files\/2025\/08\/odon-15-aniversario-reha-oral-portada-952x534.png 952w, https:\/\/medicina.udd.cl\/odontologia-santiago\/files\/2025\/08\/odon-15-aniversario-reha-oral-portada-680x382.png 680w, https:\/\/medicina.udd.cl\/odontologia-santiago\/files\/2025\/08\/odon-15-aniversario-reha-oral-portada.png 1079w\" sizes=\"auto, (max-width: 300px) 100vw, 300px\" \/><\/a><\/p>\n"},"caption":{"rendered":""},"alt_text":"","media_type":"image","mime_type":"image\/png","media_details":{"width":1079,"height":607,"file":"2025\/08\/odon-15-aniversario-reha-oral-portada.png","filesize":1022564,"sizes":{"medium":{"file":"odon-15-aniversario-reha-oral-portada-300x169.png","width":300,"height":169,"filesize":95565,"mime_type":"image\/png","source_url":"https:\/\/medicina.udd.cl\/odontologia-santiago\/files\/2025\/08\/odon-15-aniversario-reha-oral-portada-300x169.png"},"large":{"file":"odon-15-aniversario-reha-oral-portada-1024x576.png","width":1024,"height":576,"filesize":796358,"mime_type":"image\/png","source_url":"https:\/\/medicina.udd.cl\/odontologia-santiago\/files\/2025\/08\/odon-15-aniversario-reha-oral-portada-1024x576.png"},"thumbnail":{"file":"odon-15-aniversario-reha-oral-portada-150x150.png","width":150,"height":150,"filesize":46956,"mime_type":"image\/png","source_url":"https:\/\/medicina.udd.cl\/odontologia-santiago\/files\/2025\/08\/odon-15-aniversario-reha-oral-portada-150x150.png"},"medium_large":{"file":"odon-15-aniversario-reha-oral-portada-768x432.png","width":768,"height":432,"filesize":491838,"mime_type":"image\/png","source_url":"https:\/\/medicina.udd.cl\/odontologia-santiago\/files\/2025\/08\/odon-15-aniversario-reha-oral-portada-768x432.png"},"newsletter_featured":{"file":"odon-15-aniversario-reha-oral-portada-316x224.png","width":316,"height":224,"filesize":130671,"mime_type":"image\/png","source_url":"https:\/\/medicina.udd.cl\/odontologia-santiago\/files\/2025\/08\/odon-15-aniversario-reha-oral-portada-316x224.png"},"newsletter_first":{"file":"odon-15-aniversario-reha-oral-portada-286x205.png","width":286,"height":205,"filesize":110732,"mime_type":"image\/png","source_url":"https:\/\/medicina.udd.cl\/odontologia-santiago\/files\/2025\/08\/odon-15-aniversario-reha-oral-portada-286x205.png"},"newsletter_thumb":{"file":"odon-15-aniversario-reha-oral-portada-288x150.png","width":288,"height":150,"filesize":83623,"mime_type":"image\/png","source_url":"https:\/\/medicina.udd.cl\/odontologia-santiago\/files\/2025\/08\/odon-15-aniversario-reha-oral-portada-288x150.png"},"newsletter_column":{"file":"odon-15-aniversario-reha-oral-portada-182x140.png","width":182,"height":140,"filesize":52234,"mime_type":"image\/png","source_url":"https:\/\/medicina.udd.cl\/odontologia-santiago\/files\/2025\/08\/odon-15-aniversario-reha-oral-portada-182x140.png"},"newsletter_square":{"file":"odon-15-aniversario-reha-oral-portada-62x62.png","width":62,"height":62,"filesize":9514,"mime_type":"image\/png","source_url":"https:\/\/medicina.udd.cl\/odontologia-santiago\/files\/2025\/08\/odon-15-aniversario-reha-oral-portada-62x62.png"},"newsletter_square_large":{"file":"odon-15-aniversario-reha-oral-portada-87x62.png","width":87,"height":62,"filesize":12940,"mime_type":"image\/png","source_url":"https:\/\/medicina.udd.cl\/odontologia-santiago\/files\/2025\/08\/odon-15-aniversario-reha-oral-portada-87x62.png"},"landscape_952":{"file":"odon-15-aniversario-reha-oral-portada-952x534.png","width":952,"height":534,"filesize":704077,"mime_type":"image\/png","source_url":"https:\/\/medicina.udd.cl\/odontologia-santiago\/files\/2025\/08\/odon-15-aniversario-reha-oral-portada-952x534.png"},"landscape_680":{"file":"odon-15-aniversario-reha-oral-portada-680x382.png","width":680,"height":382,"filesize":398730,"mime_type":"image\/png","source_url":"https:\/\/medicina.udd.cl\/odontologia-santiago\/files\/2025\/08\/odon-15-aniversario-reha-oral-portada-680x382.png"},"square_750":{"file":"odon-15-aniversario-reha-oral-portada-750x607.png","width":750,"height":607,"filesize":678904,"mime_type":"image\/png","source_url":"https:\/\/medicina.udd.cl\/odontologia-santiago\/files\/2025\/08\/odon-15-aniversario-reha-oral-portada-750x607.png"},"square_500":{"file":"odon-15-aniversario-reha-oral-portada-500x500.png","width":500,"height":500,"filesize":387282,"mime_type":"image\/png","source_url":"https:\/\/medicina.udd.cl\/odontologia-santiago\/files\/2025\/08\/odon-15-aniversario-reha-oral-portada-500x500.png"},"square_200":{"file":"odon-15-aniversario-reha-oral-portada-250x250.png","width":250,"height":250,"filesize":116195,"mime_type":"image\/png","source_url":"https:\/\/medicina.udd.cl\/odontologia-santiago\/files\/2025\/08\/odon-15-aniversario-reha-oral-portada-250x250.png"},"post-thumbnail":{"file":"odon-15-aniversario-reha-oral-portada-952x534.png","width":952,"height":534,"filesize":704077,"mime_type":"image\/png","source_url":"https:\/\/medicina.udd.cl\/odontologia-santiago\/files\/2025\/08\/odon-15-aniversario-reha-oral-portada-952x534.png"},"custom_content":{"file":"odon-15-aniversario-reha-oral-portada-126x126.png","width":126,"height":126,"filesize":34303,"mime_type":"image\/png","source_url":"https:\/\/medicina.udd.cl\/odontologia-santiago\/files\/2025\/08\/odon-15-aniversario-reha-oral-portada-126x126.png"},"full":{"file":"odon-15-aniversario-reha-oral-portada.png","width":1079,"height":607,"mime_type":"image\/png","source_url":"https:\/\/medicina.udd.cl\/odontologia-santiago\/files\/2025\/08\/odon-15-aniversario-reha-oral-portada.png"}},"image_meta":{"aperture":"0","credit":"","camera":"","caption":"","created_timestamp":"0","copyright":"","focal_length":"0","iso":"0","shutter_speed":"0","title":"","orientation":"0","keywords":[]}},"post":8918,"source_url":"https:\/\/medicina.udd.cl\/odontologia-santiago\/files\/2025\/08\/odon-15-aniversario-reha-oral-portada.png","_links":{"self":[{"href":"https:\/\/medicina.udd.cl\/odontologia-santiago\/wp-json\/wp\/v2\/media\/8929","targetHints":{"allow":["GET"]}}],"collection":[{"href":"https:\/\/medicina.udd.cl\/odontologia-santiago\/wp-json\/wp\/v2\/media"}],"about":[{"href":"https:\/\/medicina.udd.cl\/odontologia-santiago\/wp-json\/wp\/v2\/types\/attachment"}],"author":[{"embeddable":true,"href":"https:\/\/medicina.udd.cl\/odontologia-santiago\/wp-json\/wp\/v2\/users\/9192219"}],"replies":[{"embeddable":true,"href":"https:\/\/medicina.udd.cl\/odontologia-santiago\/wp-json\/wp\/v2\/comments?post=8929"}],"wp:attached-to":[{"embeddable":true,"post_type":"post","id":8918,"href":"https:\/\/medicina.udd.cl\/odontologia-santiago\/wp-json\/wp\/v2\/posts\/8918"}],"curies":[{"name":"wp","href":"https:\/\/api.w.org\/{rel}","templated":true}]}}

<!-- This site is optimized with the Yoast SEO plugin v26.9 - https://yoast.com/product/yoast-seo-wordpress/ -->
<title>ODON - 15 aniversario Reha Oral. portada - Odontología</title>
<meta name="robots" content="index, follow, max-snippet:-1, max-image-preview:large, max-video-preview:-1" />
<link rel="canonical" href="https://medicina.udd.cl/odontologia-santiago/files/2025/08/odon-15-aniversario-reha-oral-portada.png" />
<meta property="og:locale" content="es_ES" />
<meta property="og:type" content="article" />
<meta property="og:title" content="ODON - 15 aniversario Reha Oral. portada - Odontología" />
<meta property="og:url" content="https://medicina.udd.cl/odontologia-santiago/files/2025/08/odon-15-aniversario-reha-oral-portada.png" />
<meta property="og:site_name" content="Odontología" />
<meta property="og:image" content="https://medicina.udd.cl/odontologia-santiago/files/2025/08/odon-15-aniversario-reha-oral-portada.png" />
	<meta property="og:image:width" content="1" />
	<meta property="og:image:height" content="1" />
	<meta property="og:image:type" content="image/png" />
<script type="application/ld+json" class="yoast-schema-graph">{"@context":"https://schema.org","@graph":[{"@type":"WebPage","@id":"https://medicina.udd.cl/odontologia-santiago/files/2025/08/odon-15-aniversario-reha-oral-portada.png","url":"https://medicina.udd.cl/odontologia-santiago/files/2025/08/odon-15-aniversario-reha-oral-portada.png","name":"ODON - 15 aniversario Reha Oral. portada - Odontología","isPartOf":{"@id":"https://medicina.udd.cl/odontologia-santiago/#website"},"datePublished":"2025-08-04T16:37:18+00:00","breadcrumb":{"@id":"https://medicina.udd.cl/odontologia-santiago/files/2025/08/odon-15-aniversario-reha-oral-portada.png#breadcrumb"},"inLanguage":"es","potentialAction":[{"@type":"ReadAction","target":["https://medicina.udd.cl/odontologia-santiago/files/2025/08/odon-15-aniversario-reha-oral-portada.png"]}]},{"@type":"BreadcrumbList","@id":"https://medicina.udd.cl/odontologia-santiago/files/2025/08/odon-15-aniversario-reha-oral-portada.png#breadcrumb","itemListElement":[{"@type":"ListItem","position":1,"name":"Home","item":"https://medicina.udd.cl/odontologia-santiago/"},{"@type":"ListItem","position":2,"name":"Odontología UDD celebra 15 años de la especialidad en Rehabilitación Oral con destacados invitados nacionales e internacionales","item":"https://medicina.udd.cl/odontologia-santiago/noticias/2025/08/04/odontologia-udd-celebra-15-anos-de-la-especialidad-en-rehabilitacion-oral-con-destacados-invitados-nacionales-e-internacionales/"},{"@type":"ListItem","position":3,"name":"ODON &#8211; 15 aniversario Reha Oral. portada"}]},{"@type":"WebSite","@id":"https://medicina.udd.cl/odontologia-santiago/#website","url":"https://medicina.udd.cl/odontologia-santiago/","name":"Odontología","description":"Facultad de Medicina Clínica Alemana Universidad del Desarrollo","inLanguage":"es"}]}</script>
<!-- / Yoast SEO plugin. -->

ODON - 15 aniversario Reha Oral. portada - Odontología

Odontología

Odontología UDD celebra 15 años de la especialidad en Rehabilitación Oral con destacados invitados nacionales e internacionales

Facultad de Medicina Clínica Alemana Universidad del Desarrollo
