{"id":9040,"date":"2025-10-01T12:29:23","date_gmt":"2025-10-01T15:29:23","guid":{"rendered":"https:\/\/medicina.udd.cl\/odontologia-santiago\/files\/2025\/10\/img-20251001-wa0000.jpg"},"modified":"2025-10-01T12:29:23","modified_gmt":"2025-10-01T15:29:23","slug":"img-20251001-wa0000","status":"inherit","type":"attachment","link":"https:\/\/medicina.udd.cl\/odontologia-santiago\/noticias\/2025\/10\/01\/academicos-udd-participaron-en-las-iv-jornadas-odontologicas-del-ejercito-de-chile\/img-20251001-wa0000\/","title":{"rendered":"IMG-20251001-WA0000"},"author":9192219,"featured_media":0,"comment_status":"","ping_status":"closed","template":"","meta":[],"class_list":["post-9040","attachment","type-attachment","status-inherit","hentry"],"yoast_head":"<!-- This site is optimized with the Yoast SEO plugin v26.9 - https:\/\/yoast.com\/product\/yoast-seo-wordpress\/ -->\n<title>IMG-20251001-WA0000 - Odontolog\u00eda<\/title>\n<meta name=\"robots\" content=\"index, follow, max-snippet:-1, max-image-preview:large, max-video-preview:-1\" \/>\n<link rel=\"canonical\" href=\"https:\/\/medicina.udd.cl\/odontologia-santiago\/files\/2025\/10\/img-20251001-wa0000.jpg\" \/>\n<meta property=\"og:locale\" content=\"es_ES\" \/>\n<meta property=\"og:type\" content=\"article\" \/>\n<meta property=\"og:title\" content=\"IMG-20251001-WA0000 - Odontolog\u00eda\" \/>\n<meta property=\"og:url\" content=\"https:\/\/medicina.udd.cl\/odontologia-santiago\/files\/2025\/10\/img-20251001-wa0000.jpg\" \/>\n<meta property=\"og:site_name\" content=\"Odontolog\u00eda\" \/>\n<meta property=\"og:image\" content=\"https:\/\/medicina.udd.cl\/odontologia-santiago\/files\/2025\/10\/img-20251001-wa0000.jpg\" \/>\n\t<meta property=\"og:image:width\" content=\"987\" \/>\n\t<meta property=\"og:image:height\" content=\"1280\" \/>\n\t<meta property=\"og:image:type\" content=\"image\/jpeg\" \/>\n<script type=\"application\/ld+json\" class=\"yoast-schema-graph\">{\"@context\":\"https:\/\/schema.org\",\"@graph\":[{\"@type\":\"WebPage\",\"@id\":\"https:\/\/medicina.udd.cl\/odontologia-santiago\/files\/2025\/10\/img-20251001-wa0000.jpg\",\"url\":\"https:\/\/medicina.udd.cl\/odontologia-santiago\/files\/2025\/10\/img-20251001-wa0000.jpg\",\"name\":\"IMG-20251001-WA0000 - Odontolog\u00eda\",\"isPartOf\":{\"@id\":\"https:\/\/medicina.udd.cl\/odontologia-santiago\/#website\"},\"datePublished\":\"2025-10-01T15:29:23+00:00\",\"breadcrumb\":{\"@id\":\"https:\/\/medicina.udd.cl\/odontologia-santiago\/files\/2025\/10\/img-20251001-wa0000.jpg#breadcrumb\"},\"inLanguage\":\"es\",\"potentialAction\":[{\"@type\":\"ReadAction\",\"target\":[\"https:\/\/medicina.udd.cl\/odontologia-santiago\/files\/2025\/10\/img-20251001-wa0000.jpg\"]}]},{\"@type\":\"BreadcrumbList\",\"@id\":\"https:\/\/medicina.udd.cl\/odontologia-santiago\/files\/2025\/10\/img-20251001-wa0000.jpg#breadcrumb\",\"itemListElement\":[{\"@type\":\"ListItem\",\"position\":1,\"name\":\"Home\",\"item\":\"https:\/\/medicina.udd.cl\/odontologia-santiago\/\"},{\"@type\":\"ListItem\",\"position\":2,\"name\":\"Acad\u00e9micos UDD participaron en las IV Jornadas Odontol\u00f3gicas del Ej\u00e9rcito de Chile\",\"item\":\"https:\/\/medicina.udd.cl\/odontologia-santiago\/noticias\/2025\/10\/01\/academicos-udd-participaron-en-las-iv-jornadas-odontologicas-del-ejercito-de-chile\/\"},{\"@type\":\"ListItem\",\"position\":3,\"name\":\"IMG-20251001-WA0000\"}]},{\"@type\":\"WebSite\",\"@id\":\"https:\/\/medicina.udd.cl\/odontologia-santiago\/#website\",\"url\":\"https:\/\/medicina.udd.cl\/odontologia-santiago\/\",\"name\":\"Odontolog\u00eda\",\"description\":\"Facultad de Medicina Cl\u00ednica Alemana Universidad del Desarrollo\",\"inLanguage\":\"es\"}]}<\/script>\n<!-- \/ Yoast SEO plugin. -->","yoast_head_json":{"title":"IMG-20251001-WA0000 - Odontolog\u00eda","robots":{"index":"index","follow":"follow","max-snippet":"max-snippet:-1","max-image-preview":"max-image-preview:large","max-video-preview":"max-video-preview:-1"},"canonical":"https:\/\/medicina.udd.cl\/odontologia-santiago\/files\/2025\/10\/img-20251001-wa0000.jpg","og_locale":"es_ES","og_type":"article","og_title":"IMG-20251001-WA0000 - Odontolog\u00eda","og_url":"https:\/\/medicina.udd.cl\/odontologia-santiago\/files\/2025\/10\/img-20251001-wa0000.jpg","og_site_name":"Odontolog\u00eda","og_image":[{"width":987,"height":1280,"url":"https:\/\/medicina.udd.cl\/odontologia-santiago\/files\/2025\/10\/img-20251001-wa0000.jpg","type":"image\/jpeg"}],"schema":{"@context":"https:\/\/schema.org","@graph":[{"@type":"WebPage","@id":"https:\/\/medicina.udd.cl\/odontologia-santiago\/files\/2025\/10\/img-20251001-wa0000.jpg","url":"https:\/\/medicina.udd.cl\/odontologia-santiago\/files\/2025\/10\/img-20251001-wa0000.jpg","name":"IMG-20251001-WA0000 - Odontolog\u00eda","isPartOf":{"@id":"https:\/\/medicina.udd.cl\/odontologia-santiago\/#website"},"datePublished":"2025-10-01T15:29:23+00:00","breadcrumb":{"@id":"https:\/\/medicina.udd.cl\/odontologia-santiago\/files\/2025\/10\/img-20251001-wa0000.jpg#breadcrumb"},"inLanguage":"es","potentialAction":[{"@type":"ReadAction","target":["https:\/\/medicina.udd.cl\/odontologia-santiago\/files\/2025\/10\/img-20251001-wa0000.jpg"]}]},{"@type":"BreadcrumbList","@id":"https:\/\/medicina.udd.cl\/odontologia-santiago\/files\/2025\/10\/img-20251001-wa0000.jpg#breadcrumb","itemListElement":[{"@type":"ListItem","position":1,"name":"Home","item":"https:\/\/medicina.udd.cl\/odontologia-santiago\/"},{"@type":"ListItem","position":2,"name":"Acad\u00e9micos UDD participaron en las IV Jornadas Odontol\u00f3gicas del Ej\u00e9rcito de Chile","item":"https:\/\/medicina.udd.cl\/odontologia-santiago\/noticias\/2025\/10\/01\/academicos-udd-participaron-en-las-iv-jornadas-odontologicas-del-ejercito-de-chile\/"},{"@type":"ListItem","position":3,"name":"IMG-20251001-WA0000"}]},{"@type":"WebSite","@id":"https:\/\/medicina.udd.cl\/odontologia-santiago\/#website","url":"https:\/\/medicina.udd.cl\/odontologia-santiago\/","name":"Odontolog\u00eda","description":"Facultad de Medicina Cl\u00ednica Alemana Universidad del Desarrollo","inLanguage":"es"}]}},"description":{"rendered":"<p class=\"attachment\"><a href='https:\/\/medicina.udd.cl\/odontologia-santiago\/files\/2025\/10\/img-20251001-wa0000.jpg'><img loading=\"lazy\" decoding=\"async\" width=\"231\" height=\"300\" src=\"https:\/\/medicina.udd.cl\/odontologia-santiago\/files\/2025\/10\/img-20251001-wa0000-231x300.jpg\" class=\"attachment-medium size-medium\" alt=\"\" srcset=\"https:\/\/medicina.udd.cl\/odontologia-santiago\/files\/2025\/10\/img-20251001-wa0000-231x300.jpg 231w, https:\/\/medicina.udd.cl\/odontologia-santiago\/files\/2025\/10\/img-20251001-wa0000-790x1024.jpg 790w, https:\/\/medicina.udd.cl\/odontologia-santiago\/files\/2025\/10\/img-20251001-wa0000-768x996.jpg 768w, https:\/\/medicina.udd.cl\/odontologia-santiago\/files\/2025\/10\/img-20251001-wa0000.jpg 987w\" sizes=\"auto, (max-width: 231px) 100vw, 231px\" \/><\/a><\/p>\n"},"caption":{"rendered":""},"alt_text":"","media_type":"image","mime_type":"image\/jpeg","media_details":{"width":987,"height":1280,"file":"2025\/10\/img-20251001-wa0000.jpg","filesize":204026,"sizes":{"medium":{"file":"img-20251001-wa0000-231x300.jpg","width":231,"height":300,"filesize":18955,"mime_type":"image\/jpeg","source_url":"https:\/\/medicina.udd.cl\/odontologia-santiago\/files\/2025\/10\/img-20251001-wa0000-231x300.jpg"},"large":{"file":"img-20251001-wa0000-790x1024.jpg","width":790,"height":1024,"filesize":158650,"mime_type":"image\/jpeg","source_url":"https:\/\/medicina.udd.cl\/odontologia-santiago\/files\/2025\/10\/img-20251001-wa0000-790x1024.jpg"},"thumbnail":{"file":"img-20251001-wa0000-150x150.jpg","width":150,"height":150,"filesize":7581,"mime_type":"image\/jpeg","source_url":"https:\/\/medicina.udd.cl\/odontologia-santiago\/files\/2025\/10\/img-20251001-wa0000-150x150.jpg"},"medium_large":{"file":"img-20251001-wa0000-768x996.jpg","width":768,"height":996,"filesize":152110,"mime_type":"image\/jpeg","source_url":"https:\/\/medicina.udd.cl\/odontologia-santiago\/files\/2025\/10\/img-20251001-wa0000-768x996.jpg"},"newsletter_featured":{"file":"img-20251001-wa0000-316x224.jpg","width":316,"height":224,"filesize":20001,"mime_type":"image\/jpeg","source_url":"https:\/\/medicina.udd.cl\/odontologia-santiago\/files\/2025\/10\/img-20251001-wa0000-316x224.jpg"},"newsletter_first":{"file":"img-20251001-wa0000-286x205.jpg","width":286,"height":205,"filesize":17139,"mime_type":"image\/jpeg","source_url":"https:\/\/medicina.udd.cl\/odontologia-santiago\/files\/2025\/10\/img-20251001-wa0000-286x205.jpg"},"newsletter_thumb":{"file":"img-20251001-wa0000-288x150.jpg","width":288,"height":150,"filesize":12797,"mime_type":"image\/jpeg","source_url":"https:\/\/medicina.udd.cl\/odontologia-santiago\/files\/2025\/10\/img-20251001-wa0000-288x150.jpg"},"newsletter_column":{"file":"img-20251001-wa0000-182x140.jpg","width":182,"height":140,"filesize":8626,"mime_type":"image\/jpeg","source_url":"https:\/\/medicina.udd.cl\/odontologia-santiago\/files\/2025\/10\/img-20251001-wa0000-182x140.jpg"},"newsletter_square":{"file":"img-20251001-wa0000-62x62.jpg","width":62,"height":62,"filesize":1894,"mime_type":"image\/jpeg","source_url":"https:\/\/medicina.udd.cl\/odontologia-santiago\/files\/2025\/10\/img-20251001-wa0000-62x62.jpg"},"newsletter_square_large":{"file":"img-20251001-wa0000-87x62.jpg","width":87,"height":62,"filesize":2474,"mime_type":"image\/jpeg","source_url":"https:\/\/medicina.udd.cl\/odontologia-santiago\/files\/2025\/10\/img-20251001-wa0000-87x62.jpg"},"landscape_1920":{"file":"img-20251001-wa0000-987x1080.jpg","width":987,"height":1080,"filesize":217209,"mime_type":"image\/jpeg","source_url":"https:\/\/medicina.udd.cl\/odontologia-santiago\/files\/2025\/10\/img-20251001-wa0000-987x1080.jpg"},"landscape_1366":{"file":"img-20251001-wa0000-987x768.jpg","width":987,"height":768,"filesize":144354,"mime_type":"image\/jpeg","source_url":"https:\/\/medicina.udd.cl\/odontologia-santiago\/files\/2025\/10\/img-20251001-wa0000-987x768.jpg"},"landscape_952":{"file":"img-20251001-wa0000-952x534.jpg","width":952,"height":534,"filesize":101555,"mime_type":"image\/jpeg","source_url":"https:\/\/medicina.udd.cl\/odontologia-santiago\/files\/2025\/10\/img-20251001-wa0000-952x534.jpg"},"landscape_680":{"file":"img-20251001-wa0000-680x382.jpg","width":680,"height":382,"filesize":59200,"mime_type":"image\/jpeg","source_url":"https:\/\/medicina.udd.cl\/odontologia-santiago\/files\/2025\/10\/img-20251001-wa0000-680x382.jpg"},"square_750":{"file":"img-20251001-wa0000-750x750.jpg","width":750,"height":750,"filesize":116698,"mime_type":"image\/jpeg","source_url":"https:\/\/medicina.udd.cl\/odontologia-santiago\/files\/2025\/10\/img-20251001-wa0000-750x750.jpg"},"square_500":{"file":"img-20251001-wa0000-500x500.jpg","width":500,"height":500,"filesize":59130,"mime_type":"image\/jpeg","source_url":"https:\/\/medicina.udd.cl\/odontologia-santiago\/files\/2025\/10\/img-20251001-wa0000-500x500.jpg"},"square_200":{"file":"img-20251001-wa0000-250x250.jpg","width":250,"height":250,"filesize":17880,"mime_type":"image\/jpeg","source_url":"https:\/\/medicina.udd.cl\/odontologia-santiago\/files\/2025\/10\/img-20251001-wa0000-250x250.jpg"},"post-thumbnail":{"file":"img-20251001-wa0000-952x534.jpg","width":952,"height":534,"filesize":101555,"mime_type":"image\/jpeg","source_url":"https:\/\/medicina.udd.cl\/odontologia-santiago\/files\/2025\/10\/img-20251001-wa0000-952x534.jpg"},"custom_content":{"file":"img-20251001-wa0000-126x126.jpg","width":126,"height":126,"filesize":5673,"mime_type":"image\/jpeg","source_url":"https:\/\/medicina.udd.cl\/odontologia-santiago\/files\/2025\/10\/img-20251001-wa0000-126x126.jpg"},"full":{"file":"img-20251001-wa0000.jpg","width":987,"height":1280,"mime_type":"image\/jpeg","source_url":"https:\/\/medicina.udd.cl\/odontologia-santiago\/files\/2025\/10\/img-20251001-wa0000.jpg"}},"image_meta":{"aperture":"0","credit":"","camera":"","caption":"","created_timestamp":"0","copyright":"","focal_length":"0","iso":"0","shutter_speed":"0","title":"","orientation":"0","keywords":[]}},"post":9038,"source_url":"https:\/\/medicina.udd.cl\/odontologia-santiago\/files\/2025\/10\/img-20251001-wa0000.jpg","_links":{"self":[{"href":"https:\/\/medicina.udd.cl\/odontologia-santiago\/wp-json\/wp\/v2\/media\/9040","targetHints":{"allow":["GET"]}}],"collection":[{"href":"https:\/\/medicina.udd.cl\/odontologia-santiago\/wp-json\/wp\/v2\/media"}],"about":[{"href":"https:\/\/medicina.udd.cl\/odontologia-santiago\/wp-json\/wp\/v2\/types\/attachment"}],"author":[{"embeddable":true,"href":"https:\/\/medicina.udd.cl\/odontologia-santiago\/wp-json\/wp\/v2\/users\/9192219"}],"replies":[{"embeddable":true,"href":"https:\/\/medicina.udd.cl\/odontologia-santiago\/wp-json\/wp\/v2\/comments?post=9040"}],"wp:attached-to":[{"embeddable":true,"post_type":"post","id":9038,"href":"https:\/\/medicina.udd.cl\/odontologia-santiago\/wp-json\/wp\/v2\/posts\/9038"}],"curies":[{"name":"wp","href":"https:\/\/api.w.org\/{rel}","templated":true}]}}

<!-- This site is optimized with the Yoast SEO plugin v26.9 - https://yoast.com/product/yoast-seo-wordpress/ -->
<title>IMG-20251001-WA0000 - Odontología</title>
<meta name="robots" content="index, follow, max-snippet:-1, max-image-preview:large, max-video-preview:-1" />
<link rel="canonical" href="https://medicina.udd.cl/odontologia-santiago/files/2025/10/img-20251001-wa0000.jpg" />
<meta property="og:locale" content="es_ES" />
<meta property="og:type" content="article" />
<meta property="og:title" content="IMG-20251001-WA0000 - Odontología" />
<meta property="og:url" content="https://medicina.udd.cl/odontologia-santiago/files/2025/10/img-20251001-wa0000.jpg" />
<meta property="og:site_name" content="Odontología" />
<meta property="og:image" content="https://medicina.udd.cl/odontologia-santiago/files/2025/10/img-20251001-wa0000.jpg" />
	<meta property="og:image:width" content="987" />
	<meta property="og:image:height" content="1280" />
	<meta property="og:image:type" content="image/jpeg" />
<script type="application/ld+json" class="yoast-schema-graph">{"@context":"https://schema.org","@graph":[{"@type":"WebPage","@id":"https://medicina.udd.cl/odontologia-santiago/files/2025/10/img-20251001-wa0000.jpg","url":"https://medicina.udd.cl/odontologia-santiago/files/2025/10/img-20251001-wa0000.jpg","name":"IMG-20251001-WA0000 - Odontología","isPartOf":{"@id":"https://medicina.udd.cl/odontologia-santiago/#website"},"datePublished":"2025-10-01T15:29:23+00:00","breadcrumb":{"@id":"https://medicina.udd.cl/odontologia-santiago/files/2025/10/img-20251001-wa0000.jpg#breadcrumb"},"inLanguage":"es","potentialAction":[{"@type":"ReadAction","target":["https://medicina.udd.cl/odontologia-santiago/files/2025/10/img-20251001-wa0000.jpg"]}]},{"@type":"BreadcrumbList","@id":"https://medicina.udd.cl/odontologia-santiago/files/2025/10/img-20251001-wa0000.jpg#breadcrumb","itemListElement":[{"@type":"ListItem","position":1,"name":"Home","item":"https://medicina.udd.cl/odontologia-santiago/"},{"@type":"ListItem","position":2,"name":"Académicos UDD participaron en las IV Jornadas Odontológicas del Ejército de Chile","item":"https://medicina.udd.cl/odontologia-santiago/noticias/2025/10/01/academicos-udd-participaron-en-las-iv-jornadas-odontologicas-del-ejercito-de-chile/"},{"@type":"ListItem","position":3,"name":"IMG-20251001-WA0000"}]},{"@type":"WebSite","@id":"https://medicina.udd.cl/odontologia-santiago/#website","url":"https://medicina.udd.cl/odontologia-santiago/","name":"Odontología","description":"Facultad de Medicina Clínica Alemana Universidad del Desarrollo","inLanguage":"es"}]}</script>
<!-- / Yoast SEO plugin. -->

IMG-20251001-WA0000 - Odontología

Odontología

Académicos UDD participaron en las IV Jornadas Odontológicas del Ejército de Chile

Facultad de Medicina Clínica Alemana Universidad del Desarrollo
