{"id":9126,"date":"2025-11-25T10:59:48","date_gmt":"2025-11-25T13:59:48","guid":{"rendered":"https:\/\/medicina.udd.cl\/odontologia-santiago\/files\/2025\/11\/odonto.jpg"},"modified":"2025-11-25T10:59:48","modified_gmt":"2025-11-25T13:59:48","slug":"facultad-odontologua","status":"inherit","type":"attachment","link":"https:\/\/medicina.udd.cl\/odontologia-santiago\/odontologia-udd\/facultad-odontologua\/","title":{"rendered":"Facultad Odontolog\u00faa"},"author":9192456,"featured_media":0,"comment_status":"","ping_status":"closed","template":"","meta":[],"class_list":["post-9126","attachment","type-attachment","status-inherit","hentry"],"yoast_head":"<!-- This site is optimized with the Yoast SEO plugin v26.9 - https:\/\/yoast.com\/product\/yoast-seo-wordpress\/ -->\n<title>Facultad Odontolog\u00faa - Odontolog\u00eda<\/title>\n<meta name=\"robots\" content=\"index, follow, max-snippet:-1, max-image-preview:large, max-video-preview:-1\" \/>\n<link rel=\"canonical\" href=\"https:\/\/medicina.udd.cl\/odontologia-santiago\/files\/2025\/11\/odonto.jpg\" \/>\n<meta property=\"og:locale\" content=\"es_ES\" \/>\n<meta property=\"og:type\" content=\"article\" \/>\n<meta property=\"og:title\" content=\"Facultad Odontolog\u00faa - Odontolog\u00eda\" \/>\n<meta property=\"og:description\" content=\"Sesi\u00f3n de fotos del Laboratorio Realitec de la Facultad de Odontolog\u00eda UDD. En Santiago: 13\/04\/2023. Fot\u00f3grafo: Valentino Saldivar.\" \/>\n<meta property=\"og:url\" content=\"https:\/\/medicina.udd.cl\/odontologia-santiago\/files\/2025\/11\/odonto.jpg\" \/>\n<meta property=\"og:site_name\" content=\"Odontolog\u00eda\" \/>\n<meta property=\"og:image\" content=\"https:\/\/medicina.udd.cl\/odontologia-santiago\/files\/2025\/11\/odonto.jpg\" \/>\n\t<meta property=\"og:image:width\" content=\"1\" \/>\n\t<meta property=\"og:image:height\" content=\"1\" \/>\n\t<meta property=\"og:image:type\" content=\"image\/jpeg\" \/>\n<script type=\"application\/ld+json\" class=\"yoast-schema-graph\">{\"@context\":\"https:\/\/schema.org\",\"@graph\":[{\"@type\":\"WebPage\",\"@id\":\"https:\/\/medicina.udd.cl\/odontologia-santiago\/files\/2025\/11\/odonto.jpg\",\"url\":\"https:\/\/medicina.udd.cl\/odontologia-santiago\/files\/2025\/11\/odonto.jpg\",\"name\":\"Facultad Odontolog\u00faa - Odontolog\u00eda\",\"isPartOf\":{\"@id\":\"https:\/\/medicina.udd.cl\/odontologia-santiago\/#website\"},\"datePublished\":\"2025-11-25T13:59:48+00:00\",\"breadcrumb\":{\"@id\":\"https:\/\/medicina.udd.cl\/odontologia-santiago\/files\/2025\/11\/odonto.jpg#breadcrumb\"},\"inLanguage\":\"es\",\"potentialAction\":[{\"@type\":\"ReadAction\",\"target\":[\"https:\/\/medicina.udd.cl\/odontologia-santiago\/files\/2025\/11\/odonto.jpg\"]}]},{\"@type\":\"BreadcrumbList\",\"@id\":\"https:\/\/medicina.udd.cl\/odontologia-santiago\/files\/2025\/11\/odonto.jpg#breadcrumb\",\"itemListElement\":[{\"@type\":\"ListItem\",\"position\":1,\"name\":\"Home\",\"item\":\"https:\/\/medicina.udd.cl\/odontologia-santiago\/\"},{\"@type\":\"ListItem\",\"position\":2,\"name\":\"Odontolog\u00eda UDD\",\"item\":\"https:\/\/medicina.udd.cl\/odontologia-santiago\/\"},{\"@type\":\"ListItem\",\"position\":3,\"name\":\"Facultad Odontolog\u00faa\"}]},{\"@type\":\"WebSite\",\"@id\":\"https:\/\/medicina.udd.cl\/odontologia-santiago\/#website\",\"url\":\"https:\/\/medicina.udd.cl\/odontologia-santiago\/\",\"name\":\"Odontolog\u00eda\",\"description\":\"Facultad de Medicina Cl\u00ednica Alemana Universidad del Desarrollo\",\"inLanguage\":\"es\"}]}<\/script>\n<!-- \/ Yoast SEO plugin. -->","yoast_head_json":{"title":"Facultad Odontolog\u00faa - Odontolog\u00eda","robots":{"index":"index","follow":"follow","max-snippet":"max-snippet:-1","max-image-preview":"max-image-preview:large","max-video-preview":"max-video-preview:-1"},"canonical":"https:\/\/medicina.udd.cl\/odontologia-santiago\/files\/2025\/11\/odonto.jpg","og_locale":"es_ES","og_type":"article","og_title":"Facultad Odontolog\u00faa - Odontolog\u00eda","og_description":"Sesi\u00f3n de fotos del Laboratorio Realitec de la Facultad de Odontolog\u00eda UDD. En Santiago: 13\/04\/2023. Fot\u00f3grafo: Valentino Saldivar.","og_url":"https:\/\/medicina.udd.cl\/odontologia-santiago\/files\/2025\/11\/odonto.jpg","og_site_name":"Odontolog\u00eda","og_image":[{"url":"https:\/\/medicina.udd.cl\/odontologia-santiago\/files\/2025\/11\/odonto.jpg","width":1,"height":1,"type":"image\/jpeg"}],"schema":{"@context":"https:\/\/schema.org","@graph":[{"@type":"WebPage","@id":"https:\/\/medicina.udd.cl\/odontologia-santiago\/files\/2025\/11\/odonto.jpg","url":"https:\/\/medicina.udd.cl\/odontologia-santiago\/files\/2025\/11\/odonto.jpg","name":"Facultad Odontolog\u00faa - Odontolog\u00eda","isPartOf":{"@id":"https:\/\/medicina.udd.cl\/odontologia-santiago\/#website"},"datePublished":"2025-11-25T13:59:48+00:00","breadcrumb":{"@id":"https:\/\/medicina.udd.cl\/odontologia-santiago\/files\/2025\/11\/odonto.jpg#breadcrumb"},"inLanguage":"es","potentialAction":[{"@type":"ReadAction","target":["https:\/\/medicina.udd.cl\/odontologia-santiago\/files\/2025\/11\/odonto.jpg"]}]},{"@type":"BreadcrumbList","@id":"https:\/\/medicina.udd.cl\/odontologia-santiago\/files\/2025\/11\/odonto.jpg#breadcrumb","itemListElement":[{"@type":"ListItem","position":1,"name":"Home","item":"https:\/\/medicina.udd.cl\/odontologia-santiago\/"},{"@type":"ListItem","position":2,"name":"Odontolog\u00eda UDD","item":"https:\/\/medicina.udd.cl\/odontologia-santiago\/"},{"@type":"ListItem","position":3,"name":"Facultad Odontolog\u00faa"}]},{"@type":"WebSite","@id":"https:\/\/medicina.udd.cl\/odontologia-santiago\/#website","url":"https:\/\/medicina.udd.cl\/odontologia-santiago\/","name":"Odontolog\u00eda","description":"Facultad de Medicina Cl\u00ednica Alemana Universidad del Desarrollo","inLanguage":"es"}]}},"description":{"rendered":"<p class=\"attachment\"><a href='https:\/\/medicina.udd.cl\/odontologia-santiago\/files\/2025\/11\/odonto-scaled.jpg'><img loading=\"lazy\" decoding=\"async\" width=\"300\" height=\"199\" src=\"https:\/\/medicina.udd.cl\/odontologia-santiago\/files\/2025\/11\/odonto-300x199.jpg\" class=\"attachment-medium size-medium\" alt=\"\" srcset=\"https:\/\/medicina.udd.cl\/odontologia-santiago\/files\/2025\/11\/odonto-300x199.jpg 300w, https:\/\/medicina.udd.cl\/odontologia-santiago\/files\/2025\/11\/odonto-1024x680.jpg 1024w, https:\/\/medicina.udd.cl\/odontologia-santiago\/files\/2025\/11\/odonto-768x510.jpg 768w, https:\/\/medicina.udd.cl\/odontologia-santiago\/files\/2025\/11\/odonto-1536x1020.jpg 1536w\" sizes=\"auto, (max-width: 300px) 100vw, 300px\" \/><\/a><\/p>\n"},"caption":{"rendered":"<p>Sesi\u00f3n de fotos del Laboratorio Realitec de la Facultad de Odontolog\u00eda UDD. En Santiago: 13\/04\/2023. Fot\u00f3grafo: Valentino Saldivar.<\/p>\n"},"alt_text":"","media_type":"image","mime_type":"image\/jpeg","media_details":{"width":2560,"height":1700,"file":"2025\/11\/odonto-scaled.jpg","filesize":434404,"sizes":{"medium":{"file":"odonto-300x199.jpg","width":300,"height":199,"filesize":51859,"mime_type":"image\/jpeg","source_url":"https:\/\/medicina.udd.cl\/odontologia-santiago\/files\/2025\/11\/odonto-300x199.jpg"},"large":{"file":"odonto-1024x680.jpg","width":1024,"height":680,"filesize":137421,"mime_type":"image\/jpeg","source_url":"https:\/\/medicina.udd.cl\/odontologia-santiago\/files\/2025\/11\/odonto-1024x680.jpg"},"thumbnail":{"file":"odonto-150x150.jpg","width":150,"height":150,"filesize":42166,"mime_type":"image\/jpeg","source_url":"https:\/\/medicina.udd.cl\/odontologia-santiago\/files\/2025\/11\/odonto-150x150.jpg"},"medium_large":{"file":"odonto-768x510.jpg","width":768,"height":510,"filesize":102853,"mime_type":"image\/jpeg","source_url":"https:\/\/medicina.udd.cl\/odontologia-santiago\/files\/2025\/11\/odonto-768x510.jpg"},"newsletter_featured":{"file":"odonto-316x224.jpg","width":316,"height":224,"filesize":54067,"mime_type":"image\/jpeg","source_url":"https:\/\/medicina.udd.cl\/odontologia-santiago\/files\/2025\/11\/odonto-316x224.jpg"},"newsletter_first":{"file":"odonto-286x205.jpg","width":286,"height":205,"filesize":51468,"mime_type":"image\/jpeg","source_url":"https:\/\/medicina.udd.cl\/odontologia-santiago\/files\/2025\/11\/odonto-286x205.jpg"},"newsletter_thumb":{"file":"odonto-288x150.jpg","width":288,"height":150,"filesize":47687,"mime_type":"image\/jpeg","source_url":"https:\/\/medicina.udd.cl\/odontologia-santiago\/files\/2025\/11\/odonto-288x150.jpg"},"newsletter_column":{"file":"odonto-182x140.jpg","width":182,"height":140,"filesize":43276,"mime_type":"image\/jpeg","source_url":"https:\/\/medicina.udd.cl\/odontologia-santiago\/files\/2025\/11\/odonto-182x140.jpg"},"newsletter_square":{"file":"odonto-62x62.jpg","width":62,"height":62,"filesize":36186,"mime_type":"image\/jpeg","source_url":"https:\/\/medicina.udd.cl\/odontologia-santiago\/files\/2025\/11\/odonto-62x62.jpg"},"newsletter_square_large":{"file":"odonto-87x62.jpg","width":87,"height":62,"filesize":36839,"mime_type":"image\/jpeg","source_url":"https:\/\/medicina.udd.cl\/odontologia-santiago\/files\/2025\/11\/odonto-87x62.jpg"},"1536x1536":{"file":"odonto-1536x1020.jpg","width":1536,"height":1020,"filesize":219098,"mime_type":"image\/jpeg","source_url":"https:\/\/medicina.udd.cl\/odontologia-santiago\/files\/2025\/11\/odonto-1536x1020.jpg"},"full":{"file":"odonto-scaled.jpg","width":2560,"height":1700,"mime_type":"image\/jpeg","source_url":"https:\/\/medicina.udd.cl\/odontologia-santiago\/files\/2025\/11\/odonto-scaled.jpg"}},"image_meta":{"aperture":"3.2","credit":"Valentino Saldivar","camera":"Canon EOS RP","caption":"Sesi\u00f3n de fotos del Laboratorio Realitec de la Facultad de Odontolog\u00eda UDD. En Santiago: 13\/04\/2023. Fot\u00f3grafo: Valentino Saldivar.","created_timestamp":"1681421909","copyright":"@copyright2023","focal_length":"50","iso":"800","shutter_speed":"0.01","title":"Facultad Odontolog\u00faa","orientation":"0","keywords":["ODONTOLOG\u00cdA 2023 UDD","ODONTOLOG\u00cdA UDD","SESION FOTOS ODONTOLOG\u00cdA UDD 2023","SESI\u00d3N FOTOS ODONTOLOG\u00cdA","UDD 2023","UDD ODONTOLOG\u00cdA"]},"original_image":"odonto.jpg"},"post":5219,"source_url":"https:\/\/medicina.udd.cl\/odontologia-santiago\/files\/2025\/11\/odonto-scaled.jpg","_links":{"self":[{"href":"https:\/\/medicina.udd.cl\/odontologia-santiago\/wp-json\/wp\/v2\/media\/9126","targetHints":{"allow":["GET"]}}],"collection":[{"href":"https:\/\/medicina.udd.cl\/odontologia-santiago\/wp-json\/wp\/v2\/media"}],"about":[{"href":"https:\/\/medicina.udd.cl\/odontologia-santiago\/wp-json\/wp\/v2\/types\/attachment"}],"author":[{"embeddable":true,"href":"https:\/\/medicina.udd.cl\/odontologia-santiago\/wp-json\/wp\/v2\/users\/9192456"}],"replies":[{"embeddable":true,"href":"https:\/\/medicina.udd.cl\/odontologia-santiago\/wp-json\/wp\/v2\/comments?post=9126"}],"wp:attached-to":[{"embeddable":true,"post_type":"page","id":5219,"href":"https:\/\/medicina.udd.cl\/odontologia-santiago\/wp-json\/wp\/v2\/pages\/5219"}],"curies":[{"name":"wp","href":"https:\/\/api.w.org\/{rel}","templated":true}]}}

Facultad Odontologúa

<!-- This site is optimized with the Yoast SEO plugin v26.9 - https://yoast.com/product/yoast-seo-wordpress/ -->
<title>Facultad Odontologúa - Odontología</title>
<meta name="robots" content="index, follow, max-snippet:-1, max-image-preview:large, max-video-preview:-1" />
<link rel="canonical" href="https://medicina.udd.cl/odontologia-santiago/files/2025/11/odonto.jpg" />
<meta property="og:locale" content="es_ES" />
<meta property="og:type" content="article" />
<meta property="og:title" content="Facultad Odontologúa - Odontología" />
<meta property="og:description" content="Sesión de fotos del Laboratorio Realitec de la Facultad de Odontología UDD. En Santiago: 13/04/2023. Fotógrafo: Valentino Saldivar." />
<meta property="og:url" content="https://medicina.udd.cl/odontologia-santiago/files/2025/11/odonto.jpg" />
<meta property="og:site_name" content="Odontología" />
<meta property="og:image" content="https://medicina.udd.cl/odontologia-santiago/files/2025/11/odonto.jpg" />
	<meta property="og:image:width" content="1" />
	<meta property="og:image:height" content="1" />
	<meta property="og:image:type" content="image/jpeg" />
<script type="application/ld+json" class="yoast-schema-graph">{"@context":"https://schema.org","@graph":[{"@type":"WebPage","@id":"https://medicina.udd.cl/odontologia-santiago/files/2025/11/odonto.jpg","url":"https://medicina.udd.cl/odontologia-santiago/files/2025/11/odonto.jpg","name":"Facultad Odontologúa - Odontología","isPartOf":{"@id":"https://medicina.udd.cl/odontologia-santiago/#website"},"datePublished":"2025-11-25T13:59:48+00:00","breadcrumb":{"@id":"https://medicina.udd.cl/odontologia-santiago/files/2025/11/odonto.jpg#breadcrumb"},"inLanguage":"es","potentialAction":[{"@type":"ReadAction","target":["https://medicina.udd.cl/odontologia-santiago/files/2025/11/odonto.jpg"]}]},{"@type":"BreadcrumbList","@id":"https://medicina.udd.cl/odontologia-santiago/files/2025/11/odonto.jpg#breadcrumb","itemListElement":[{"@type":"ListItem","position":1,"name":"Home","item":"https://medicina.udd.cl/odontologia-santiago/"},{"@type":"ListItem","position":2,"name":"Odontología UDD","item":"https://medicina.udd.cl/odontologia-santiago/"},{"@type":"ListItem","position":3,"name":"Facultad Odontologúa"}]},{"@type":"WebSite","@id":"https://medicina.udd.cl/odontologia-santiago/#website","url":"https://medicina.udd.cl/odontologia-santiago/","name":"Odontología","description":"Facultad de Medicina Clínica Alemana Universidad del Desarrollo","inLanguage":"es"}]}</script>
<!-- / Yoast SEO plugin. -->

Facultad Odontologúa - Odontología

Sesión de fotos del Laboratorio Realitec de la Facultad de Odontología UDD. En Santiago: 13/04/2023. Fotógrafo: Valentino Saldivar.

Odontología

Odontología UDD

Facultad de Medicina Clínica Alemana Universidad del Desarrollo

<p>Sesión de fotos del Laboratorio Realitec de la Facultad de Odontología UDD. En Santiago: 13/04/2023. Fotógrafo: Valentino Saldivar.</p>

ODONTOLOGÍA 2023 UDD

ODONTOLOGÍA UDD

SESION FOTOS ODONTOLOGÍA UDD 2023

SESIÓN FOTOS ODONTOLOGÍA

UDD ODONTOLOGÍA
