{"id":211,"date":"2010-06-21T08:56:53","date_gmt":"2010-06-21T12:56:53","guid":{"rendered":"http:\/\/medicina.udd.cl\/odontologia-santiago\/sobre-la-carrera\/palabras-de-la-directora\/"},"modified":"2017-06-07T17:29:45","modified_gmt":"2017-06-07T21:29:45","slug":"palabras-del-director","status":"publish","type":"page","link":"https:\/\/medicina.udd.cl\/odontologia-santiago\/la-carrera\/descripcion\/palabras-del-director\/","title":{"rendered":"Palabras del Director"},"content":{"rendered":"<p style=\"text-align: justify\"><a href=\"http:\/\/medicina.udd.cl\/odontologia-santiago\/files\/2010\/06\/Danilo-Ocaranza-1.jpg\" rel=\"attachment wp-att-4437\"><img loading=\"lazy\" decoding=\"async\" class=\"alignleft wp-image-4437 \" src=\"http:\/\/medicina.udd.cl\/odontologia-santiago\/files\/2010\/06\/Danilo-Ocaranza-1-e1496870870828-286x300.jpg\" alt=\"Danilo Ocaranza-1\" width=\"217\" height=\"228\" srcset=\"https:\/\/medicina.udd.cl\/odontologia-santiago\/files\/2010\/06\/Danilo-Ocaranza-1-e1496870870828-286x300.jpg 286w, https:\/\/medicina.udd.cl\/odontologia-santiago\/files\/2010\/06\/Danilo-Ocaranza-1-e1496870870828-768x806.jpg 768w, https:\/\/medicina.udd.cl\/odontologia-santiago\/files\/2010\/06\/Danilo-Ocaranza-1-e1496870870828-976x1024.jpg 976w, https:\/\/medicina.udd.cl\/odontologia-santiago\/files\/2010\/06\/Danilo-Ocaranza-1-e1496870870828-915x960.jpg 915w\" sizes=\"auto, (max-width: 217px) 100vw, 217px\" \/><\/a><\/p>\n<p style=\"text-align: justify\"><span style=\"font-weight: 400\">En marzo de 2010 comenc\u00e9 a trabajar como docente del quinto a\u00f1o de la carrera. Recibimos, como equipo, a la primera generaci\u00f3n de estudiantes de Odontolog\u00eda de la sede de Santiago. Seis a\u00f1os despu\u00e9s, asumo como director, recibiendo un proceso de Acreditaci\u00f3n que termin\u00f3 exitosamente la anterior direcci\u00f3n: 5 a\u00f1os. Muchos dijeron que este cargo era una justa culminaci\u00f3n de 18 a\u00f1os de docencia universitaria; sin embargo, es solo un nuevo comienzo.<\/span><\/p>\n<p style=\"text-align: justify\">La Facultad de Medicina, junto a la Cl\u00ednica Alemana, nos ha impulsado a ser cada d\u00eda mejores, con un campo cl\u00ednico ejemplar en la comuna de la Florida y una alianza con el Hospital Padre Hurtado, que permite a nuestros estudiantes tener experiencias de formaci\u00f3n muy potentes.<\/p>\n<p style=\"text-align: justify\">Quiero invitarlos a esta carrera, con sus estudiantes, acad\u00e9micos y personal de colaboraci\u00f3n, que trabajan a la luz del sello de la Universidad del Desarrollo, que forman profesionales comprometidos con la sociedad, de actuar intachable y con amor al trabajo bien hecho, para impactar positivamente,\u00a0tanto en su vida laboral como en la de todos quienes sean tocados por su actuar.<\/p>\n<p style=\"text-align: right\"><strong>Danilo Ocaranza<br \/>\nDirector de Odontolog\u00eda UDD<\/strong><\/p>\n<p>&nbsp;<\/p>\n","protected":false},"excerpt":{"rendered":"<p>El doctor Danilo Ocaranza te invita a estudiar Odontolog\u00eda en la UDD<\/p>\n","protected":false},"author":1,"featured_media":0,"parent":9,"menu_order":70,"comment_status":"open","ping_status":"closed","template":"","meta":{"footnotes":""},"class_list":["post-211","page","type-page","status-publish","hentry"],"yoast_head":"<!-- This site is optimized with the Yoast SEO plugin v26.9 - https:\/\/yoast.com\/product\/yoast-seo-wordpress\/ -->\n<title>Palabras de la Directora | Carrera de Odontolog\u00eda (Santiago) | UDD<\/title>\n<meta name=\"description\" content=\"La Dra. Joyce Huberman te invita a estudiar Odontolog\u00eda en la UDD.\" \/>\n<meta name=\"robots\" content=\"index, follow, max-snippet:-1, max-image-preview:large, max-video-preview:-1\" \/>\n<link rel=\"canonical\" href=\"https:\/\/medicina.udd.cl\/odontologia-santiago\/la-carrera\/descripcion\/palabras-del-director\/\" \/>\n<meta property=\"og:locale\" content=\"es_ES\" \/>\n<meta property=\"og:type\" content=\"article\" \/>\n<meta property=\"og:title\" content=\"Palabras de la Directora | Carrera de Odontolog\u00eda (Santiago) | UDD\" \/>\n<meta property=\"og:description\" content=\"La Dra. Joyce Huberman te invita a estudiar Odontolog\u00eda en la UDD.\" \/>\n<meta property=\"og:url\" content=\"https:\/\/medicina.udd.cl\/odontologia-santiago\/la-carrera\/descripcion\/palabras-del-director\/\" \/>\n<meta property=\"og:site_name\" content=\"Odontolog\u00eda\" \/>\n<meta property=\"article:modified_time\" content=\"2017-06-07T21:29:45+00:00\" \/>\n<meta property=\"og:image\" content=\"http:\/\/medicina.udd.cl\/odontologia-santiago\/files\/2010\/06\/Danilo-Ocaranza-1-e1496870870828-286x300.jpg\" \/>\n<meta name=\"twitter:label1\" content=\"Tiempo de lectura\" \/>\n\t<meta name=\"twitter:data1\" content=\"1 minuto\" \/>\n<script type=\"application\/ld+json\" class=\"yoast-schema-graph\">{\"@context\":\"https:\/\/schema.org\",\"@graph\":[{\"@type\":\"WebPage\",\"@id\":\"https:\/\/medicina.udd.cl\/odontologia-santiago\/la-carrera\/descripcion\/palabras-del-director\/\",\"url\":\"https:\/\/medicina.udd.cl\/odontologia-santiago\/la-carrera\/descripcion\/palabras-del-director\/\",\"name\":\"Palabras de la Directora | Carrera de Odontolog\u00eda (Santiago) | UDD\",\"isPartOf\":{\"@id\":\"https:\/\/medicina.udd.cl\/odontologia-santiago\/#website\"},\"primaryImageOfPage\":{\"@id\":\"https:\/\/medicina.udd.cl\/odontologia-santiago\/la-carrera\/descripcion\/palabras-del-director\/#primaryimage\"},\"image\":{\"@id\":\"https:\/\/medicina.udd.cl\/odontologia-santiago\/la-carrera\/descripcion\/palabras-del-director\/#primaryimage\"},\"thumbnailUrl\":\"http:\/\/medicina.udd.cl\/odontologia-santiago\/files\/2010\/06\/Danilo-Ocaranza-1-e1496870870828-286x300.jpg\",\"datePublished\":\"2010-06-21T12:56:53+00:00\",\"dateModified\":\"2017-06-07T21:29:45+00:00\",\"description\":\"La Dra. Joyce Huberman te invita a estudiar Odontolog\u00eda en la UDD.\",\"breadcrumb\":{\"@id\":\"https:\/\/medicina.udd.cl\/odontologia-santiago\/la-carrera\/descripcion\/palabras-del-director\/#breadcrumb\"},\"inLanguage\":\"es\",\"potentialAction\":[{\"@type\":\"ReadAction\",\"target\":[\"https:\/\/medicina.udd.cl\/odontologia-santiago\/la-carrera\/descripcion\/palabras-del-director\/\"]}]},{\"@type\":\"ImageObject\",\"inLanguage\":\"es\",\"@id\":\"https:\/\/medicina.udd.cl\/odontologia-santiago\/la-carrera\/descripcion\/palabras-del-director\/#primaryimage\",\"url\":\"http:\/\/medicina.udd.cl\/odontologia-santiago\/files\/2010\/06\/Danilo-Ocaranza-1-e1496870870828-286x300.jpg\",\"contentUrl\":\"http:\/\/medicina.udd.cl\/odontologia-santiago\/files\/2010\/06\/Danilo-Ocaranza-1-e1496870870828-286x300.jpg\"},{\"@type\":\"BreadcrumbList\",\"@id\":\"https:\/\/medicina.udd.cl\/odontologia-santiago\/la-carrera\/descripcion\/palabras-del-director\/#breadcrumb\",\"itemListElement\":[{\"@type\":\"ListItem\",\"position\":1,\"name\":\"Home\",\"item\":\"https:\/\/medicina.udd.cl\/odontologia-santiago\/\"},{\"@type\":\"ListItem\",\"position\":2,\"name\":\"La Carrera\",\"item\":\"https:\/\/medicina.udd.cl\/odontologia-santiago\/la-carrera\/\"},{\"@type\":\"ListItem\",\"position\":3,\"name\":\"Descripci\u00f3n\",\"item\":\"https:\/\/medicina.udd.cl\/odontologia-santiago\/la-carrera\/descripcion\/\"},{\"@type\":\"ListItem\",\"position\":4,\"name\":\"Palabras del Director\"}]},{\"@type\":\"WebSite\",\"@id\":\"https:\/\/medicina.udd.cl\/odontologia-santiago\/#website\",\"url\":\"https:\/\/medicina.udd.cl\/odontologia-santiago\/\",\"name\":\"Odontolog\u00eda\",\"description\":\"Facultad de Medicina Cl\u00ednica Alemana Universidad del Desarrollo\",\"inLanguage\":\"es\"}]}<\/script>\n<!-- \/ Yoast SEO plugin. -->","yoast_head_json":{"title":"Palabras de la Directora | Carrera de Odontolog\u00eda (Santiago) | UDD","description":"La Dra. Joyce Huberman te invita a estudiar Odontolog\u00eda en la UDD.","robots":{"index":"index","follow":"follow","max-snippet":"max-snippet:-1","max-image-preview":"max-image-preview:large","max-video-preview":"max-video-preview:-1"},"canonical":"https:\/\/medicina.udd.cl\/odontologia-santiago\/la-carrera\/descripcion\/palabras-del-director\/","og_locale":"es_ES","og_type":"article","og_title":"Palabras de la Directora | Carrera de Odontolog\u00eda (Santiago) | UDD","og_description":"La Dra. Joyce Huberman te invita a estudiar Odontolog\u00eda en la UDD.","og_url":"https:\/\/medicina.udd.cl\/odontologia-santiago\/la-carrera\/descripcion\/palabras-del-director\/","og_site_name":"Odontolog\u00eda","article_modified_time":"2017-06-07T21:29:45+00:00","og_image":[{"url":"http:\/\/medicina.udd.cl\/odontologia-santiago\/files\/2010\/06\/Danilo-Ocaranza-1-e1496870870828-286x300.jpg","type":"","width":"","height":""}],"twitter_misc":{"Tiempo de lectura":"1 minuto"},"schema":{"@context":"https:\/\/schema.org","@graph":[{"@type":"WebPage","@id":"https:\/\/medicina.udd.cl\/odontologia-santiago\/la-carrera\/descripcion\/palabras-del-director\/","url":"https:\/\/medicina.udd.cl\/odontologia-santiago\/la-carrera\/descripcion\/palabras-del-director\/","name":"Palabras de la Directora | Carrera de Odontolog\u00eda (Santiago) | UDD","isPartOf":{"@id":"https:\/\/medicina.udd.cl\/odontologia-santiago\/#website"},"primaryImageOfPage":{"@id":"https:\/\/medicina.udd.cl\/odontologia-santiago\/la-carrera\/descripcion\/palabras-del-director\/#primaryimage"},"image":{"@id":"https:\/\/medicina.udd.cl\/odontologia-santiago\/la-carrera\/descripcion\/palabras-del-director\/#primaryimage"},"thumbnailUrl":"http:\/\/medicina.udd.cl\/odontologia-santiago\/files\/2010\/06\/Danilo-Ocaranza-1-e1496870870828-286x300.jpg","datePublished":"2010-06-21T12:56:53+00:00","dateModified":"2017-06-07T21:29:45+00:00","description":"La Dra. Joyce Huberman te invita a estudiar Odontolog\u00eda en la UDD.","breadcrumb":{"@id":"https:\/\/medicina.udd.cl\/odontologia-santiago\/la-carrera\/descripcion\/palabras-del-director\/#breadcrumb"},"inLanguage":"es","potentialAction":[{"@type":"ReadAction","target":["https:\/\/medicina.udd.cl\/odontologia-santiago\/la-carrera\/descripcion\/palabras-del-director\/"]}]},{"@type":"ImageObject","inLanguage":"es","@id":"https:\/\/medicina.udd.cl\/odontologia-santiago\/la-carrera\/descripcion\/palabras-del-director\/#primaryimage","url":"http:\/\/medicina.udd.cl\/odontologia-santiago\/files\/2010\/06\/Danilo-Ocaranza-1-e1496870870828-286x300.jpg","contentUrl":"http:\/\/medicina.udd.cl\/odontologia-santiago\/files\/2010\/06\/Danilo-Ocaranza-1-e1496870870828-286x300.jpg"},{"@type":"BreadcrumbList","@id":"https:\/\/medicina.udd.cl\/odontologia-santiago\/la-carrera\/descripcion\/palabras-del-director\/#breadcrumb","itemListElement":[{"@type":"ListItem","position":1,"name":"Home","item":"https:\/\/medicina.udd.cl\/odontologia-santiago\/"},{"@type":"ListItem","position":2,"name":"La Carrera","item":"https:\/\/medicina.udd.cl\/odontologia-santiago\/la-carrera\/"},{"@type":"ListItem","position":3,"name":"Descripci\u00f3n","item":"https:\/\/medicina.udd.cl\/odontologia-santiago\/la-carrera\/descripcion\/"},{"@type":"ListItem","position":4,"name":"Palabras del Director"}]},{"@type":"WebSite","@id":"https:\/\/medicina.udd.cl\/odontologia-santiago\/#website","url":"https:\/\/medicina.udd.cl\/odontologia-santiago\/","name":"Odontolog\u00eda","description":"Facultad de Medicina Cl\u00ednica Alemana Universidad del Desarrollo","inLanguage":"es"}]}},"_links":{"self":[{"href":"https:\/\/medicina.udd.cl\/odontologia-santiago\/wp-json\/wp\/v2\/pages\/211","targetHints":{"allow":["GET"]}}],"collection":[{"href":"https:\/\/medicina.udd.cl\/odontologia-santiago\/wp-json\/wp\/v2\/pages"}],"about":[{"href":"https:\/\/medicina.udd.cl\/odontologia-santiago\/wp-json\/wp\/v2\/types\/page"}],"author":[{"embeddable":true,"href":"https:\/\/medicina.udd.cl\/odontologia-santiago\/wp-json\/wp\/v2\/users\/1"}],"replies":[{"embeddable":true,"href":"https:\/\/medicina.udd.cl\/odontologia-santiago\/wp-json\/wp\/v2\/comments?post=211"}],"version-history":[{"count":21,"href":"https:\/\/medicina.udd.cl\/odontologia-santiago\/wp-json\/wp\/v2\/pages\/211\/revisions"}],"predecessor-version":[{"id":4439,"href":"https:\/\/medicina.udd.cl\/odontologia-santiago\/wp-json\/wp\/v2\/pages\/211\/revisions\/4439"}],"up":[{"embeddable":true,"href":"https:\/\/medicina.udd.cl\/odontologia-santiago\/wp-json\/wp\/v2\/pages\/9"}],"wp:attachment":[{"href":"https:\/\/medicina.udd.cl\/odontologia-santiago\/wp-json\/wp\/v2\/media?parent=211"}],"curies":[{"name":"wp","href":"https:\/\/api.w.org\/{rel}","templated":true}]}}

<p style="text-align: justify"><a href="http://medicina.udd.cl/odontologia-santiago/files/2010/06/Danilo-Ocaranza-1.jpg" rel="attachment wp-att-4437"><img loading="lazy" decoding="async" class="alignleft wp-image-4437 " src="http://medicina.udd.cl/odontologia-santiago/files/2010/06/Danilo-Ocaranza-1-e1496870870828-286x300.jpg" alt="Danilo Ocaranza-1" width="217" height="228" srcset="https://medicina.udd.cl/odontologia-santiago/files/2010/06/Danilo-Ocaranza-1-e1496870870828-286x300.jpg 286w, https://medicina.udd.cl/odontologia-santiago/files/2010/06/Danilo-Ocaranza-1-e1496870870828-768x806.jpg 768w, https://medicina.udd.cl/odontologia-santiago/files/2010/06/Danilo-Ocaranza-1-e1496870870828-976x1024.jpg 976w, https://medicina.udd.cl/odontologia-santiago/files/2010/06/Danilo-Ocaranza-1-e1496870870828-915x960.jpg 915w" sizes="auto, (max-width: 217px) 100vw, 217px" /></a></p>
<p style="text-align: justify"><span style="font-weight: 400">En marzo de 2010 comencé a trabajar como docente del quinto año de la carrera. Recibimos, como equipo, a la primera generación de estudiantes de Odontología de la sede de Santiago. Seis años después, asumo como director, recibiendo un proceso de Acreditación que terminó exitosamente la anterior dirección: 5 años. Muchos dijeron que este cargo era una justa culminación de 18 años de docencia universitaria; sin embargo, es solo un nuevo comienzo.</span></p>
<p style="text-align: justify">La Facultad de Medicina, junto a la Clínica Alemana, nos ha impulsado a ser cada día mejores, con un campo clínico ejemplar en la comuna de la Florida y una alianza con el Hospital Padre Hurtado, que permite a nuestros estudiantes tener experiencias de formación muy potentes.</p>
<p style="text-align: justify">Quiero invitarlos a esta carrera, con sus estudiantes, académicos y personal de colaboración, que trabajan a la luz del sello de la Universidad del Desarrollo, que forman profesionales comprometidos con la sociedad, de actuar intachable y con amor al trabajo bien hecho, para impactar positivamente, tanto en su vida laboral como en la de todos quienes sean tocados por su actuar.</p>
<p style="text-align: right"><strong>Danilo Ocaranza<br />
Director de Odontología UDD</strong></p>
<p>&nbsp;</p>

<p>El doctor Danilo Ocaranza te invita a estudiar Odontología en la UDD</p>

<!-- This site is optimized with the Yoast SEO plugin v26.9 - https://yoast.com/product/yoast-seo-wordpress/ -->
<title>Palabras de la Directora | Carrera de Odontología (Santiago) | UDD</title>
<meta name="description" content="La Dra. Joyce Huberman te invita a estudiar Odontología en la UDD." />
<meta name="robots" content="index, follow, max-snippet:-1, max-image-preview:large, max-video-preview:-1" />
<link rel="canonical" href="https://medicina.udd.cl/odontologia-santiago/la-carrera/descripcion/palabras-del-director/" />
<meta property="og:locale" content="es_ES" />
<meta property="og:type" content="article" />
<meta property="og:title" content="Palabras de la Directora | Carrera de Odontología (Santiago) | UDD" />
<meta property="og:description" content="La Dra. Joyce Huberman te invita a estudiar Odontología en la UDD." />
<meta property="og:url" content="https://medicina.udd.cl/odontologia-santiago/la-carrera/descripcion/palabras-del-director/" />
<meta property="og:site_name" content="Odontología" />
<meta property="article:modified_time" content="2017-06-07T21:29:45+00:00" />
<meta property="og:image" content="http://medicina.udd.cl/odontologia-santiago/files/2010/06/Danilo-Ocaranza-1-e1496870870828-286x300.jpg" />
<meta name="twitter:label1" content="Tiempo de lectura" />
	<meta name="twitter:data1" content="1 minuto" />
<script type="application/ld+json" class="yoast-schema-graph">{"@context":"https://schema.org","@graph":[{"@type":"WebPage","@id":"https://medicina.udd.cl/odontologia-santiago/la-carrera/descripcion/palabras-del-director/","url":"https://medicina.udd.cl/odontologia-santiago/la-carrera/descripcion/palabras-del-director/","name":"Palabras de la Directora | Carrera de Odontología (Santiago) | UDD","isPartOf":{"@id":"https://medicina.udd.cl/odontologia-santiago/#website"},"primaryImageOfPage":{"@id":"https://medicina.udd.cl/odontologia-santiago/la-carrera/descripcion/palabras-del-director/#primaryimage"},"image":{"@id":"https://medicina.udd.cl/odontologia-santiago/la-carrera/descripcion/palabras-del-director/#primaryimage"},"thumbnailUrl":"http://medicina.udd.cl/odontologia-santiago/files/2010/06/Danilo-Ocaranza-1-e1496870870828-286x300.jpg","datePublished":"2010-06-21T12:56:53+00:00","dateModified":"2017-06-07T21:29:45+00:00","description":"La Dra. Joyce Huberman te invita a estudiar Odontología en la UDD.","breadcrumb":{"@id":"https://medicina.udd.cl/odontologia-santiago/la-carrera/descripcion/palabras-del-director/#breadcrumb"},"inLanguage":"es","potentialAction":[{"@type":"ReadAction","target":["https://medicina.udd.cl/odontologia-santiago/la-carrera/descripcion/palabras-del-director/"]}]},{"@type":"ImageObject","inLanguage":"es","@id":"https://medicina.udd.cl/odontologia-santiago/la-carrera/descripcion/palabras-del-director/#primaryimage","url":"http://medicina.udd.cl/odontologia-santiago/files/2010/06/Danilo-Ocaranza-1-e1496870870828-286x300.jpg","contentUrl":"http://medicina.udd.cl/odontologia-santiago/files/2010/06/Danilo-Ocaranza-1-e1496870870828-286x300.jpg"},{"@type":"BreadcrumbList","@id":"https://medicina.udd.cl/odontologia-santiago/la-carrera/descripcion/palabras-del-director/#breadcrumb","itemListElement":[{"@type":"ListItem","position":1,"name":"Home","item":"https://medicina.udd.cl/odontologia-santiago/"},{"@type":"ListItem","position":2,"name":"La Carrera","item":"https://medicina.udd.cl/odontologia-santiago/la-carrera/"},{"@type":"ListItem","position":3,"name":"Descripción","item":"https://medicina.udd.cl/odontologia-santiago/la-carrera/descripcion/"},{"@type":"ListItem","position":4,"name":"Palabras del Director"}]},{"@type":"WebSite","@id":"https://medicina.udd.cl/odontologia-santiago/#website","url":"https://medicina.udd.cl/odontologia-santiago/","name":"Odontología","description":"Facultad de Medicina Clínica Alemana Universidad del Desarrollo","inLanguage":"es"}]}</script>
<!-- / Yoast SEO plugin. -->

Palabras de la Directora | Carrera de Odontología (Santiago) | UDD

La Dra. Joyce Huberman te invita a estudiar Odontología en la UDD.

Odontología

Descripción

Facultad de Medicina Clínica Alemana Universidad del Desarrollo
