{"id":2233,"date":"2014-05-20T09:29:46","date_gmt":"2014-05-20T13:29:46","guid":{"rendered":"http:\/\/medicina.udd.cl\/odontologia-santiago\/?page_id=2233"},"modified":"2014-05-30T12:59:02","modified_gmt":"2014-05-30T16:59:02","slug":"modulo-odontologico-en-hospital-padre-hurtado","status":"publish","type":"page","link":"https:\/\/medicina.udd.cl\/odontologia-santiago\/clinica-udd-2\/modulo-odontologico-en-hospital-padre-hurtado\/","title":{"rendered":"M\u00f3dulo Odontol\u00f3gico en Hospital Padre Hurtado"},"content":{"rendered":"<p>El M\u00f3dulo Odontol\u00f3gico del Hospital Padre Hurtado complementa la labor docente asistencial de la <a href=\"http:\/\/medicina.udd.cl\/\">Facultad de Medicina CAS-UDD<\/a>, consolid\u00e1ndose principalmente como campo cl\u00ednico para la carrera de Odontolog\u00eda.<\/p>\n<p>Su quehacer viene a integrarse como componente multidisciplinario a la actividad cl\u00ednica, aportando <strong>prevenci\u00f3n, educaci\u00f3n, diagn\u00f3stico y derivaci\u00f3n<\/strong> de diferentes patolog\u00edas bucales.<\/p>\n<p>La red de derivaci\u00f3n se inicia en el <strong>Departamento de la Mujer y el Reci\u00e9n Nacido<\/strong>, otorg\u00e1ndole prioridad a aquellos embarazos de alto riesgo (diabetes gestacional, antecedentes de parto prematuro, hipertensi\u00f3n arterial, entre otros) para la atenci\u00f3n dental.<\/p>\n<p>El m\u00f3dulo cuenta con cuatro box odontol\u00f3gicos, en donde asisten los alumnos de Odontolog\u00eda a realizar su pr\u00e1ctica cl\u00ednica.<\/p>\n<p><strong>Dentro de las actividades acad\u00e9micas que realizan los estudiantes<\/strong>, se consideran:<\/p>\n<ul>\n<li>Integraci\u00f3n a equipos multidisciplinarios de salud, para que apliquen sus habilidades y conocimientos adquiridos en la etapa de formaci\u00f3n de pregrado. Los alumnos realizan atenci\u00f3n odontol\u00f3gica de pacientes comprometidos sist\u00e9micamente.<\/li>\n<li>Desarrollan fichas cl\u00ednicas con un concepto semiol\u00f3gico multidisciplinario y as\u00ed proponer, seg\u00fan los requerimientos del paciente, tratamientos integrales m\u00e9dico-odontol\u00f3gicos.<\/li>\n<li>Los alumnos realizan tratamientos integrales para resolver los problemas de salud de los pacientes, que comprometan el territorio maxilofacial, aplicando lo aprendido durante la carrera y realizar el tratamiento requerido en cada caso.<\/li>\n<li>Los alumnos realizan visitas e instrucciones en prevenci\u00f3n a pacientes de unidad de Riesgo Obst\u00e9trico.<\/li>\n<\/ul>\n","protected":false},"excerpt":{"rendered":"<p>El M\u00f3dulo Odontol\u00f3gico del Hospital Padre Hurtado complementa la labor docente asistencial de la Facultad de Medicina CAS-UDD, consolid\u00e1ndose principalmente como campo cl\u00ednico para la carrera de Odontolog\u00eda. Su quehacer viene a integrarse como componente multidisciplinario a la actividad cl\u00ednica, aportando prevenci\u00f3n, educaci\u00f3n, diagn\u00f3stico y derivaci\u00f3n de diferentes patolog\u00edas bucales. La red de derivaci\u00f3n se [&hellip;]<\/p>\n","protected":false},"author":40,"featured_media":2228,"parent":2231,"menu_order":0,"comment_status":"open","ping_status":"open","template":"","meta":{"footnotes":""},"class_list":["post-2233","page","type-page","status-publish","has-post-thumbnail","hentry"],"yoast_head":"<!-- This site is optimized with the Yoast SEO plugin v26.9 - https:\/\/yoast.com\/product\/yoast-seo-wordpress\/ -->\n<title>M\u00f3dulo Odontol\u00f3gico en Hospital Padre Hurtado - Odontolog\u00eda UDD<\/title>\n<meta name=\"description\" content=\"Conoce la labor docente asistencial de este campo cl\u00ednico exclusivo para la carrera de Odontolog\u00eda de la Facultad de Medicina Cl\u00ednica Alemana UDD.\" \/>\n<meta name=\"robots\" content=\"index, follow, max-snippet:-1, max-image-preview:large, max-video-preview:-1\" \/>\n<link rel=\"canonical\" href=\"https:\/\/medicina.udd.cl\/odontologia-santiago\/clinica-udd-2\/modulo-odontologico-en-hospital-padre-hurtado\/\" \/>\n<meta property=\"og:locale\" content=\"es_ES\" \/>\n<meta property=\"og:type\" content=\"article\" \/>\n<meta property=\"og:title\" content=\"M\u00f3dulo Odontol\u00f3gico en Hospital Padre Hurtado - Odontolog\u00eda UDD\" \/>\n<meta property=\"og:description\" content=\"Conoce la labor docente asistencial de este campo cl\u00ednico exclusivo para la carrera de Odontolog\u00eda de la Facultad de Medicina Cl\u00ednica Alemana UDD.\" \/>\n<meta property=\"og:url\" content=\"https:\/\/medicina.udd.cl\/odontologia-santiago\/clinica-udd-2\/modulo-odontologico-en-hospital-padre-hurtado\/\" \/>\n<meta property=\"og:site_name\" content=\"Odontolog\u00eda\" \/>\n<meta property=\"article:modified_time\" content=\"2014-05-30T16:59:02+00:00\" \/>\n<meta property=\"og:image\" content=\"https:\/\/medicina.udd.cl\/odontologia-santiago\/files\/2014\/05\/Cl\u00ednica-Portada.jpg\" \/>\n\t<meta property=\"og:image:width\" content=\"942\" \/>\n\t<meta property=\"og:image:height\" content=\"408\" \/>\n\t<meta property=\"og:image:type\" content=\"image\/jpeg\" \/>\n<meta name=\"twitter:label1\" content=\"Tiempo de lectura\" \/>\n\t<meta name=\"twitter:data1\" content=\"1 minuto\" \/>\n<script type=\"application\/ld+json\" class=\"yoast-schema-graph\">{\"@context\":\"https:\/\/schema.org\",\"@graph\":[{\"@type\":\"WebPage\",\"@id\":\"https:\/\/medicina.udd.cl\/odontologia-santiago\/clinica-udd-2\/modulo-odontologico-en-hospital-padre-hurtado\/\",\"url\":\"https:\/\/medicina.udd.cl\/odontologia-santiago\/clinica-udd-2\/modulo-odontologico-en-hospital-padre-hurtado\/\",\"name\":\"M\u00f3dulo Odontol\u00f3gico en Hospital Padre Hurtado - Odontolog\u00eda UDD\",\"isPartOf\":{\"@id\":\"https:\/\/medicina.udd.cl\/odontologia-santiago\/#website\"},\"primaryImageOfPage\":{\"@id\":\"https:\/\/medicina.udd.cl\/odontologia-santiago\/clinica-udd-2\/modulo-odontologico-en-hospital-padre-hurtado\/#primaryimage\"},\"image\":{\"@id\":\"https:\/\/medicina.udd.cl\/odontologia-santiago\/clinica-udd-2\/modulo-odontologico-en-hospital-padre-hurtado\/#primaryimage\"},\"thumbnailUrl\":\"https:\/\/medicina.udd.cl\/odontologia-santiago\/files\/2014\/05\/Cl\u00ednica-Portada.jpg\",\"datePublished\":\"2014-05-20T13:29:46+00:00\",\"dateModified\":\"2014-05-30T16:59:02+00:00\",\"description\":\"Conoce la labor docente asistencial de este campo cl\u00ednico exclusivo para la carrera de Odontolog\u00eda de la Facultad de Medicina Cl\u00ednica Alemana UDD.\",\"breadcrumb\":{\"@id\":\"https:\/\/medicina.udd.cl\/odontologia-santiago\/clinica-udd-2\/modulo-odontologico-en-hospital-padre-hurtado\/#breadcrumb\"},\"inLanguage\":\"es\",\"potentialAction\":[{\"@type\":\"ReadAction\",\"target\":[\"https:\/\/medicina.udd.cl\/odontologia-santiago\/clinica-udd-2\/modulo-odontologico-en-hospital-padre-hurtado\/\"]}]},{\"@type\":\"ImageObject\",\"inLanguage\":\"es\",\"@id\":\"https:\/\/medicina.udd.cl\/odontologia-santiago\/clinica-udd-2\/modulo-odontologico-en-hospital-padre-hurtado\/#primaryimage\",\"url\":\"https:\/\/medicina.udd.cl\/odontologia-santiago\/files\/2014\/05\/Cl\u00ednica-Portada.jpg\",\"contentUrl\":\"https:\/\/medicina.udd.cl\/odontologia-santiago\/files\/2014\/05\/Cl\u00ednica-Portada.jpg\",\"width\":942,\"height\":408},{\"@type\":\"BreadcrumbList\",\"@id\":\"https:\/\/medicina.udd.cl\/odontologia-santiago\/clinica-udd-2\/modulo-odontologico-en-hospital-padre-hurtado\/#breadcrumb\",\"itemListElement\":[{\"@type\":\"ListItem\",\"position\":1,\"name\":\"Home\",\"item\":\"https:\/\/medicina.udd.cl\/odontologia-santiago\/\"},{\"@type\":\"ListItem\",\"position\":2,\"name\":\"Cl\u00ednica UDD\",\"item\":\"https:\/\/medicina.udd.cl\/odontologia-santiago\/clinica-udd-2\/\"},{\"@type\":\"ListItem\",\"position\":3,\"name\":\"M\u00f3dulo Odontol\u00f3gico en Hospital Padre Hurtado\"}]},{\"@type\":\"WebSite\",\"@id\":\"https:\/\/medicina.udd.cl\/odontologia-santiago\/#website\",\"url\":\"https:\/\/medicina.udd.cl\/odontologia-santiago\/\",\"name\":\"Odontolog\u00eda\",\"description\":\"Facultad de Medicina Cl\u00ednica Alemana Universidad del Desarrollo\",\"inLanguage\":\"es\"}]}<\/script>\n<!-- \/ Yoast SEO plugin. -->","yoast_head_json":{"title":"M\u00f3dulo Odontol\u00f3gico en Hospital Padre Hurtado - Odontolog\u00eda UDD","description":"Conoce la labor docente asistencial de este campo cl\u00ednico exclusivo para la carrera de Odontolog\u00eda de la Facultad de Medicina Cl\u00ednica Alemana UDD.","robots":{"index":"index","follow":"follow","max-snippet":"max-snippet:-1","max-image-preview":"max-image-preview:large","max-video-preview":"max-video-preview:-1"},"canonical":"https:\/\/medicina.udd.cl\/odontologia-santiago\/clinica-udd-2\/modulo-odontologico-en-hospital-padre-hurtado\/","og_locale":"es_ES","og_type":"article","og_title":"M\u00f3dulo Odontol\u00f3gico en Hospital Padre Hurtado - Odontolog\u00eda UDD","og_description":"Conoce la labor docente asistencial de este campo cl\u00ednico exclusivo para la carrera de Odontolog\u00eda de la Facultad de Medicina Cl\u00ednica Alemana UDD.","og_url":"https:\/\/medicina.udd.cl\/odontologia-santiago\/clinica-udd-2\/modulo-odontologico-en-hospital-padre-hurtado\/","og_site_name":"Odontolog\u00eda","article_modified_time":"2014-05-30T16:59:02+00:00","og_image":[{"width":942,"height":408,"url":"https:\/\/medicina.udd.cl\/odontologia-santiago\/files\/2014\/05\/Cl\u00ednica-Portada.jpg","type":"image\/jpeg"}],"twitter_misc":{"Tiempo de lectura":"1 minuto"},"schema":{"@context":"https:\/\/schema.org","@graph":[{"@type":"WebPage","@id":"https:\/\/medicina.udd.cl\/odontologia-santiago\/clinica-udd-2\/modulo-odontologico-en-hospital-padre-hurtado\/","url":"https:\/\/medicina.udd.cl\/odontologia-santiago\/clinica-udd-2\/modulo-odontologico-en-hospital-padre-hurtado\/","name":"M\u00f3dulo Odontol\u00f3gico en Hospital Padre Hurtado - Odontolog\u00eda UDD","isPartOf":{"@id":"https:\/\/medicina.udd.cl\/odontologia-santiago\/#website"},"primaryImageOfPage":{"@id":"https:\/\/medicina.udd.cl\/odontologia-santiago\/clinica-udd-2\/modulo-odontologico-en-hospital-padre-hurtado\/#primaryimage"},"image":{"@id":"https:\/\/medicina.udd.cl\/odontologia-santiago\/clinica-udd-2\/modulo-odontologico-en-hospital-padre-hurtado\/#primaryimage"},"thumbnailUrl":"https:\/\/medicina.udd.cl\/odontologia-santiago\/files\/2014\/05\/Cl\u00ednica-Portada.jpg","datePublished":"2014-05-20T13:29:46+00:00","dateModified":"2014-05-30T16:59:02+00:00","description":"Conoce la labor docente asistencial de este campo cl\u00ednico exclusivo para la carrera de Odontolog\u00eda de la Facultad de Medicina Cl\u00ednica Alemana UDD.","breadcrumb":{"@id":"https:\/\/medicina.udd.cl\/odontologia-santiago\/clinica-udd-2\/modulo-odontologico-en-hospital-padre-hurtado\/#breadcrumb"},"inLanguage":"es","potentialAction":[{"@type":"ReadAction","target":["https:\/\/medicina.udd.cl\/odontologia-santiago\/clinica-udd-2\/modulo-odontologico-en-hospital-padre-hurtado\/"]}]},{"@type":"ImageObject","inLanguage":"es","@id":"https:\/\/medicina.udd.cl\/odontologia-santiago\/clinica-udd-2\/modulo-odontologico-en-hospital-padre-hurtado\/#primaryimage","url":"https:\/\/medicina.udd.cl\/odontologia-santiago\/files\/2014\/05\/Cl\u00ednica-Portada.jpg","contentUrl":"https:\/\/medicina.udd.cl\/odontologia-santiago\/files\/2014\/05\/Cl\u00ednica-Portada.jpg","width":942,"height":408},{"@type":"BreadcrumbList","@id":"https:\/\/medicina.udd.cl\/odontologia-santiago\/clinica-udd-2\/modulo-odontologico-en-hospital-padre-hurtado\/#breadcrumb","itemListElement":[{"@type":"ListItem","position":1,"name":"Home","item":"https:\/\/medicina.udd.cl\/odontologia-santiago\/"},{"@type":"ListItem","position":2,"name":"Cl\u00ednica UDD","item":"https:\/\/medicina.udd.cl\/odontologia-santiago\/clinica-udd-2\/"},{"@type":"ListItem","position":3,"name":"M\u00f3dulo Odontol\u00f3gico en Hospital Padre Hurtado"}]},{"@type":"WebSite","@id":"https:\/\/medicina.udd.cl\/odontologia-santiago\/#website","url":"https:\/\/medicina.udd.cl\/odontologia-santiago\/","name":"Odontolog\u00eda","description":"Facultad de Medicina Cl\u00ednica Alemana Universidad del Desarrollo","inLanguage":"es"}]}},"_links":{"self":[{"href":"https:\/\/medicina.udd.cl\/odontologia-santiago\/wp-json\/wp\/v2\/pages\/2233","targetHints":{"allow":["GET"]}}],"collection":[{"href":"https:\/\/medicina.udd.cl\/odontologia-santiago\/wp-json\/wp\/v2\/pages"}],"about":[{"href":"https:\/\/medicina.udd.cl\/odontologia-santiago\/wp-json\/wp\/v2\/types\/page"}],"author":[{"embeddable":true,"href":"https:\/\/medicina.udd.cl\/odontologia-santiago\/wp-json\/wp\/v2\/users\/40"}],"replies":[{"embeddable":true,"href":"https:\/\/medicina.udd.cl\/odontologia-santiago\/wp-json\/wp\/v2\/comments?post=2233"}],"version-history":[{"count":11,"href":"https:\/\/medicina.udd.cl\/odontologia-santiago\/wp-json\/wp\/v2\/pages\/2233\/revisions"}],"predecessor-version":[{"id":2380,"href":"https:\/\/medicina.udd.cl\/odontologia-santiago\/wp-json\/wp\/v2\/pages\/2233\/revisions\/2380"}],"up":[{"embeddable":true,"href":"https:\/\/medicina.udd.cl\/odontologia-santiago\/wp-json\/wp\/v2\/pages\/2231"}],"wp:featuredmedia":[{"embeddable":true,"href":"https:\/\/medicina.udd.cl\/odontologia-santiago\/wp-json\/wp\/v2\/media\/2228"}],"wp:attachment":[{"href":"https:\/\/medicina.udd.cl\/odontologia-santiago\/wp-json\/wp\/v2\/media?parent=2233"}],"curies":[{"name":"wp","href":"https:\/\/api.w.org\/{rel}","templated":true}]}}