{"id":2237,"date":"2014-05-07T12:15:56","date_gmt":"2014-05-07T16:15:56","guid":{"rendered":"http:\/\/medicina.udd.cl\/odontologia-santiago\/?page_id=2237"},"modified":"2014-05-20T09:47:41","modified_gmt":"2014-05-20T13:47:41","slug":"caso-clinico-postitulo-periodoncia","status":"publish","type":"page","link":"https:\/\/medicina.udd.cl\/odontologia-santiago\/caso-clinico-postitulo-periodoncia\/","title":{"rendered":"Caso Cl\u00ednico &#8211; Post\u00edtulo de Periodoncia"},"content":{"rendered":"<p>Paciente de sexo masculino de 51 a\u00f1os de edad, que presenta aumento de volumen vestibular y por palatino, causando desplazamiento de las piezas dentales superiores, de 5 meses de evoluci\u00f3n, asintom\u00e1tico.\u00a0Es atendido en el <a href=\"http:\/\/medicina.udd.cl\/postgrado\/periodoncia\/\">Post\u00edtulo de Periodoncia<\/a> por las alumnas Susana Rebolledo y Daniela Orellana bajo la tutor\u00eda del doctor Alfredo Zunino y la doctora Mar\u00eda Paz Rodr\u00edguez.<\/p>\n<p><a href=\"http:\/\/medicina.udd.cl\/odontologia-santiago\/files\/2014\/05\/Caso-Cl\u00ednico-1-Odontolog\u00eda-Postgrado-UDD.jpg\"><img loading=\"lazy\" decoding=\"async\" class=\"aligncenter size-medium wp-image-2238\" alt=\"Caso Cl\u00ednico 1- Odontolog\u00eda Postgrado UDD\" src=\"http:\/\/medicina.udd.cl\/odontologia-santiago\/files\/2014\/05\/Caso-Cl\u00ednico-1-Odontolog\u00eda-Postgrado-UDD-300x200.jpg\" width=\"300\" height=\"200\" \/><\/a><\/p>\n<p>Se le realiza una cirug\u00eda para extraer completamente la lesi\u00f3n (biopsia excisional) y posterior estudio histopatol\u00f3gico para confirmar el diagn\u00f3stico definitivo.<\/p>\n<p><a href=\"http:\/\/medicina.udd.cl\/odontologia-santiago\/files\/2014\/05\/Caso-Cl\u00ednico-2-Odontolog\u00eda-Postgrado-UDD.jpg\"><img loading=\"lazy\" decoding=\"async\" class=\"aligncenter size-medium wp-image-2239\" alt=\"Caso Cl\u00ednico 2- Odontolog\u00eda Postgrado UDD\" src=\"http:\/\/medicina.udd.cl\/odontologia-santiago\/files\/2014\/05\/Caso-Cl\u00ednico-2-Odontolog\u00eda-Postgrado-UDD-300x149.jpg\" width=\"300\" height=\"149\" \/><\/a><\/p>\n","protected":false},"excerpt":{"rendered":"<p>Paciente de sexo masculino de 51 a\u00f1os de edad, que presenta aumento de volumen vestibular y por palatino, causando desplazamiento de las piezas dentales superiores, de 5 meses de evoluci\u00f3n, asintom\u00e1tico.\u00a0Es atendido en el Post\u00edtulo de Periodoncia por las alumnas Susana Rebolledo y Daniela Orellana bajo la tutor\u00eda del doctor Alfredo Zunino y la doctora [&hellip;]<\/p>\n","protected":false},"author":40,"featured_media":2228,"parent":0,"menu_order":0,"comment_status":"open","ping_status":"open","template":"","meta":{"footnotes":""},"class_list":["post-2237","page","type-page","status-publish","has-post-thumbnail","hentry"],"yoast_head":"<!-- This site is optimized with the Yoast SEO plugin v26.9 - https:\/\/yoast.com\/product\/yoast-seo-wordpress\/ -->\n<title>Caso Cl\u00ednico - Post\u00edtulo de Periodoncia - Odontolog\u00eda<\/title>\n<meta name=\"robots\" content=\"index, follow, max-snippet:-1, max-image-preview:large, max-video-preview:-1\" \/>\n<link rel=\"canonical\" href=\"https:\/\/medicina.udd.cl\/odontologia-santiago\/caso-clinico-postitulo-periodoncia\/\" \/>\n<meta property=\"og:locale\" content=\"es_ES\" \/>\n<meta property=\"og:type\" content=\"article\" \/>\n<meta property=\"og:title\" content=\"Caso Cl\u00ednico - Post\u00edtulo de Periodoncia - Odontolog\u00eda\" \/>\n<meta property=\"og:description\" content=\"Paciente de sexo masculino de 51 a\u00f1os de edad, que presenta aumento de volumen vestibular y por palatino, causando desplazamiento de las piezas dentales superiores, de 5 meses de evoluci\u00f3n, asintom\u00e1tico.\u00a0Es atendido en el Post\u00edtulo de Periodoncia por las alumnas Susana Rebolledo y Daniela Orellana bajo la tutor\u00eda del doctor Alfredo Zunino y la doctora [&hellip;]\" \/>\n<meta property=\"og:url\" content=\"https:\/\/medicina.udd.cl\/odontologia-santiago\/caso-clinico-postitulo-periodoncia\/\" \/>\n<meta property=\"og:site_name\" content=\"Odontolog\u00eda\" \/>\n<meta property=\"article:modified_time\" content=\"2014-05-20T13:47:41+00:00\" \/>\n<meta property=\"og:image\" content=\"https:\/\/medicina.udd.cl\/odontologia-santiago\/files\/2014\/05\/Cl\u00ednica-Portada.jpg\" \/>\n\t<meta property=\"og:image:width\" content=\"942\" \/>\n\t<meta property=\"og:image:height\" content=\"408\" \/>\n\t<meta property=\"og:image:type\" content=\"image\/jpeg\" \/>\n<script type=\"application\/ld+json\" class=\"yoast-schema-graph\">{\"@context\":\"https:\/\/schema.org\",\"@graph\":[{\"@type\":\"WebPage\",\"@id\":\"https:\/\/medicina.udd.cl\/odontologia-santiago\/caso-clinico-postitulo-periodoncia\/\",\"url\":\"https:\/\/medicina.udd.cl\/odontologia-santiago\/caso-clinico-postitulo-periodoncia\/\",\"name\":\"Caso Cl\u00ednico - Post\u00edtulo de Periodoncia - Odontolog\u00eda\",\"isPartOf\":{\"@id\":\"https:\/\/medicina.udd.cl\/odontologia-santiago\/#website\"},\"primaryImageOfPage\":{\"@id\":\"https:\/\/medicina.udd.cl\/odontologia-santiago\/caso-clinico-postitulo-periodoncia\/#primaryimage\"},\"image\":{\"@id\":\"https:\/\/medicina.udd.cl\/odontologia-santiago\/caso-clinico-postitulo-periodoncia\/#primaryimage\"},\"thumbnailUrl\":\"https:\/\/medicina.udd.cl\/odontologia-santiago\/files\/2014\/05\/Cl\u00ednica-Portada.jpg\",\"datePublished\":\"2014-05-07T16:15:56+00:00\",\"dateModified\":\"2014-05-20T13:47:41+00:00\",\"breadcrumb\":{\"@id\":\"https:\/\/medicina.udd.cl\/odontologia-santiago\/caso-clinico-postitulo-periodoncia\/#breadcrumb\"},\"inLanguage\":\"es\",\"potentialAction\":[{\"@type\":\"ReadAction\",\"target\":[\"https:\/\/medicina.udd.cl\/odontologia-santiago\/caso-clinico-postitulo-periodoncia\/\"]}]},{\"@type\":\"ImageObject\",\"inLanguage\":\"es\",\"@id\":\"https:\/\/medicina.udd.cl\/odontologia-santiago\/caso-clinico-postitulo-periodoncia\/#primaryimage\",\"url\":\"https:\/\/medicina.udd.cl\/odontologia-santiago\/files\/2014\/05\/Cl\u00ednica-Portada.jpg\",\"contentUrl\":\"https:\/\/medicina.udd.cl\/odontologia-santiago\/files\/2014\/05\/Cl\u00ednica-Portada.jpg\",\"width\":942,\"height\":408},{\"@type\":\"BreadcrumbList\",\"@id\":\"https:\/\/medicina.udd.cl\/odontologia-santiago\/caso-clinico-postitulo-periodoncia\/#breadcrumb\",\"itemListElement\":[{\"@type\":\"ListItem\",\"position\":1,\"name\":\"Home\",\"item\":\"https:\/\/medicina.udd.cl\/odontologia-santiago\/\"},{\"@type\":\"ListItem\",\"position\":2,\"name\":\"Caso Cl\u00ednico &#8211; Post\u00edtulo de Periodoncia\"}]},{\"@type\":\"WebSite\",\"@id\":\"https:\/\/medicina.udd.cl\/odontologia-santiago\/#website\",\"url\":\"https:\/\/medicina.udd.cl\/odontologia-santiago\/\",\"name\":\"Odontolog\u00eda\",\"description\":\"Facultad de Medicina Cl\u00ednica Alemana Universidad del Desarrollo\",\"inLanguage\":\"es\"}]}<\/script>\n<!-- \/ Yoast SEO plugin. -->","yoast_head_json":{"title":"Caso Cl\u00ednico - Post\u00edtulo de Periodoncia - Odontolog\u00eda","robots":{"index":"index","follow":"follow","max-snippet":"max-snippet:-1","max-image-preview":"max-image-preview:large","max-video-preview":"max-video-preview:-1"},"canonical":"https:\/\/medicina.udd.cl\/odontologia-santiago\/caso-clinico-postitulo-periodoncia\/","og_locale":"es_ES","og_type":"article","og_title":"Caso Cl\u00ednico - Post\u00edtulo de Periodoncia - Odontolog\u00eda","og_description":"Paciente de sexo masculino de 51 a\u00f1os de edad, que presenta aumento de volumen vestibular y por palatino, causando desplazamiento de las piezas dentales superiores, de 5 meses de evoluci\u00f3n, asintom\u00e1tico.\u00a0Es atendido en el Post\u00edtulo de Periodoncia por las alumnas Susana Rebolledo y Daniela Orellana bajo la tutor\u00eda del doctor Alfredo Zunino y la doctora [&hellip;]","og_url":"https:\/\/medicina.udd.cl\/odontologia-santiago\/caso-clinico-postitulo-periodoncia\/","og_site_name":"Odontolog\u00eda","article_modified_time":"2014-05-20T13:47:41+00:00","og_image":[{"width":942,"height":408,"url":"https:\/\/medicina.udd.cl\/odontologia-santiago\/files\/2014\/05\/Cl\u00ednica-Portada.jpg","type":"image\/jpeg"}],"schema":{"@context":"https:\/\/schema.org","@graph":[{"@type":"WebPage","@id":"https:\/\/medicina.udd.cl\/odontologia-santiago\/caso-clinico-postitulo-periodoncia\/","url":"https:\/\/medicina.udd.cl\/odontologia-santiago\/caso-clinico-postitulo-periodoncia\/","name":"Caso Cl\u00ednico - Post\u00edtulo de Periodoncia - Odontolog\u00eda","isPartOf":{"@id":"https:\/\/medicina.udd.cl\/odontologia-santiago\/#website"},"primaryImageOfPage":{"@id":"https:\/\/medicina.udd.cl\/odontologia-santiago\/caso-clinico-postitulo-periodoncia\/#primaryimage"},"image":{"@id":"https:\/\/medicina.udd.cl\/odontologia-santiago\/caso-clinico-postitulo-periodoncia\/#primaryimage"},"thumbnailUrl":"https:\/\/medicina.udd.cl\/odontologia-santiago\/files\/2014\/05\/Cl\u00ednica-Portada.jpg","datePublished":"2014-05-07T16:15:56+00:00","dateModified":"2014-05-20T13:47:41+00:00","breadcrumb":{"@id":"https:\/\/medicina.udd.cl\/odontologia-santiago\/caso-clinico-postitulo-periodoncia\/#breadcrumb"},"inLanguage":"es","potentialAction":[{"@type":"ReadAction","target":["https:\/\/medicina.udd.cl\/odontologia-santiago\/caso-clinico-postitulo-periodoncia\/"]}]},{"@type":"ImageObject","inLanguage":"es","@id":"https:\/\/medicina.udd.cl\/odontologia-santiago\/caso-clinico-postitulo-periodoncia\/#primaryimage","url":"https:\/\/medicina.udd.cl\/odontologia-santiago\/files\/2014\/05\/Cl\u00ednica-Portada.jpg","contentUrl":"https:\/\/medicina.udd.cl\/odontologia-santiago\/files\/2014\/05\/Cl\u00ednica-Portada.jpg","width":942,"height":408},{"@type":"BreadcrumbList","@id":"https:\/\/medicina.udd.cl\/odontologia-santiago\/caso-clinico-postitulo-periodoncia\/#breadcrumb","itemListElement":[{"@type":"ListItem","position":1,"name":"Home","item":"https:\/\/medicina.udd.cl\/odontologia-santiago\/"},{"@type":"ListItem","position":2,"name":"Caso Cl\u00ednico &#8211; Post\u00edtulo de Periodoncia"}]},{"@type":"WebSite","@id":"https:\/\/medicina.udd.cl\/odontologia-santiago\/#website","url":"https:\/\/medicina.udd.cl\/odontologia-santiago\/","name":"Odontolog\u00eda","description":"Facultad de Medicina Cl\u00ednica Alemana Universidad del Desarrollo","inLanguage":"es"}]}},"_links":{"self":[{"href":"https:\/\/medicina.udd.cl\/odontologia-santiago\/wp-json\/wp\/v2\/pages\/2237","targetHints":{"allow":["GET"]}}],"collection":[{"href":"https:\/\/medicina.udd.cl\/odontologia-santiago\/wp-json\/wp\/v2\/pages"}],"about":[{"href":"https:\/\/medicina.udd.cl\/odontologia-santiago\/wp-json\/wp\/v2\/types\/page"}],"author":[{"embeddable":true,"href":"https:\/\/medicina.udd.cl\/odontologia-santiago\/wp-json\/wp\/v2\/users\/40"}],"replies":[{"embeddable":true,"href":"https:\/\/medicina.udd.cl\/odontologia-santiago\/wp-json\/wp\/v2\/comments?post=2237"}],"version-history":[{"count":34,"href":"https:\/\/medicina.udd.cl\/odontologia-santiago\/wp-json\/wp\/v2\/pages\/2237\/revisions"}],"predecessor-version":[{"id":2354,"href":"https:\/\/medicina.udd.cl\/odontologia-santiago\/wp-json\/wp\/v2\/pages\/2237\/revisions\/2354"}],"wp:featuredmedia":[{"embeddable":true,"href":"https:\/\/medicina.udd.cl\/odontologia-santiago\/wp-json\/wp\/v2\/media\/2228"}],"wp:attachment":[{"href":"https:\/\/medicina.udd.cl\/odontologia-santiago\/wp-json\/wp\/v2\/media?parent=2237"}],"curies":[{"name":"wp","href":"https:\/\/api.w.org\/{rel}","templated":true}]}}

Caso Clínico &#8211; Postítulo de Periodoncia

<p>Paciente de sexo masculino de 51 años de edad, que presenta aumento de volumen vestibular y por palatino, causando desplazamiento de las piezas dentales superiores, de 5 meses de evolución, asintomático. Es atendido en el <a href="http://medicina.udd.cl/postgrado/periodoncia/">Postítulo de Periodoncia</a> por las alumnas Susana Rebolledo y Daniela Orellana bajo la tutoría del doctor Alfredo Zunino y la doctora María Paz Rodríguez.</p>
<p><a href="http://medicina.udd.cl/odontologia-santiago/files/2014/05/Caso-Clínico-1-Odontología-Postgrado-UDD.jpg"><img loading="lazy" decoding="async" class="aligncenter size-medium wp-image-2238" alt="Caso Clínico 1- Odontología Postgrado UDD" src="http://medicina.udd.cl/odontologia-santiago/files/2014/05/Caso-Clínico-1-Odontología-Postgrado-UDD-300x200.jpg" width="300" height="200" /></a></p>
<p>Se le realiza una cirugía para extraer completamente la lesión (biopsia excisional) y posterior estudio histopatológico para confirmar el diagnóstico definitivo.</p>
<p><a href="http://medicina.udd.cl/odontologia-santiago/files/2014/05/Caso-Clínico-2-Odontología-Postgrado-UDD.jpg"><img loading="lazy" decoding="async" class="aligncenter size-medium wp-image-2239" alt="Caso Clínico 2- Odontología Postgrado UDD" src="http://medicina.udd.cl/odontologia-santiago/files/2014/05/Caso-Clínico-2-Odontología-Postgrado-UDD-300x149.jpg" width="300" height="149" /></a></p>

<p>Paciente de sexo masculino de 51 años de edad, que presenta aumento de volumen vestibular y por palatino, causando desplazamiento de las piezas dentales superiores, de 5 meses de evolución, asintomático. Es atendido en el Postítulo de Periodoncia por las alumnas Susana Rebolledo y Daniela Orellana bajo la tutoría del doctor Alfredo Zunino y la doctora [&hellip;]</p>

<!-- This site is optimized with the Yoast SEO plugin v26.9 - https://yoast.com/product/yoast-seo-wordpress/ -->
<title>Caso Clínico - Postítulo de Periodoncia - Odontología</title>
<meta name="robots" content="index, follow, max-snippet:-1, max-image-preview:large, max-video-preview:-1" />
<link rel="canonical" href="https://medicina.udd.cl/odontologia-santiago/caso-clinico-postitulo-periodoncia/" />
<meta property="og:locale" content="es_ES" />
<meta property="og:type" content="article" />
<meta property="og:title" content="Caso Clínico - Postítulo de Periodoncia - Odontología" />
<meta property="og:description" content="Paciente de sexo masculino de 51 años de edad, que presenta aumento de volumen vestibular y por palatino, causando desplazamiento de las piezas dentales superiores, de 5 meses de evolución, asintomático. Es atendido en el Postítulo de Periodoncia por las alumnas Susana Rebolledo y Daniela Orellana bajo la tutoría del doctor Alfredo Zunino y la doctora [&hellip;]" />
<meta property="og:url" content="https://medicina.udd.cl/odontologia-santiago/caso-clinico-postitulo-periodoncia/" />
<meta property="og:site_name" content="Odontología" />
<meta property="article:modified_time" content="2014-05-20T13:47:41+00:00" />
<meta property="og:image" content="https://medicina.udd.cl/odontologia-santiago/files/2014/05/Clínica-Portada.jpg" />
	<meta property="og:image:width" content="942" />
	<meta property="og:image:height" content="408" />
	<meta property="og:image:type" content="image/jpeg" />
<script type="application/ld+json" class="yoast-schema-graph">{"@context":"https://schema.org","@graph":[{"@type":"WebPage","@id":"https://medicina.udd.cl/odontologia-santiago/caso-clinico-postitulo-periodoncia/","url":"https://medicina.udd.cl/odontologia-santiago/caso-clinico-postitulo-periodoncia/","name":"Caso Clínico - Postítulo de Periodoncia - Odontología","isPartOf":{"@id":"https://medicina.udd.cl/odontologia-santiago/#website"},"primaryImageOfPage":{"@id":"https://medicina.udd.cl/odontologia-santiago/caso-clinico-postitulo-periodoncia/#primaryimage"},"image":{"@id":"https://medicina.udd.cl/odontologia-santiago/caso-clinico-postitulo-periodoncia/#primaryimage"},"thumbnailUrl":"https://medicina.udd.cl/odontologia-santiago/files/2014/05/Clínica-Portada.jpg","datePublished":"2014-05-07T16:15:56+00:00","dateModified":"2014-05-20T13:47:41+00:00","breadcrumb":{"@id":"https://medicina.udd.cl/odontologia-santiago/caso-clinico-postitulo-periodoncia/#breadcrumb"},"inLanguage":"es","potentialAction":[{"@type":"ReadAction","target":["https://medicina.udd.cl/odontologia-santiago/caso-clinico-postitulo-periodoncia/"]}]},{"@type":"ImageObject","inLanguage":"es","@id":"https://medicina.udd.cl/odontologia-santiago/caso-clinico-postitulo-periodoncia/#primaryimage","url":"https://medicina.udd.cl/odontologia-santiago/files/2014/05/Clínica-Portada.jpg","contentUrl":"https://medicina.udd.cl/odontologia-santiago/files/2014/05/Clínica-Portada.jpg","width":942,"height":408},{"@type":"BreadcrumbList","@id":"https://medicina.udd.cl/odontologia-santiago/caso-clinico-postitulo-periodoncia/#breadcrumb","itemListElement":[{"@type":"ListItem","position":1,"name":"Home","item":"https://medicina.udd.cl/odontologia-santiago/"},{"@type":"ListItem","position":2,"name":"Caso Clínico &#8211; Postítulo de Periodoncia"}]},{"@type":"WebSite","@id":"https://medicina.udd.cl/odontologia-santiago/#website","url":"https://medicina.udd.cl/odontologia-santiago/","name":"Odontología","description":"Facultad de Medicina Clínica Alemana Universidad del Desarrollo","inLanguage":"es"}]}</script>
<!-- / Yoast SEO plugin. -->

Caso Clínico - Postítulo de Periodoncia - Odontología

Paciente de sexo masculino de 51 años de edad, que presenta aumento de volumen vestibular y por palatino, causando desplazamiento de las piezas dentales superiores, de 5 meses de evolución, asintomático. Es atendido en el Postítulo de Periodoncia por las alumnas Susana Rebolledo y Daniela Orellana bajo la tutoría del doctor Alfredo Zunino y la doctora [&hellip;]

Odontología

https://medicina.udd.cl/odontologia-santiago/files/2014/05/Clínica-Portada.jpg

Facultad de Medicina Clínica Alemana Universidad del Desarrollo
