{"id":2303,"date":"2014-05-20T09:45:53","date_gmt":"2014-05-20T13:45:53","guid":{"rendered":"http:\/\/medicina.udd.cl\/odontologia-santiago\/?page_id=2303"},"modified":"2014-05-20T09:45:53","modified_gmt":"2014-05-20T13:45:53","slug":"caso-clinico-rehabilitacion-oral","status":"publish","type":"page","link":"https:\/\/medicina.udd.cl\/odontologia-santiago\/caso-clinico-rehabilitacion-oral\/","title":{"rendered":"Caso Cl\u00ednico &#8211; Rehabilitaci\u00f3n Oral"},"content":{"rendered":"<div>Paciente de sexo femenino de 46 a\u00f1os, ASA II (hipertensa), desdentada parcial superior Clase II Kennedy modificaci\u00f3n 3 y clase III inferior, poliobturaciones. Paciente acude a la cl\u00ednica porque le acompleja su sonrisa y para cambiarse unas coronas.<\/div>\n<div><a href=\"http:\/\/medicina.udd.cl\/odontologia-santiago\/files\/2014\/05\/Caso-Cl\u00ednico-Rehabilitaci\u00f3n-Oral-Antes.jpg\"><img loading=\"lazy\" decoding=\"async\" class=\"aligncenter\" alt=\"Caso Cl\u00ednico Rehabilitaci\u00f3n Oral - Antes\" src=\"http:\/\/medicina.udd.cl\/odontologia-santiago\/files\/2014\/05\/Caso-Cl\u00ednico-Rehabilitaci\u00f3n-Oral-Antes-300x125.jpg\" width=\"300\" height=\"125\" \/><\/a><\/div>\n<div><\/div>\n<div>El Plan de Tratamiento consisti\u00f3 en Destartajes (Periodoncia); tratamiento endod\u00f3ntico de pieza 3.5 (Endondocia); restauraci\u00f3n de composite e incrustaci\u00f3n tipo inlay (Operatoria); y PFU en piezas 1.1, 2.1 y 2.2 (Rehabilitaci\u00f3n).<\/div>\n<div><a href=\"http:\/\/medicina.udd.cl\/odontologia-santiago\/files\/2014\/05\/Caso-Cl\u00ednico-Rehabilitaci\u00f3n-Oral-Despu\u00e9s-.jpg\"><img loading=\"lazy\" decoding=\"async\" class=\"aligncenter\" alt=\"Caso Cl\u00ednico Rehabilitaci\u00f3n Oral - Despu\u00e9s\" src=\"http:\/\/medicina.udd.cl\/odontologia-santiago\/files\/2014\/05\/Caso-Cl\u00ednico-Rehabilitaci\u00f3n-Oral-Despu\u00e9s--300x171.jpg\" width=\"300\" height=\"171\" \/><\/a><\/div>\n<div><\/div>\n","protected":false},"excerpt":{"rendered":"<p>Paciente de sexo femenino de 46 a\u00f1os, ASA II (hipertensa), desdentada parcial superior Clase II Kennedy modificaci\u00f3n 3 y clase III inferior, poliobturaciones. Paciente acude a la cl\u00ednica porque le acompleja su sonrisa y para cambiarse unas coronas. El Plan de Tratamiento consisti\u00f3 en Destartajes (Periodoncia); tratamiento endod\u00f3ntico de pieza 3.5 (Endondocia); restauraci\u00f3n de composite [&hellip;]<\/p>\n","protected":false},"author":40,"featured_media":2228,"parent":0,"menu_order":0,"comment_status":"open","ping_status":"open","template":"","meta":{"footnotes":""},"class_list":["post-2303","page","type-page","status-publish","has-post-thumbnail","hentry"],"yoast_head":"<!-- This site is optimized with the Yoast SEO plugin v26.9 - https:\/\/yoast.com\/product\/yoast-seo-wordpress\/ -->\n<title>Caso Cl\u00ednico - Rehabilitaci\u00f3n Oral - Odontolog\u00eda<\/title>\n<meta name=\"robots\" content=\"index, follow, max-snippet:-1, max-image-preview:large, max-video-preview:-1\" \/>\n<link rel=\"canonical\" href=\"https:\/\/medicina.udd.cl\/odontologia-santiago\/caso-clinico-rehabilitacion-oral\/\" \/>\n<meta property=\"og:locale\" content=\"es_ES\" \/>\n<meta property=\"og:type\" content=\"article\" \/>\n<meta property=\"og:title\" content=\"Caso Cl\u00ednico - Rehabilitaci\u00f3n Oral - Odontolog\u00eda\" \/>\n<meta property=\"og:description\" content=\"Paciente de sexo femenino de 46 a\u00f1os, ASA II (hipertensa), desdentada parcial superior Clase II Kennedy modificaci\u00f3n 3 y clase III inferior, poliobturaciones. Paciente acude a la cl\u00ednica porque le acompleja su sonrisa y para cambiarse unas coronas. El Plan de Tratamiento consisti\u00f3 en Destartajes (Periodoncia); tratamiento endod\u00f3ntico de pieza 3.5 (Endondocia); restauraci\u00f3n de composite [&hellip;]\" \/>\n<meta property=\"og:url\" content=\"https:\/\/medicina.udd.cl\/odontologia-santiago\/caso-clinico-rehabilitacion-oral\/\" \/>\n<meta property=\"og:site_name\" content=\"Odontolog\u00eda\" \/>\n<meta property=\"og:image\" content=\"https:\/\/medicina.udd.cl\/odontologia-santiago\/files\/2014\/05\/Cl\u00ednica-Portada.jpg\" \/>\n\t<meta property=\"og:image:width\" content=\"942\" \/>\n\t<meta property=\"og:image:height\" content=\"408\" \/>\n\t<meta property=\"og:image:type\" content=\"image\/jpeg\" \/>\n<script type=\"application\/ld+json\" class=\"yoast-schema-graph\">{\"@context\":\"https:\/\/schema.org\",\"@graph\":[{\"@type\":\"WebPage\",\"@id\":\"https:\/\/medicina.udd.cl\/odontologia-santiago\/caso-clinico-rehabilitacion-oral\/\",\"url\":\"https:\/\/medicina.udd.cl\/odontologia-santiago\/caso-clinico-rehabilitacion-oral\/\",\"name\":\"Caso Cl\u00ednico - Rehabilitaci\u00f3n Oral - Odontolog\u00eda\",\"isPartOf\":{\"@id\":\"https:\/\/medicina.udd.cl\/odontologia-santiago\/#website\"},\"primaryImageOfPage\":{\"@id\":\"https:\/\/medicina.udd.cl\/odontologia-santiago\/caso-clinico-rehabilitacion-oral\/#primaryimage\"},\"image\":{\"@id\":\"https:\/\/medicina.udd.cl\/odontologia-santiago\/caso-clinico-rehabilitacion-oral\/#primaryimage\"},\"thumbnailUrl\":\"https:\/\/medicina.udd.cl\/odontologia-santiago\/files\/2014\/05\/Cl\u00ednica-Portada.jpg\",\"datePublished\":\"2014-05-20T13:45:53+00:00\",\"breadcrumb\":{\"@id\":\"https:\/\/medicina.udd.cl\/odontologia-santiago\/caso-clinico-rehabilitacion-oral\/#breadcrumb\"},\"inLanguage\":\"es\",\"potentialAction\":[{\"@type\":\"ReadAction\",\"target\":[\"https:\/\/medicina.udd.cl\/odontologia-santiago\/caso-clinico-rehabilitacion-oral\/\"]}]},{\"@type\":\"ImageObject\",\"inLanguage\":\"es\",\"@id\":\"https:\/\/medicina.udd.cl\/odontologia-santiago\/caso-clinico-rehabilitacion-oral\/#primaryimage\",\"url\":\"https:\/\/medicina.udd.cl\/odontologia-santiago\/files\/2014\/05\/Cl\u00ednica-Portada.jpg\",\"contentUrl\":\"https:\/\/medicina.udd.cl\/odontologia-santiago\/files\/2014\/05\/Cl\u00ednica-Portada.jpg\",\"width\":942,\"height\":408},{\"@type\":\"BreadcrumbList\",\"@id\":\"https:\/\/medicina.udd.cl\/odontologia-santiago\/caso-clinico-rehabilitacion-oral\/#breadcrumb\",\"itemListElement\":[{\"@type\":\"ListItem\",\"position\":1,\"name\":\"Home\",\"item\":\"https:\/\/medicina.udd.cl\/odontologia-santiago\/\"},{\"@type\":\"ListItem\",\"position\":2,\"name\":\"Caso Cl\u00ednico &#8211; Rehabilitaci\u00f3n Oral\"}]},{\"@type\":\"WebSite\",\"@id\":\"https:\/\/medicina.udd.cl\/odontologia-santiago\/#website\",\"url\":\"https:\/\/medicina.udd.cl\/odontologia-santiago\/\",\"name\":\"Odontolog\u00eda\",\"description\":\"Facultad de Medicina Cl\u00ednica Alemana Universidad del Desarrollo\",\"inLanguage\":\"es\"}]}<\/script>\n<!-- \/ Yoast SEO plugin. -->","yoast_head_json":{"title":"Caso Cl\u00ednico - Rehabilitaci\u00f3n Oral - Odontolog\u00eda","robots":{"index":"index","follow":"follow","max-snippet":"max-snippet:-1","max-image-preview":"max-image-preview:large","max-video-preview":"max-video-preview:-1"},"canonical":"https:\/\/medicina.udd.cl\/odontologia-santiago\/caso-clinico-rehabilitacion-oral\/","og_locale":"es_ES","og_type":"article","og_title":"Caso Cl\u00ednico - Rehabilitaci\u00f3n Oral - Odontolog\u00eda","og_description":"Paciente de sexo femenino de 46 a\u00f1os, ASA II (hipertensa), desdentada parcial superior Clase II Kennedy modificaci\u00f3n 3 y clase III inferior, poliobturaciones. Paciente acude a la cl\u00ednica porque le acompleja su sonrisa y para cambiarse unas coronas. El Plan de Tratamiento consisti\u00f3 en Destartajes (Periodoncia); tratamiento endod\u00f3ntico de pieza 3.5 (Endondocia); restauraci\u00f3n de composite [&hellip;]","og_url":"https:\/\/medicina.udd.cl\/odontologia-santiago\/caso-clinico-rehabilitacion-oral\/","og_site_name":"Odontolog\u00eda","og_image":[{"width":942,"height":408,"url":"https:\/\/medicina.udd.cl\/odontologia-santiago\/files\/2014\/05\/Cl\u00ednica-Portada.jpg","type":"image\/jpeg"}],"schema":{"@context":"https:\/\/schema.org","@graph":[{"@type":"WebPage","@id":"https:\/\/medicina.udd.cl\/odontologia-santiago\/caso-clinico-rehabilitacion-oral\/","url":"https:\/\/medicina.udd.cl\/odontologia-santiago\/caso-clinico-rehabilitacion-oral\/","name":"Caso Cl\u00ednico - Rehabilitaci\u00f3n Oral - Odontolog\u00eda","isPartOf":{"@id":"https:\/\/medicina.udd.cl\/odontologia-santiago\/#website"},"primaryImageOfPage":{"@id":"https:\/\/medicina.udd.cl\/odontologia-santiago\/caso-clinico-rehabilitacion-oral\/#primaryimage"},"image":{"@id":"https:\/\/medicina.udd.cl\/odontologia-santiago\/caso-clinico-rehabilitacion-oral\/#primaryimage"},"thumbnailUrl":"https:\/\/medicina.udd.cl\/odontologia-santiago\/files\/2014\/05\/Cl\u00ednica-Portada.jpg","datePublished":"2014-05-20T13:45:53+00:00","breadcrumb":{"@id":"https:\/\/medicina.udd.cl\/odontologia-santiago\/caso-clinico-rehabilitacion-oral\/#breadcrumb"},"inLanguage":"es","potentialAction":[{"@type":"ReadAction","target":["https:\/\/medicina.udd.cl\/odontologia-santiago\/caso-clinico-rehabilitacion-oral\/"]}]},{"@type":"ImageObject","inLanguage":"es","@id":"https:\/\/medicina.udd.cl\/odontologia-santiago\/caso-clinico-rehabilitacion-oral\/#primaryimage","url":"https:\/\/medicina.udd.cl\/odontologia-santiago\/files\/2014\/05\/Cl\u00ednica-Portada.jpg","contentUrl":"https:\/\/medicina.udd.cl\/odontologia-santiago\/files\/2014\/05\/Cl\u00ednica-Portada.jpg","width":942,"height":408},{"@type":"BreadcrumbList","@id":"https:\/\/medicina.udd.cl\/odontologia-santiago\/caso-clinico-rehabilitacion-oral\/#breadcrumb","itemListElement":[{"@type":"ListItem","position":1,"name":"Home","item":"https:\/\/medicina.udd.cl\/odontologia-santiago\/"},{"@type":"ListItem","position":2,"name":"Caso Cl\u00ednico &#8211; Rehabilitaci\u00f3n Oral"}]},{"@type":"WebSite","@id":"https:\/\/medicina.udd.cl\/odontologia-santiago\/#website","url":"https:\/\/medicina.udd.cl\/odontologia-santiago\/","name":"Odontolog\u00eda","description":"Facultad de Medicina Cl\u00ednica Alemana Universidad del Desarrollo","inLanguage":"es"}]}},"_links":{"self":[{"href":"https:\/\/medicina.udd.cl\/odontologia-santiago\/wp-json\/wp\/v2\/pages\/2303","targetHints":{"allow":["GET"]}}],"collection":[{"href":"https:\/\/medicina.udd.cl\/odontologia-santiago\/wp-json\/wp\/v2\/pages"}],"about":[{"href":"https:\/\/medicina.udd.cl\/odontologia-santiago\/wp-json\/wp\/v2\/types\/page"}],"author":[{"embeddable":true,"href":"https:\/\/medicina.udd.cl\/odontologia-santiago\/wp-json\/wp\/v2\/users\/40"}],"replies":[{"embeddable":true,"href":"https:\/\/medicina.udd.cl\/odontologia-santiago\/wp-json\/wp\/v2\/comments?post=2303"}],"version-history":[{"count":3,"href":"https:\/\/medicina.udd.cl\/odontologia-santiago\/wp-json\/wp\/v2\/pages\/2303\/revisions"}],"predecessor-version":[{"id":2352,"href":"https:\/\/medicina.udd.cl\/odontologia-santiago\/wp-json\/wp\/v2\/pages\/2303\/revisions\/2352"}],"wp:featuredmedia":[{"embeddable":true,"href":"https:\/\/medicina.udd.cl\/odontologia-santiago\/wp-json\/wp\/v2\/media\/2228"}],"wp:attachment":[{"href":"https:\/\/medicina.udd.cl\/odontologia-santiago\/wp-json\/wp\/v2\/media?parent=2303"}],"curies":[{"name":"wp","href":"https:\/\/api.w.org\/{rel}","templated":true}]}}

Caso Clínico &#8211; Rehabilitación Oral

<div>Paciente de sexo femenino de 46 años, ASA II (hipertensa), desdentada parcial superior Clase II Kennedy modificación 3 y clase III inferior, poliobturaciones. Paciente acude a la clínica porque le acompleja su sonrisa y para cambiarse unas coronas.</div>
<div><a href="http://medicina.udd.cl/odontologia-santiago/files/2014/05/Caso-Clínico-Rehabilitación-Oral-Antes.jpg"><img loading="lazy" decoding="async" class="aligncenter" alt="Caso Clínico Rehabilitación Oral - Antes" src="http://medicina.udd.cl/odontologia-santiago/files/2014/05/Caso-Clínico-Rehabilitación-Oral-Antes-300x125.jpg" width="300" height="125" /></a></div>
<div></div>
<div>El Plan de Tratamiento consistió en Destartajes (Periodoncia); tratamiento endodóntico de pieza 3.5 (Endondocia); restauración de composite e incrustación tipo inlay (Operatoria); y PFU en piezas 1.1, 2.1 y 2.2 (Rehabilitación).</div>
<div><a href="http://medicina.udd.cl/odontologia-santiago/files/2014/05/Caso-Clínico-Rehabilitación-Oral-Después-.jpg"><img loading="lazy" decoding="async" class="aligncenter" alt="Caso Clínico Rehabilitación Oral - Después" src="http://medicina.udd.cl/odontologia-santiago/files/2014/05/Caso-Clínico-Rehabilitación-Oral-Después--300x171.jpg" width="300" height="171" /></a></div>
<div></div>

<p>Paciente de sexo femenino de 46 años, ASA II (hipertensa), desdentada parcial superior Clase II Kennedy modificación 3 y clase III inferior, poliobturaciones. Paciente acude a la clínica porque le acompleja su sonrisa y para cambiarse unas coronas. El Plan de Tratamiento consistió en Destartajes (Periodoncia); tratamiento endodóntico de pieza 3.5 (Endondocia); restauración de composite [&hellip;]</p>

<!-- This site is optimized with the Yoast SEO plugin v26.9 - https://yoast.com/product/yoast-seo-wordpress/ -->
<title>Caso Clínico - Rehabilitación Oral - Odontología</title>
<meta name="robots" content="index, follow, max-snippet:-1, max-image-preview:large, max-video-preview:-1" />
<link rel="canonical" href="https://medicina.udd.cl/odontologia-santiago/caso-clinico-rehabilitacion-oral/" />
<meta property="og:locale" content="es_ES" />
<meta property="og:type" content="article" />
<meta property="og:title" content="Caso Clínico - Rehabilitación Oral - Odontología" />
<meta property="og:description" content="Paciente de sexo femenino de 46 años, ASA II (hipertensa), desdentada parcial superior Clase II Kennedy modificación 3 y clase III inferior, poliobturaciones. Paciente acude a la clínica porque le acompleja su sonrisa y para cambiarse unas coronas. El Plan de Tratamiento consistió en Destartajes (Periodoncia); tratamiento endodóntico de pieza 3.5 (Endondocia); restauración de composite [&hellip;]" />
<meta property="og:url" content="https://medicina.udd.cl/odontologia-santiago/caso-clinico-rehabilitacion-oral/" />
<meta property="og:site_name" content="Odontología" />
<meta property="og:image" content="https://medicina.udd.cl/odontologia-santiago/files/2014/05/Clínica-Portada.jpg" />
	<meta property="og:image:width" content="942" />
	<meta property="og:image:height" content="408" />
	<meta property="og:image:type" content="image/jpeg" />
<script type="application/ld+json" class="yoast-schema-graph">{"@context":"https://schema.org","@graph":[{"@type":"WebPage","@id":"https://medicina.udd.cl/odontologia-santiago/caso-clinico-rehabilitacion-oral/","url":"https://medicina.udd.cl/odontologia-santiago/caso-clinico-rehabilitacion-oral/","name":"Caso Clínico - Rehabilitación Oral - Odontología","isPartOf":{"@id":"https://medicina.udd.cl/odontologia-santiago/#website"},"primaryImageOfPage":{"@id":"https://medicina.udd.cl/odontologia-santiago/caso-clinico-rehabilitacion-oral/#primaryimage"},"image":{"@id":"https://medicina.udd.cl/odontologia-santiago/caso-clinico-rehabilitacion-oral/#primaryimage"},"thumbnailUrl":"https://medicina.udd.cl/odontologia-santiago/files/2014/05/Clínica-Portada.jpg","datePublished":"2014-05-20T13:45:53+00:00","breadcrumb":{"@id":"https://medicina.udd.cl/odontologia-santiago/caso-clinico-rehabilitacion-oral/#breadcrumb"},"inLanguage":"es","potentialAction":[{"@type":"ReadAction","target":["https://medicina.udd.cl/odontologia-santiago/caso-clinico-rehabilitacion-oral/"]}]},{"@type":"ImageObject","inLanguage":"es","@id":"https://medicina.udd.cl/odontologia-santiago/caso-clinico-rehabilitacion-oral/#primaryimage","url":"https://medicina.udd.cl/odontologia-santiago/files/2014/05/Clínica-Portada.jpg","contentUrl":"https://medicina.udd.cl/odontologia-santiago/files/2014/05/Clínica-Portada.jpg","width":942,"height":408},{"@type":"BreadcrumbList","@id":"https://medicina.udd.cl/odontologia-santiago/caso-clinico-rehabilitacion-oral/#breadcrumb","itemListElement":[{"@type":"ListItem","position":1,"name":"Home","item":"https://medicina.udd.cl/odontologia-santiago/"},{"@type":"ListItem","position":2,"name":"Caso Clínico &#8211; Rehabilitación Oral"}]},{"@type":"WebSite","@id":"https://medicina.udd.cl/odontologia-santiago/#website","url":"https://medicina.udd.cl/odontologia-santiago/","name":"Odontología","description":"Facultad de Medicina Clínica Alemana Universidad del Desarrollo","inLanguage":"es"}]}</script>
<!-- / Yoast SEO plugin. -->

Caso Clínico - Rehabilitación Oral - Odontología

Paciente de sexo femenino de 46 años, ASA II (hipertensa), desdentada parcial superior Clase II Kennedy modificación 3 y clase III inferior, poliobturaciones. Paciente acude a la clínica porque le acompleja su sonrisa y para cambiarse unas coronas. El Plan de Tratamiento consistió en Destartajes (Periodoncia); tratamiento endodóntico de pieza 3.5 (Endondocia); restauración de composite [&hellip;]

Odontología

https://medicina.udd.cl/odontologia-santiago/files/2014/05/Clínica-Portada.jpg

Facultad de Medicina Clínica Alemana Universidad del Desarrollo
