{"id":2307,"date":"2014-05-20T09:30:32","date_gmt":"2014-05-20T13:30:32","guid":{"rendered":"http:\/\/medicina.udd.cl\/odontologia-santiago\/?page_id=2307"},"modified":"2014-05-30T12:58:31","modified_gmt":"2014-05-30T16:58:31","slug":"casos-clinicos","status":"publish","type":"page","link":"https:\/\/medicina.udd.cl\/odontologia-santiago\/clinica-udd-2\/casos-clinicos\/","title":{"rendered":"Casos Cl\u00ednicos"},"content":{"rendered":"<p>Aqu\u00ed podr\u00e1s conocer algunos de los tratamientos dentales que se realizan en Cl\u00ednica UDD, tanto en los programas de Postgrado como en atenciones ambulatorias generales.<\/p>\n<ul>\n<li><a href=\"http:\/\/medicina.udd.cl\/odontologia-santiago\/caso-clinico-rehabilitacion-oral\/\">Rehabilitaci\u00f3n Oral<\/a><\/li>\n<li><a href=\"http:\/\/medicina.udd.cl\/odontologia-santiago\/caso-clinico-postitulo-periodoncia\/\">Post\u00edtulo de Periodoncia<\/a><\/li>\n<\/ul>\n<p>&nbsp;<\/p>\n","protected":false},"excerpt":{"rendered":"<p>Aqu\u00ed podr\u00e1s conocer algunos de los tratamientos dentales que se realizan en Cl\u00ednica UDD, tanto en los programas de Postgrado como en atenciones ambulatorias generales. Rehabilitaci\u00f3n Oral Post\u00edtulo de Periodoncia &nbsp;<\/p>\n","protected":false},"author":40,"featured_media":2228,"parent":2231,"menu_order":0,"comment_status":"open","ping_status":"open","template":"","meta":{"footnotes":""},"class_list":["post-2307","page","type-page","status-publish","has-post-thumbnail","hentry"],"yoast_head":"<!-- This site is optimized with the Yoast SEO plugin v26.9 - https:\/\/yoast.com\/product\/yoast-seo-wordpress\/ -->\n<title>Casos Cl\u00ednicos Cl\u00ednica UDD - Odontolog\u00eda Facultad de Medicina CAS UDD<\/title>\n<meta name=\"description\" content=\"Conoce algunos casos cl\u00ednicos realizados por nuestros estudiantes y docentes de Pre y Postgrado en Cl\u00ednica UDD de La Florida.\" \/>\n<meta name=\"robots\" content=\"index, follow, max-snippet:-1, max-image-preview:large, max-video-preview:-1\" \/>\n<link rel=\"canonical\" href=\"https:\/\/medicina.udd.cl\/odontologia-santiago\/clinica-udd-2\/casos-clinicos\/\" \/>\n<meta property=\"og:locale\" content=\"es_ES\" \/>\n<meta property=\"og:type\" content=\"article\" \/>\n<meta property=\"og:title\" content=\"Casos Cl\u00ednicos Cl\u00ednica UDD - Odontolog\u00eda Facultad de Medicina CAS UDD\" \/>\n<meta property=\"og:description\" content=\"Conoce algunos casos cl\u00ednicos realizados por nuestros estudiantes y docentes de Pre y Postgrado en Cl\u00ednica UDD de La Florida.\" \/>\n<meta property=\"og:url\" content=\"https:\/\/medicina.udd.cl\/odontologia-santiago\/clinica-udd-2\/casos-clinicos\/\" \/>\n<meta property=\"og:site_name\" content=\"Odontolog\u00eda\" \/>\n<meta property=\"article:modified_time\" content=\"2014-05-30T16:58:31+00:00\" \/>\n<meta property=\"og:image\" content=\"https:\/\/medicina.udd.cl\/odontologia-santiago\/files\/2014\/05\/Cl\u00ednica-Portada.jpg\" \/>\n\t<meta property=\"og:image:width\" content=\"942\" \/>\n\t<meta property=\"og:image:height\" content=\"408\" \/>\n\t<meta property=\"og:image:type\" content=\"image\/jpeg\" \/>\n<script type=\"application\/ld+json\" class=\"yoast-schema-graph\">{\"@context\":\"https:\/\/schema.org\",\"@graph\":[{\"@type\":\"WebPage\",\"@id\":\"https:\/\/medicina.udd.cl\/odontologia-santiago\/clinica-udd-2\/casos-clinicos\/\",\"url\":\"https:\/\/medicina.udd.cl\/odontologia-santiago\/clinica-udd-2\/casos-clinicos\/\",\"name\":\"Casos Cl\u00ednicos Cl\u00ednica UDD - Odontolog\u00eda Facultad de Medicina CAS UDD\",\"isPartOf\":{\"@id\":\"https:\/\/medicina.udd.cl\/odontologia-santiago\/#website\"},\"primaryImageOfPage\":{\"@id\":\"https:\/\/medicina.udd.cl\/odontologia-santiago\/clinica-udd-2\/casos-clinicos\/#primaryimage\"},\"image\":{\"@id\":\"https:\/\/medicina.udd.cl\/odontologia-santiago\/clinica-udd-2\/casos-clinicos\/#primaryimage\"},\"thumbnailUrl\":\"https:\/\/medicina.udd.cl\/odontologia-santiago\/files\/2014\/05\/Cl\u00ednica-Portada.jpg\",\"datePublished\":\"2014-05-20T13:30:32+00:00\",\"dateModified\":\"2014-05-30T16:58:31+00:00\",\"description\":\"Conoce algunos casos cl\u00ednicos realizados por nuestros estudiantes y docentes de Pre y Postgrado en Cl\u00ednica UDD de La Florida.\",\"breadcrumb\":{\"@id\":\"https:\/\/medicina.udd.cl\/odontologia-santiago\/clinica-udd-2\/casos-clinicos\/#breadcrumb\"},\"inLanguage\":\"es\",\"potentialAction\":[{\"@type\":\"ReadAction\",\"target\":[\"https:\/\/medicina.udd.cl\/odontologia-santiago\/clinica-udd-2\/casos-clinicos\/\"]}]},{\"@type\":\"ImageObject\",\"inLanguage\":\"es\",\"@id\":\"https:\/\/medicina.udd.cl\/odontologia-santiago\/clinica-udd-2\/casos-clinicos\/#primaryimage\",\"url\":\"https:\/\/medicina.udd.cl\/odontologia-santiago\/files\/2014\/05\/Cl\u00ednica-Portada.jpg\",\"contentUrl\":\"https:\/\/medicina.udd.cl\/odontologia-santiago\/files\/2014\/05\/Cl\u00ednica-Portada.jpg\",\"width\":942,\"height\":408},{\"@type\":\"BreadcrumbList\",\"@id\":\"https:\/\/medicina.udd.cl\/odontologia-santiago\/clinica-udd-2\/casos-clinicos\/#breadcrumb\",\"itemListElement\":[{\"@type\":\"ListItem\",\"position\":1,\"name\":\"Home\",\"item\":\"https:\/\/medicina.udd.cl\/odontologia-santiago\/\"},{\"@type\":\"ListItem\",\"position\":2,\"name\":\"Cl\u00ednica UDD\",\"item\":\"https:\/\/medicina.udd.cl\/odontologia-santiago\/clinica-udd-2\/\"},{\"@type\":\"ListItem\",\"position\":3,\"name\":\"Casos Cl\u00ednicos\"}]},{\"@type\":\"WebSite\",\"@id\":\"https:\/\/medicina.udd.cl\/odontologia-santiago\/#website\",\"url\":\"https:\/\/medicina.udd.cl\/odontologia-santiago\/\",\"name\":\"Odontolog\u00eda\",\"description\":\"Facultad de Medicina Cl\u00ednica Alemana Universidad del Desarrollo\",\"inLanguage\":\"es\"}]}<\/script>\n<!-- \/ Yoast SEO plugin. -->","yoast_head_json":{"title":"Casos Cl\u00ednicos Cl\u00ednica UDD - Odontolog\u00eda Facultad de Medicina CAS UDD","description":"Conoce algunos casos cl\u00ednicos realizados por nuestros estudiantes y docentes de Pre y Postgrado en Cl\u00ednica UDD de La Florida.","robots":{"index":"index","follow":"follow","max-snippet":"max-snippet:-1","max-image-preview":"max-image-preview:large","max-video-preview":"max-video-preview:-1"},"canonical":"https:\/\/medicina.udd.cl\/odontologia-santiago\/clinica-udd-2\/casos-clinicos\/","og_locale":"es_ES","og_type":"article","og_title":"Casos Cl\u00ednicos Cl\u00ednica UDD - Odontolog\u00eda Facultad de Medicina CAS UDD","og_description":"Conoce algunos casos cl\u00ednicos realizados por nuestros estudiantes y docentes de Pre y Postgrado en Cl\u00ednica UDD de La Florida.","og_url":"https:\/\/medicina.udd.cl\/odontologia-santiago\/clinica-udd-2\/casos-clinicos\/","og_site_name":"Odontolog\u00eda","article_modified_time":"2014-05-30T16:58:31+00:00","og_image":[{"width":942,"height":408,"url":"https:\/\/medicina.udd.cl\/odontologia-santiago\/files\/2014\/05\/Cl\u00ednica-Portada.jpg","type":"image\/jpeg"}],"schema":{"@context":"https:\/\/schema.org","@graph":[{"@type":"WebPage","@id":"https:\/\/medicina.udd.cl\/odontologia-santiago\/clinica-udd-2\/casos-clinicos\/","url":"https:\/\/medicina.udd.cl\/odontologia-santiago\/clinica-udd-2\/casos-clinicos\/","name":"Casos Cl\u00ednicos Cl\u00ednica UDD - Odontolog\u00eda Facultad de Medicina CAS UDD","isPartOf":{"@id":"https:\/\/medicina.udd.cl\/odontologia-santiago\/#website"},"primaryImageOfPage":{"@id":"https:\/\/medicina.udd.cl\/odontologia-santiago\/clinica-udd-2\/casos-clinicos\/#primaryimage"},"image":{"@id":"https:\/\/medicina.udd.cl\/odontologia-santiago\/clinica-udd-2\/casos-clinicos\/#primaryimage"},"thumbnailUrl":"https:\/\/medicina.udd.cl\/odontologia-santiago\/files\/2014\/05\/Cl\u00ednica-Portada.jpg","datePublished":"2014-05-20T13:30:32+00:00","dateModified":"2014-05-30T16:58:31+00:00","description":"Conoce algunos casos cl\u00ednicos realizados por nuestros estudiantes y docentes de Pre y Postgrado en Cl\u00ednica UDD de La Florida.","breadcrumb":{"@id":"https:\/\/medicina.udd.cl\/odontologia-santiago\/clinica-udd-2\/casos-clinicos\/#breadcrumb"},"inLanguage":"es","potentialAction":[{"@type":"ReadAction","target":["https:\/\/medicina.udd.cl\/odontologia-santiago\/clinica-udd-2\/casos-clinicos\/"]}]},{"@type":"ImageObject","inLanguage":"es","@id":"https:\/\/medicina.udd.cl\/odontologia-santiago\/clinica-udd-2\/casos-clinicos\/#primaryimage","url":"https:\/\/medicina.udd.cl\/odontologia-santiago\/files\/2014\/05\/Cl\u00ednica-Portada.jpg","contentUrl":"https:\/\/medicina.udd.cl\/odontologia-santiago\/files\/2014\/05\/Cl\u00ednica-Portada.jpg","width":942,"height":408},{"@type":"BreadcrumbList","@id":"https:\/\/medicina.udd.cl\/odontologia-santiago\/clinica-udd-2\/casos-clinicos\/#breadcrumb","itemListElement":[{"@type":"ListItem","position":1,"name":"Home","item":"https:\/\/medicina.udd.cl\/odontologia-santiago\/"},{"@type":"ListItem","position":2,"name":"Cl\u00ednica UDD","item":"https:\/\/medicina.udd.cl\/odontologia-santiago\/clinica-udd-2\/"},{"@type":"ListItem","position":3,"name":"Casos Cl\u00ednicos"}]},{"@type":"WebSite","@id":"https:\/\/medicina.udd.cl\/odontologia-santiago\/#website","url":"https:\/\/medicina.udd.cl\/odontologia-santiago\/","name":"Odontolog\u00eda","description":"Facultad de Medicina Cl\u00ednica Alemana Universidad del Desarrollo","inLanguage":"es"}]}},"_links":{"self":[{"href":"https:\/\/medicina.udd.cl\/odontologia-santiago\/wp-json\/wp\/v2\/pages\/2307","targetHints":{"allow":["GET"]}}],"collection":[{"href":"https:\/\/medicina.udd.cl\/odontologia-santiago\/wp-json\/wp\/v2\/pages"}],"about":[{"href":"https:\/\/medicina.udd.cl\/odontologia-santiago\/wp-json\/wp\/v2\/types\/page"}],"author":[{"embeddable":true,"href":"https:\/\/medicina.udd.cl\/odontologia-santiago\/wp-json\/wp\/v2\/users\/40"}],"replies":[{"embeddable":true,"href":"https:\/\/medicina.udd.cl\/odontologia-santiago\/wp-json\/wp\/v2\/comments?post=2307"}],"version-history":[{"count":8,"href":"https:\/\/medicina.udd.cl\/odontologia-santiago\/wp-json\/wp\/v2\/pages\/2307\/revisions"}],"predecessor-version":[{"id":2379,"href":"https:\/\/medicina.udd.cl\/odontologia-santiago\/wp-json\/wp\/v2\/pages\/2307\/revisions\/2379"}],"up":[{"embeddable":true,"href":"https:\/\/medicina.udd.cl\/odontologia-santiago\/wp-json\/wp\/v2\/pages\/2231"}],"wp:featuredmedia":[{"embeddable":true,"href":"https:\/\/medicina.udd.cl\/odontologia-santiago\/wp-json\/wp\/v2\/media\/2228"}],"wp:attachment":[{"href":"https:\/\/medicina.udd.cl\/odontologia-santiago\/wp-json\/wp\/v2\/media?parent=2307"}],"curies":[{"name":"wp","href":"https:\/\/api.w.org\/{rel}","templated":true}]}}