{"id":4522,"date":"2017-08-30T10:37:55","date_gmt":"2017-08-30T13:37:55","guid":{"rendered":"http:\/\/medicina.udd.cl\/odontologia-santiago\/?page_id=4522"},"modified":"2017-09-06T11:13:35","modified_gmt":"2017-09-06T14:13:35","slug":"certificados-tutores-2017","status":"publish","type":"page","link":"https:\/\/medicina.udd.cl\/odontologia-santiago\/certificados-tutores-2017\/","title":{"rendered":"Certificados tutores 2017"},"content":{"rendered":"<h4 style=\"text-align: left;\"><span style=\"color: #585959;\"><strong>Curso de Actualizaci\u00f3n de Tutores \u201cManejo de Lesiones Dentinarias profundas en ni\u00f1os\u201d<\/strong><\/span><\/h4>\n<ul>\n<li style=\"text-align: justify;\"><a href=\"http:\/\/medicina.udd.cl\/odontologia-santiago\/files\/2017\/09\/1_PDFsam_RAguayo.pdf\">Dra. Rebeca Teresa\u00a0Aguayo Gonz\u00e1lez<\/a><\/li>\n<li style=\"text-align: justify;\"><a href=\"http:\/\/medicina.udd.cl\/odontologia-santiago\/files\/2017\/09\/2_PDFsam_MPAlarc\u00f3n.pdf\">Dra. Mar\u00eda Patricia\u00a0Alarc\u00f3n Stevens<\/a><\/li>\n<li style=\"text-align: justify;\"><a href=\"http:\/\/medicina.udd.cl\/odontologia-santiago\/files\/2017\/09\/3_PDFsam_VArcos.pdf\">Dra. Valentina Daniela\u00a0Arcos Elgueta<\/a><\/li>\n<li style=\"text-align: justify;\"><a href=\"http:\/\/medicina.udd.cl\/odontologia-santiago\/files\/2017\/09\/4_PDFsam_ABarrios.pdf\">Dra. Alexa Paola Barrios\u00a0Medina<\/a><\/li>\n<li style=\"text-align: justify;\"><a href=\"http:\/\/medicina.udd.cl\/odontologia-santiago\/files\/2017\/09\/5_PDFsam_PCarrasco.pdf\">Dr. Pablo Dieter Carrasco Goetz<\/a><\/li>\n<li style=\"text-align: justify;\"><a href=\"http:\/\/medicina.udd.cl\/odontologia-santiago\/files\/2017\/09\/6_PDFsam_PContreras.pdf\">Dr. Pablo Ren\u00e1n Contreras Vera<\/a><\/li>\n<li style=\"text-align: justify;\"><a href=\"http:\/\/medicina.udd.cl\/odontologia-santiago\/files\/2017\/09\/7_PDFsam_FCruz.pdf\">Dra. Francisca Carolina\u00a0Cruz Lira<\/a><\/li>\n<li style=\"text-align: justify;\"><a href=\"http:\/\/medicina.udd.cl\/odontologia-santiago\/files\/2017\/09\/8_PDFsam_SCruz.pdf\">Dra. Siuling Michelle\u00a0Cruz V\u00e1squez<\/a><\/li>\n<li style=\"text-align: justify;\"><a href=\"http:\/\/medicina.udd.cl\/odontologia-santiago\/files\/2017\/09\/9_PDFsam_DDiaz.pdf\">Dr. Daniel Ignacio D\u00edaz Alfaro<\/a><\/li>\n<li style=\"text-align: justify;\"><a href=\"http:\/\/medicina.udd.cl\/odontologia-santiago\/files\/2017\/09\/10_PDFsam_-AFigueroa.pdf\">Dr. Eduardo Alberto Figueroa Valenzuela<\/a><\/li>\n<li style=\"text-align: justify;\"><a href=\"http:\/\/medicina.udd.cl\/odontologia-santiago\/files\/2017\/09\/11_PDFsam_MGajardo.pdf\">Dra. Macarena Beatriz\u00a0Gajardo Carrillo<\/a><\/li>\n<li style=\"text-align: justify;\"><a href=\"http:\/\/medicina.udd.cl\/odontologia-santiago\/files\/2017\/09\/12_PDFsam_EGajardo.pdf\">Dra. Eliana Margarita\u00a0Gallardo Zapata<\/a><\/li>\n<li style=\"text-align: justify;\"><a href=\"http:\/\/medicina.udd.cl\/odontologia-santiago\/files\/2017\/09\/13_PDFsam_CGaray.pdf\">Dr. Carlos Mat\u00edas Garay Jara<\/a><\/li>\n<li style=\"text-align: justify;\"><a href=\"http:\/\/medicina.udd.cl\/odontologia-santiago\/files\/2017\/09\/14_PDFsam_JGarc\u00e9s.pdf\">Dra. Javiera Ignacia\u00a0Garc\u00e9s Rivera<\/a><\/li>\n<li style=\"text-align: justify;\"><a href=\"http:\/\/medicina.udd.cl\/odontologia-santiago\/files\/2017\/09\/15_PDFsam_MGonzalez.pdf\">Dra. Maglie Carolina Gonz\u00e1lez S\u00e1nchez<\/a><\/li>\n<li style=\"text-align: justify;\"><a href=\"http:\/\/medicina.udd.cl\/odontologia-santiago\/files\/2017\/09\/16_PDFsam_ILlanos.pdf\">Dr. Ismael Ignacio Llanos Arellano<\/a><\/li>\n<li style=\"text-align: justify;\"><a href=\"http:\/\/medicina.udd.cl\/odontologia-santiago\/files\/2017\/09\/17_PDFsam_ELlerena.pdf\">Dra. Esterina Llerena Ribot<\/a><\/li>\n<li style=\"text-align: justify;\"><a href=\"http:\/\/medicina.udd.cl\/odontologia-santiago\/files\/2017\/09\/18_PDFsam_GMarin.pdf\">Dra. Georgina de las\u00a0Mercedes Mar\u00edn Vega<\/a><\/li>\n<li style=\"text-align: justify;\"><a href=\"http:\/\/medicina.udd.cl\/odontologia-santiago\/files\/2017\/09\/19_PDFsam_GMart\u00ednez.pdf\">Dra. Geail Tiare Mart\u00ednez\u00a0Castillo<\/a><\/li>\n<li style=\"text-align: justify;\"><a href=\"http:\/\/medicina.udd.cl\/odontologia-santiago\/files\/2017\/09\/20_PDFsam_CMeza.pdf\">Dra. Carmen Sonia Meza\u00a0Fuentealba<\/a><\/li>\n<li style=\"text-align: justify;\"><a href=\"http:\/\/medicina.udd.cl\/odontologia-santiago\/files\/2017\/09\/21_PDFsam_VMoraga.pdf\">Dr. V\u00edctor Manuel\u00a0Moraga Castillo<\/a><\/li>\n<li style=\"text-align: justify;\"><a href=\"http:\/\/medicina.udd.cl\/odontologia-santiago\/files\/2017\/09\/22_PDFsam_MTMu\u00f1oz.pdf\">Dra. Mar\u00eda Teresa Mu\u00f1oz\u00a0Gallegos<\/a><\/li>\n<li style=\"text-align: justify;\"><a href=\"http:\/\/medicina.udd.cl\/odontologia-santiago\/files\/2017\/09\/23_PDFsam_JMu\u00f1oz.pdf\">Dra. Javiera Paz Mu\u00f1oz\u00a0Rojas<\/a><\/li>\n<li style=\"text-align: justify;\"><a href=\"http:\/\/medicina.udd.cl\/odontologia-santiago\/files\/2017\/09\/24_PDFsam_CNovoa.pdf\">Dra. Carolina Paz Novoa\u00a0Brunet<\/a><\/li>\n<li style=\"text-align: justify;\"><a href=\"http:\/\/medicina.udd.cl\/odontologia-santiago\/files\/2017\/09\/25_PDFsam_HOliveros.pdf\">Dr. Hernando Oliveros Sarmiento<\/a><\/li>\n<li style=\"text-align: justify;\"><a href=\"http:\/\/medicina.udd.cl\/odontologia-santiago\/files\/2017\/09\/26_PDFsam_ZPadilla.pdf\">Dra. Zoraida Esther\u00a0Padilla Navas<\/a><\/li>\n<li style=\"text-align: justify;\"><a href=\"http:\/\/medicina.udd.cl\/odontologia-santiago\/files\/2017\/09\/27_PDFsam_MPalamara.pdf\">Dra. Mar\u00eda Gabriela\u00a0Palamara Iribarne<\/a><\/li>\n<li style=\"text-align: justify;\"><a href=\"http:\/\/medicina.udd.cl\/odontologia-santiago\/files\/2017\/09\/28_PDFsam_JPalma.pdf\">Dr. Jorge Andr\u00e9s Palma Bernal<\/a><\/li>\n<li style=\"text-align: justify;\"><a href=\"http:\/\/medicina.udd.cl\/odontologia-santiago\/files\/2017\/09\/29_PDFsam_PPezoa.pdf\">Dra. Pablo Felipe Pezoa\u00a0Urz\u00faa<\/a><\/li>\n<li style=\"text-align: justify;\"><a href=\"http:\/\/medicina.udd.cl\/odontologia-santiago\/files\/2017\/09\/30_PDFsam_JSaavedra.pdf\">Dra. Jos\u00e9 Francisco\u00a0Saavedra P\u00e9rez de Arce<\/a><\/li>\n<li style=\"text-align: justify;\"><a href=\"http:\/\/medicina.udd.cl\/odontologia-santiago\/files\/2017\/09\/31_PDFsam_AStillfried.pdf\">Dra. Anika Sabine\u00a0Stillfried Schmitz<\/a><\/li>\n<li style=\"text-align: justify;\"><a href=\"http:\/\/medicina.udd.cl\/odontologia-santiago\/files\/2017\/09\/32_PDFsam_CTorres.pdf\">Dra. Carolina Ximena\u00a0Torres Paredes<\/a><\/li>\n<li style=\"text-align: justify;\"><a href=\"http:\/\/medicina.udd.cl\/odontologia-santiago\/files\/2017\/09\/33_PDFsam_AValdes.pdf\">Dr. Andr\u00e9s Arturo Vald\u00e9s Rodr\u00edguez<\/a><\/li>\n<li style=\"text-align: justify;\"><a href=\"http:\/\/medicina.udd.cl\/odontologia-santiago\/files\/2017\/09\/34_PDFsam_MJVillarroel.pdf\">Dra. Mar\u00eda Jes\u00fas\u00a0Villarroel Piedra<\/a><\/li>\n<li style=\"text-align: justify;\"><a href=\"http:\/\/medicina.udd.cl\/odontologia-santiago\/files\/2017\/09\/35_PDFsam_CVoss.pdf\">Dra. Carolina Macarena\u00a0Voss Valenzuela<\/a><\/li>\n<li style=\"text-align: justify;\"><a href=\"http:\/\/medicina.udd.cl\/odontologia-santiago\/files\/2017\/09\/36_PDFsam_CZu\u00f1iga.pdf\">Dra. Carlos Ricardo Z\u00fa\u00f1iga Cherrez<\/a><\/li>\n<\/ul>\n","protected":false},"excerpt":{"rendered":"<p>Curso de Actualizaci\u00f3n de Tutores \u201cManejo de Lesiones Dentinarias profundas en ni\u00f1os\u201d Dra. Rebeca Teresa\u00a0Aguayo Gonz\u00e1lez Dra. Mar\u00eda Patricia\u00a0Alarc\u00f3n Stevens Dra. Valentina Daniela\u00a0Arcos Elgueta Dra. Alexa Paola Barrios\u00a0Medina Dr. Pablo Dieter Carrasco Goetz Dr. Pablo Ren\u00e1n Contreras Vera Dra. Francisca Carolina\u00a0Cruz Lira Dra. Siuling Michelle\u00a0Cruz V\u00e1squez Dr. Daniel Ignacio D\u00edaz Alfaro Dr. Eduardo Alberto Figueroa [&hellip;]<\/p>\n","protected":false},"author":42,"featured_media":0,"parent":0,"menu_order":0,"comment_status":"closed","ping_status":"closed","template":"","meta":{"footnotes":""},"class_list":["post-4522","page","type-page","status-publish","hentry"],"yoast_head":"<!-- This site is optimized with the Yoast SEO plugin v26.9 - https:\/\/yoast.com\/product\/yoast-seo-wordpress\/ -->\n<title>Certificados tutores 2017 - Odontolog\u00eda<\/title>\n<meta name=\"robots\" content=\"index, follow, max-snippet:-1, max-image-preview:large, max-video-preview:-1\" \/>\n<link rel=\"canonical\" href=\"https:\/\/medicina.udd.cl\/odontologia-santiago\/certificados-tutores-2017\/\" \/>\n<meta property=\"og:locale\" content=\"es_ES\" \/>\n<meta property=\"og:type\" content=\"article\" \/>\n<meta property=\"og:title\" content=\"Certificados tutores 2017 - Odontolog\u00eda\" \/>\n<meta property=\"og:description\" content=\"Curso de Actualizaci\u00f3n de Tutores \u201cManejo de Lesiones Dentinarias profundas en ni\u00f1os\u201d Dra. Rebeca Teresa\u00a0Aguayo Gonz\u00e1lez Dra. Mar\u00eda Patricia\u00a0Alarc\u00f3n Stevens Dra. Valentina Daniela\u00a0Arcos Elgueta Dra. Alexa Paola Barrios\u00a0Medina Dr. Pablo Dieter Carrasco Goetz Dr. Pablo Ren\u00e1n Contreras Vera Dra. Francisca Carolina\u00a0Cruz Lira Dra. Siuling Michelle\u00a0Cruz V\u00e1squez Dr. Daniel Ignacio D\u00edaz Alfaro Dr. Eduardo Alberto Figueroa [&hellip;]\" \/>\n<meta property=\"og:url\" content=\"https:\/\/medicina.udd.cl\/odontologia-santiago\/certificados-tutores-2017\/\" \/>\n<meta property=\"og:site_name\" content=\"Odontolog\u00eda\" \/>\n<meta property=\"article:modified_time\" content=\"2017-09-06T14:13:35+00:00\" \/>\n<meta name=\"twitter:label1\" content=\"Tiempo de lectura\" \/>\n\t<meta name=\"twitter:data1\" content=\"1 minuto\" \/>\n<script type=\"application\/ld+json\" class=\"yoast-schema-graph\">{\"@context\":\"https:\/\/schema.org\",\"@graph\":[{\"@type\":\"WebPage\",\"@id\":\"https:\/\/medicina.udd.cl\/odontologia-santiago\/certificados-tutores-2017\/\",\"url\":\"https:\/\/medicina.udd.cl\/odontologia-santiago\/certificados-tutores-2017\/\",\"name\":\"Certificados tutores 2017 - Odontolog\u00eda\",\"isPartOf\":{\"@id\":\"https:\/\/medicina.udd.cl\/odontologia-santiago\/#website\"},\"datePublished\":\"2017-08-30T13:37:55+00:00\",\"dateModified\":\"2017-09-06T14:13:35+00:00\",\"breadcrumb\":{\"@id\":\"https:\/\/medicina.udd.cl\/odontologia-santiago\/certificados-tutores-2017\/#breadcrumb\"},\"inLanguage\":\"es\",\"potentialAction\":[{\"@type\":\"ReadAction\",\"target\":[\"https:\/\/medicina.udd.cl\/odontologia-santiago\/certificados-tutores-2017\/\"]}]},{\"@type\":\"BreadcrumbList\",\"@id\":\"https:\/\/medicina.udd.cl\/odontologia-santiago\/certificados-tutores-2017\/#breadcrumb\",\"itemListElement\":[{\"@type\":\"ListItem\",\"position\":1,\"name\":\"Home\",\"item\":\"https:\/\/medicina.udd.cl\/odontologia-santiago\/\"},{\"@type\":\"ListItem\",\"position\":2,\"name\":\"Certificados tutores 2017\"}]},{\"@type\":\"WebSite\",\"@id\":\"https:\/\/medicina.udd.cl\/odontologia-santiago\/#website\",\"url\":\"https:\/\/medicina.udd.cl\/odontologia-santiago\/\",\"name\":\"Odontolog\u00eda\",\"description\":\"Facultad de Medicina Cl\u00ednica Alemana Universidad del Desarrollo\",\"inLanguage\":\"es\"}]}<\/script>\n<!-- \/ Yoast SEO plugin. -->","yoast_head_json":{"title":"Certificados tutores 2017 - Odontolog\u00eda","robots":{"index":"index","follow":"follow","max-snippet":"max-snippet:-1","max-image-preview":"max-image-preview:large","max-video-preview":"max-video-preview:-1"},"canonical":"https:\/\/medicina.udd.cl\/odontologia-santiago\/certificados-tutores-2017\/","og_locale":"es_ES","og_type":"article","og_title":"Certificados tutores 2017 - Odontolog\u00eda","og_description":"Curso de Actualizaci\u00f3n de Tutores \u201cManejo de Lesiones Dentinarias profundas en ni\u00f1os\u201d Dra. Rebeca Teresa\u00a0Aguayo Gonz\u00e1lez Dra. Mar\u00eda Patricia\u00a0Alarc\u00f3n Stevens Dra. Valentina Daniela\u00a0Arcos Elgueta Dra. Alexa Paola Barrios\u00a0Medina Dr. Pablo Dieter Carrasco Goetz Dr. Pablo Ren\u00e1n Contreras Vera Dra. Francisca Carolina\u00a0Cruz Lira Dra. Siuling Michelle\u00a0Cruz V\u00e1squez Dr. Daniel Ignacio D\u00edaz Alfaro Dr. Eduardo Alberto Figueroa [&hellip;]","og_url":"https:\/\/medicina.udd.cl\/odontologia-santiago\/certificados-tutores-2017\/","og_site_name":"Odontolog\u00eda","article_modified_time":"2017-09-06T14:13:35+00:00","twitter_misc":{"Tiempo de lectura":"1 minuto"},"schema":{"@context":"https:\/\/schema.org","@graph":[{"@type":"WebPage","@id":"https:\/\/medicina.udd.cl\/odontologia-santiago\/certificados-tutores-2017\/","url":"https:\/\/medicina.udd.cl\/odontologia-santiago\/certificados-tutores-2017\/","name":"Certificados tutores 2017 - Odontolog\u00eda","isPartOf":{"@id":"https:\/\/medicina.udd.cl\/odontologia-santiago\/#website"},"datePublished":"2017-08-30T13:37:55+00:00","dateModified":"2017-09-06T14:13:35+00:00","breadcrumb":{"@id":"https:\/\/medicina.udd.cl\/odontologia-santiago\/certificados-tutores-2017\/#breadcrumb"},"inLanguage":"es","potentialAction":[{"@type":"ReadAction","target":["https:\/\/medicina.udd.cl\/odontologia-santiago\/certificados-tutores-2017\/"]}]},{"@type":"BreadcrumbList","@id":"https:\/\/medicina.udd.cl\/odontologia-santiago\/certificados-tutores-2017\/#breadcrumb","itemListElement":[{"@type":"ListItem","position":1,"name":"Home","item":"https:\/\/medicina.udd.cl\/odontologia-santiago\/"},{"@type":"ListItem","position":2,"name":"Certificados tutores 2017"}]},{"@type":"WebSite","@id":"https:\/\/medicina.udd.cl\/odontologia-santiago\/#website","url":"https:\/\/medicina.udd.cl\/odontologia-santiago\/","name":"Odontolog\u00eda","description":"Facultad de Medicina Cl\u00ednica Alemana Universidad del Desarrollo","inLanguage":"es"}]}},"_links":{"self":[{"href":"https:\/\/medicina.udd.cl\/odontologia-santiago\/wp-json\/wp\/v2\/pages\/4522","targetHints":{"allow":["GET"]}}],"collection":[{"href":"https:\/\/medicina.udd.cl\/odontologia-santiago\/wp-json\/wp\/v2\/pages"}],"about":[{"href":"https:\/\/medicina.udd.cl\/odontologia-santiago\/wp-json\/wp\/v2\/types\/page"}],"author":[{"embeddable":true,"href":"https:\/\/medicina.udd.cl\/odontologia-santiago\/wp-json\/wp\/v2\/users\/42"}],"replies":[{"embeddable":true,"href":"https:\/\/medicina.udd.cl\/odontologia-santiago\/wp-json\/wp\/v2\/comments?post=4522"}],"version-history":[{"count":11,"href":"https:\/\/medicina.udd.cl\/odontologia-santiago\/wp-json\/wp\/v2\/pages\/4522\/revisions"}],"predecessor-version":[{"id":4588,"href":"https:\/\/medicina.udd.cl\/odontologia-santiago\/wp-json\/wp\/v2\/pages\/4522\/revisions\/4588"}],"wp:attachment":[{"href":"https:\/\/medicina.udd.cl\/odontologia-santiago\/wp-json\/wp\/v2\/media?parent=4522"}],"curies":[{"name":"wp","href":"https:\/\/api.w.org\/{rel}","templated":true}]}}