{"id":5297,"date":"2019-08-22T11:23:24","date_gmt":"2019-08-22T15:23:24","guid":{"rendered":"http:\/\/medicina.udd.cl\/odontologia-santiago\/?page_id=5297"},"modified":"2024-12-11T17:47:51","modified_gmt":"2024-12-11T20:47:51","slug":"perfil-de-egreso-odontologia-udd","status":"publish","type":"page","link":"https:\/\/medicina.udd.cl\/odontologia-santiago\/perfil-de-egreso-odontologia-udd\/","title":{"rendered":"PERFIL DE EGRESO"},"content":{"rendered":"\n<p>Las <strong>competencias\nGen\u00e9ricas<\/strong>, son aquellas que todos los egresados de la UDD deben alcanzar y\nque favorecen un actuar profesional, destacando los Sellos: Responsabilidad\nP\u00fablica, \u00c9tica y Emprendimiento y liderazgo. Estas competencias y sus\ndefiniciones de base son:<\/p>\n\n\n\n<ul class=\"wp-block-list\"><li><strong>\u00c9tica:<\/strong> Conjunto de conceptos, habilidades y actitudes, orientados a la constante b\u00fasqueda de la Verdad y del Bien, valorando una conducta moral coherente con los valores del humanismo cristiano. Implica tomar decisiones de acuerdo a lo que se espera sea un desempe\u00f1o profesional \u00e9tico, el que estar\u00e1 circunscrito por las virtudes cardinales de la prudencia, fortaleza, templanza y justicia, y por el respeto a la dignidad humana.<\/li><li><strong>Emprendimiento y Liderazgo:<\/strong>  Conjunto de conceptos, habilidades y actitudes, orientados a la b\u00fasqueda      constante de oportunidades para crear e innovar, aceptando retos y enfrent\u00e1ndose a la incertidumbre. Implica idear soluciones nuevas y diferentes para resolver problemas o situaciones complejas en un contexto      cambiante, como, asimismo, motivarse por los logros y por las personas, siendo capaces de conducir a otros y colaborar con ellos, valorando el      trabajo en equipo. Considera, por \u00faltimo, la perseverancia y resistencia al fracaso, para enfrentar los retos de manera positiva, pero realista.<\/li><li><strong>Responsabilidad p\u00fablica:<\/strong> Conjunto de conceptos, habilidades y actitudes que permiten tomar conciencia sobre el rol que se ejerce en la sociedad y los aportes      profesionales y personales que en ella pueden realizarse, tanto p\u00fablica como privadamente. Implica conocer y reflexionar acerca de los problemas      que se presentan en el contexto social en el que se est\u00e1 inmerso, asumi\u00e9ndolos como propios, valorando el servicio p\u00fablico y el compromiso personal hacia el logro del bien com\u00fan.<\/li><li><strong>Autonom\u00eda: <\/strong>Conjunto de conceptos, habilidades y actitudes, orientados a la formaci\u00f3n de una      persona estrat\u00e9gica que escoge intencionadamente procedimientos adecuados      frente a los desaf\u00edos del mundo acad\u00e9mico y del mundo del trabajo. Incluye la proactividad y la autorregulaci\u00f3n del comportamiento, traducidas en la exploraci\u00f3n de las oportunidades personales y contextuales para responder a dichos desaf\u00edos. La autonom\u00eda se expresa en la toma de decisiones sin la conducci\u00f3n o el monitoreo externo, e implica asumir las consecuencias que derivan de estas decisiones.<\/li><li><strong>Eficiencia:<\/strong>  Conjunto de conceptos, habilidades y actitudes, orientados a alcanzar los objetivos y las metas preestablecidas a trav\u00e9s del uso racional de los recursos y tiempos disponibles, logrando su optimizaci\u00f3n.<\/li><li><strong>Visi\u00f3n global:<\/strong>  Conjunto de conceptos, habilidades y actitudes, orientados a observar y comprender eficazmente el entorno en un contexto global, para  desenvolverse e interactuar considerando dimensiones hist\u00f3ricas, pol\u00edticas, econ\u00f3micas, sociales y culturales, posibilitando con esto la capacidad de adaptarse a los cambios y de integrar diferentes perspectivas de an\u00e1lisis en concordancia con las demandas propias de la disciplina de      estudio y de otras disciplinas, lo que favorece una apertura al mundo globalizado en que el estudiante debe desenvolverse profesionalmente.<\/li><li><strong>Visi\u00f3n Anal\u00edtica: <\/strong>Conjunto de conceptos, habilidades y actitudes, orientados a diferenciar las partes del todo, generando un desglose l\u00f3gico de la realidad y de la teor\u00eda. Asimismo, implica identificar problemas, reconocer informaci\u00f3n significativa, buscar, sintetizar y relacionar los datos importantes. Se puede incluir, adem\u00e1s, la habilidad para reorganizar y presentar la informaci\u00f3n, estableciendo conexiones relevantes desde diferentes perspectivas.<\/li><li><strong>Comunicaci\u00f3n:<\/strong> Conjunto de conceptos, habilidades y actitudes, orientados a transmitir mensajes frente a una audiencia, expresando ideas tanto en forma oral como escrita de un modo claro, preciso y asertivo. Implica participar de procesos de di\u00e1logo, comprendiendo la riqueza de las distintas opiniones y      valorando el discurso con fundamento.<\/li><\/ul>\n\n\n\n<p>Las <strong>competencias Espec\u00edficas<\/strong>, son aquellas que diferencian el actuar\nprofesional del odont\u00f3logo(a), por lo tanto est\u00e1n estrechamente vinculadas con\nla disciplina. Y corresponde a las siguientes:<\/p>\n\n\n\n<ul class=\"wp-block-list\"><li><strong>Competencia Asistencial: <\/strong>Contribuir  desde el enfoque biopsicosocial a la salud oral de las personas, con una      mirada integral durante todo el ciclo vital, a trav\u00e9s del diagn\u00f3stico, prevenci\u00f3n, planificaci\u00f3n y tratamiento de las patolog\u00edas odontol\u00f3gicas, educaci\u00f3n y promoci\u00f3n de estilos de vida saludable, interactuando con otras disciplinas.<\/li><li><strong>Competencia Prevenci\u00f3n y  Promoci\u00f3n de Salud: <\/strong>Planificar, desarrollar programas, y actividades de prevenci\u00f3n y promoci\u00f3n de la salud oral, tanto individual como colectivo, considerando las variables que determinan el riesgo de la poblaci\u00f3n. <\/li><li><strong>Competencia Investigaci\u00f3n: <\/strong>Plantear y desarrollar un proyecto de investigaci\u00f3n innovador, relacionado con la odontolog\u00eda y la salud, de manera aut\u00f3noma, respetando los principios \u00e9ticos y la normativa vigente. <\/li><li><strong>Competencia Gesti\u00f3n:<\/strong> Desarrollar estrategias para ejecutar las tareas, de acuerdo a las necesidades de salud de las personas, optimizando los recursos disponibles en el \u00e1mbito p\u00fablico y privado. <\/li><\/ul>\n\n\n\n<p>Al adquirir las competencias que componen\neste perfil de egreso, nuestro (a) egresado (a) ser\u00e1 un<sup> <\/sup>profesional\naut\u00f3nomo con una visi\u00f3n innovadora, integral y actualizada de la Odontolog\u00eda,\ncon s\u00f3lida formaci\u00f3n cient\u00edfica, centrado en la promoci\u00f3n y prevenci\u00f3n, con\nhabilidades para la resoluci\u00f3n de problemas a nivel individual y colectivo, a\ntrav\u00e9s del trabajo en equipos multidisciplinarios, demostrando compromiso con\nla realidad social y responsabilidad por la salud de la comunidad.<\/p>\n","protected":false},"excerpt":{"rendered":"<p>Las competencias Gen\u00e9ricas, son aquellas que todos los egresados de la UDD deben alcanzar y que favorecen un actuar profesional, destacando los Sellos: Responsabilidad P\u00fablica, \u00c9tica y Emprendimiento y liderazgo. Estas competencias y sus definiciones de base son: \u00c9tica: Conjunto de conceptos, habilidades y actitudes, orientados a la constante b\u00fasqueda de la Verdad y del [&hellip;]<\/p>\n","protected":false},"author":9192218,"featured_media":0,"parent":0,"menu_order":0,"comment_status":"closed","ping_status":"closed","template":"","meta":{"footnotes":""},"class_list":["post-5297","page","type-page","status-publish","hentry"],"yoast_head":"<!-- This site is optimized with the Yoast SEO plugin v26.9 - https:\/\/yoast.com\/product\/yoast-seo-wordpress\/ -->\n<title>PERFIL DE EGRESO - Odontolog\u00eda UDD<\/title>\n<meta name=\"robots\" content=\"index, follow, max-snippet:-1, max-image-preview:large, max-video-preview:-1\" \/>\n<link rel=\"canonical\" href=\"https:\/\/medicina.udd.cl\/odontologia-santiago\/perfil-de-egreso-odontologia-udd\/\" \/>\n<meta property=\"og:locale\" content=\"es_ES\" \/>\n<meta property=\"og:type\" content=\"article\" \/>\n<meta property=\"og:title\" content=\"PERFIL DE EGRESO - Odontolog\u00eda UDD\" \/>\n<meta property=\"og:description\" content=\"Las competencias Gen\u00e9ricas, son aquellas que todos los egresados de la UDD deben alcanzar y que favorecen un actuar profesional, destacando los Sellos: Responsabilidad P\u00fablica, \u00c9tica y Emprendimiento y liderazgo. Estas competencias y sus definiciones de base son: \u00c9tica: Conjunto de conceptos, habilidades y actitudes, orientados a la constante b\u00fasqueda de la Verdad y del [&hellip;]\" \/>\n<meta property=\"og:url\" content=\"https:\/\/medicina.udd.cl\/odontologia-santiago\/perfil-de-egreso-odontologia-udd\/\" \/>\n<meta property=\"og:site_name\" content=\"Odontolog\u00eda\" \/>\n<meta property=\"article:modified_time\" content=\"2024-12-11T20:47:51+00:00\" \/>\n<meta name=\"twitter:label1\" content=\"Tiempo de lectura\" \/>\n\t<meta name=\"twitter:data1\" content=\"4 minutos\" \/>\n<script type=\"application\/ld+json\" class=\"yoast-schema-graph\">{\"@context\":\"https:\/\/schema.org\",\"@graph\":[{\"@type\":\"WebPage\",\"@id\":\"https:\/\/medicina.udd.cl\/odontologia-santiago\/perfil-de-egreso-odontologia-udd\/\",\"url\":\"https:\/\/medicina.udd.cl\/odontologia-santiago\/perfil-de-egreso-odontologia-udd\/\",\"name\":\"PERFIL DE EGRESO - Odontolog\u00eda UDD\",\"isPartOf\":{\"@id\":\"https:\/\/medicina.udd.cl\/odontologia-santiago\/#website\"},\"datePublished\":\"2019-08-22T15:23:24+00:00\",\"dateModified\":\"2024-12-11T20:47:51+00:00\",\"breadcrumb\":{\"@id\":\"https:\/\/medicina.udd.cl\/odontologia-santiago\/perfil-de-egreso-odontologia-udd\/#breadcrumb\"},\"inLanguage\":\"es\",\"potentialAction\":[{\"@type\":\"ReadAction\",\"target\":[\"https:\/\/medicina.udd.cl\/odontologia-santiago\/perfil-de-egreso-odontologia-udd\/\"]}]},{\"@type\":\"BreadcrumbList\",\"@id\":\"https:\/\/medicina.udd.cl\/odontologia-santiago\/perfil-de-egreso-odontologia-udd\/#breadcrumb\",\"itemListElement\":[{\"@type\":\"ListItem\",\"position\":1,\"name\":\"Home\",\"item\":\"https:\/\/medicina.udd.cl\/odontologia-santiago\/\"},{\"@type\":\"ListItem\",\"position\":2,\"name\":\"PERFIL DE EGRESO\"}]},{\"@type\":\"WebSite\",\"@id\":\"https:\/\/medicina.udd.cl\/odontologia-santiago\/#website\",\"url\":\"https:\/\/medicina.udd.cl\/odontologia-santiago\/\",\"name\":\"Odontolog\u00eda\",\"description\":\"Facultad de Medicina Cl\u00ednica Alemana Universidad del Desarrollo\",\"inLanguage\":\"es\"}]}<\/script>\n<!-- \/ Yoast SEO plugin. -->","yoast_head_json":{"title":"PERFIL DE EGRESO - Odontolog\u00eda UDD","robots":{"index":"index","follow":"follow","max-snippet":"max-snippet:-1","max-image-preview":"max-image-preview:large","max-video-preview":"max-video-preview:-1"},"canonical":"https:\/\/medicina.udd.cl\/odontologia-santiago\/perfil-de-egreso-odontologia-udd\/","og_locale":"es_ES","og_type":"article","og_title":"PERFIL DE EGRESO - Odontolog\u00eda UDD","og_description":"Las competencias Gen\u00e9ricas, son aquellas que todos los egresados de la UDD deben alcanzar y que favorecen un actuar profesional, destacando los Sellos: Responsabilidad P\u00fablica, \u00c9tica y Emprendimiento y liderazgo. Estas competencias y sus definiciones de base son: \u00c9tica: Conjunto de conceptos, habilidades y actitudes, orientados a la constante b\u00fasqueda de la Verdad y del [&hellip;]","og_url":"https:\/\/medicina.udd.cl\/odontologia-santiago\/perfil-de-egreso-odontologia-udd\/","og_site_name":"Odontolog\u00eda","article_modified_time":"2024-12-11T20:47:51+00:00","twitter_misc":{"Tiempo de lectura":"4 minutos"},"schema":{"@context":"https:\/\/schema.org","@graph":[{"@type":"WebPage","@id":"https:\/\/medicina.udd.cl\/odontologia-santiago\/perfil-de-egreso-odontologia-udd\/","url":"https:\/\/medicina.udd.cl\/odontologia-santiago\/perfil-de-egreso-odontologia-udd\/","name":"PERFIL DE EGRESO - Odontolog\u00eda UDD","isPartOf":{"@id":"https:\/\/medicina.udd.cl\/odontologia-santiago\/#website"},"datePublished":"2019-08-22T15:23:24+00:00","dateModified":"2024-12-11T20:47:51+00:00","breadcrumb":{"@id":"https:\/\/medicina.udd.cl\/odontologia-santiago\/perfil-de-egreso-odontologia-udd\/#breadcrumb"},"inLanguage":"es","potentialAction":[{"@type":"ReadAction","target":["https:\/\/medicina.udd.cl\/odontologia-santiago\/perfil-de-egreso-odontologia-udd\/"]}]},{"@type":"BreadcrumbList","@id":"https:\/\/medicina.udd.cl\/odontologia-santiago\/perfil-de-egreso-odontologia-udd\/#breadcrumb","itemListElement":[{"@type":"ListItem","position":1,"name":"Home","item":"https:\/\/medicina.udd.cl\/odontologia-santiago\/"},{"@type":"ListItem","position":2,"name":"PERFIL DE EGRESO"}]},{"@type":"WebSite","@id":"https:\/\/medicina.udd.cl\/odontologia-santiago\/#website","url":"https:\/\/medicina.udd.cl\/odontologia-santiago\/","name":"Odontolog\u00eda","description":"Facultad de Medicina Cl\u00ednica Alemana Universidad del Desarrollo","inLanguage":"es"}]}},"_links":{"self":[{"href":"https:\/\/medicina.udd.cl\/odontologia-santiago\/wp-json\/wp\/v2\/pages\/5297","targetHints":{"allow":["GET"]}}],"collection":[{"href":"https:\/\/medicina.udd.cl\/odontologia-santiago\/wp-json\/wp\/v2\/pages"}],"about":[{"href":"https:\/\/medicina.udd.cl\/odontologia-santiago\/wp-json\/wp\/v2\/types\/page"}],"author":[{"embeddable":true,"href":"https:\/\/medicina.udd.cl\/odontologia-santiago\/wp-json\/wp\/v2\/users\/9192218"}],"replies":[{"embeddable":true,"href":"https:\/\/medicina.udd.cl\/odontologia-santiago\/wp-json\/wp\/v2\/comments?post=5297"}],"version-history":[{"count":5,"href":"https:\/\/medicina.udd.cl\/odontologia-santiago\/wp-json\/wp\/v2\/pages\/5297\/revisions"}],"predecessor-version":[{"id":5943,"href":"https:\/\/medicina.udd.cl\/odontologia-santiago\/wp-json\/wp\/v2\/pages\/5297\/revisions\/5943"}],"wp:attachment":[{"href":"https:\/\/medicina.udd.cl\/odontologia-santiago\/wp-json\/wp\/v2\/media?parent=5297"}],"curies":[{"name":"wp","href":"https:\/\/api.w.org\/{rel}","templated":true}]}}