{"id":5744,"date":"2020-01-10T14:24:40","date_gmt":"2020-01-10T17:24:40","guid":{"rendered":"http:\/\/medicina.udd.cl\/odontologia-santiago\/?page_id=5744"},"modified":"2020-01-10T14:37:43","modified_gmt":"2020-01-10T17:37:43","slug":"propositos","status":"publish","type":"page","link":"https:\/\/medicina.udd.cl\/odontologia-santiago\/propositos\/","title":{"rendered":"PROP\u00d3SITOS"},"content":{"rendered":"\n<div class=\"wp-block-image\"><figure class=\"aligncenter is-resized\"><img loading=\"lazy\" decoding=\"async\" src=\"https:\/\/medicina.udd.cl\/odontologia-santiago\/files\/2019\/09\/Odontolog\u00eda-3-1024x671.jpg\" alt=\"\" class=\"wp-image-5378\" width=\"512\" height=\"336\" srcset=\"https:\/\/medicina.udd.cl\/odontologia-santiago\/files\/2019\/09\/Odontolog\u00eda-3-1024x671.jpg 1024w, https:\/\/medicina.udd.cl\/odontologia-santiago\/files\/2019\/09\/Odontolog\u00eda-3-300x197.jpg 300w, https:\/\/medicina.udd.cl\/odontologia-santiago\/files\/2019\/09\/Odontolog\u00eda-3-768x503.jpg 768w\" sizes=\"auto, (max-width: 512px) 100vw, 512px\" \/><\/figure><\/div>\n\n\n\n<ul class=\"wp-block-list\"><li> Contribuir a la formaci\u00f3n de profesionales odont\u00f3logos con un modelo que provea el m\u00e1s alto nivel de cuidado a la salud de las personas, mediante el desarrollo de habilidades y conocimientos cient\u00edficos adecuados a las necesidades cambiantes de la poblaci\u00f3n. <\/li><li> Generar un modelo educacional que integre las ciencias b\u00e1sicas a la actividad cl\u00ednica y el desarrollo de la investigaci\u00f3n en docencia. <\/li><li> Desarrollar investigaci\u00f3n en ciencias b\u00e1sicas y cl\u00ednicas, orientada a promover la creaci\u00f3n de nuevo conocimiento en Odontolog\u00eda.  <\/li><li> Promover la colaboraci\u00f3n interinstitucional, tanto nacional como extranjera, para potenciar y actualizar el conocimiento, las habilidades y la tecnolog\u00eda, favoreciendo el v\u00ednculo de las personas dedicadas a la Odontolog\u00eda.  <\/li><li> Promover valores y actitudes en los estudiantes, que complementen su desarrollo profesional y la relaci\u00f3n con otros individuos y la comunidad, con el sello de la responsabilidad p\u00fablica, y en el marco \u00e9tico que impera en nuestra sociedad hoy d\u00eda.<\/li><\/ul>\n","protected":false},"excerpt":{"rendered":"<p>Contribuir a la formaci\u00f3n de profesionales odont\u00f3logos con un modelo que provea el m\u00e1s alto nivel de cuidado a la salud de las personas, mediante el desarrollo de habilidades y conocimientos cient\u00edficos adecuados a las necesidades cambiantes de la poblaci\u00f3n. Generar un modelo educacional que integre las ciencias b\u00e1sicas a la actividad cl\u00ednica y el [&hellip;]<\/p>\n","protected":false},"author":9192219,"featured_media":0,"parent":0,"menu_order":0,"comment_status":"closed","ping_status":"closed","template":"","meta":{"footnotes":""},"class_list":["post-5744","page","type-page","status-publish","hentry"],"yoast_head":"<!-- This site is optimized with the Yoast SEO plugin v26.9 - https:\/\/yoast.com\/product\/yoast-seo-wordpress\/ -->\n<title>PROP\u00d3SITOS - Odontolog\u00eda<\/title>\n<meta name=\"robots\" content=\"index, follow, max-snippet:-1, max-image-preview:large, max-video-preview:-1\" \/>\n<link rel=\"canonical\" href=\"https:\/\/medicina.udd.cl\/odontologia-santiago\/propositos\/\" \/>\n<meta property=\"og:locale\" content=\"es_ES\" \/>\n<meta property=\"og:type\" content=\"article\" \/>\n<meta property=\"og:title\" content=\"PROP\u00d3SITOS - Odontolog\u00eda\" \/>\n<meta property=\"og:description\" content=\"Contribuir a la formaci\u00f3n de profesionales odont\u00f3logos con un modelo que provea el m\u00e1s alto nivel de cuidado a la salud de las personas, mediante el desarrollo de habilidades y conocimientos cient\u00edficos adecuados a las necesidades cambiantes de la poblaci\u00f3n. Generar un modelo educacional que integre las ciencias b\u00e1sicas a la actividad cl\u00ednica y el [&hellip;]\" \/>\n<meta property=\"og:url\" content=\"https:\/\/medicina.udd.cl\/odontologia-santiago\/propositos\/\" \/>\n<meta property=\"og:site_name\" content=\"Odontolog\u00eda\" \/>\n<meta property=\"article:modified_time\" content=\"2020-01-10T17:37:43+00:00\" \/>\n<meta name=\"twitter:label1\" content=\"Tiempo de lectura\" \/>\n\t<meta name=\"twitter:data1\" content=\"1 minuto\" \/>\n<script type=\"application\/ld+json\" class=\"yoast-schema-graph\">{\"@context\":\"https:\/\/schema.org\",\"@graph\":[{\"@type\":\"WebPage\",\"@id\":\"https:\/\/medicina.udd.cl\/odontologia-santiago\/propositos\/\",\"url\":\"https:\/\/medicina.udd.cl\/odontologia-santiago\/propositos\/\",\"name\":\"PROP\u00d3SITOS - Odontolog\u00eda\",\"isPartOf\":{\"@id\":\"https:\/\/medicina.udd.cl\/odontologia-santiago\/#website\"},\"datePublished\":\"2020-01-10T17:24:40+00:00\",\"dateModified\":\"2020-01-10T17:37:43+00:00\",\"breadcrumb\":{\"@id\":\"https:\/\/medicina.udd.cl\/odontologia-santiago\/propositos\/#breadcrumb\"},\"inLanguage\":\"es\",\"potentialAction\":[{\"@type\":\"ReadAction\",\"target\":[\"https:\/\/medicina.udd.cl\/odontologia-santiago\/propositos\/\"]}]},{\"@type\":\"BreadcrumbList\",\"@id\":\"https:\/\/medicina.udd.cl\/odontologia-santiago\/propositos\/#breadcrumb\",\"itemListElement\":[{\"@type\":\"ListItem\",\"position\":1,\"name\":\"Home\",\"item\":\"https:\/\/medicina.udd.cl\/odontologia-santiago\/\"},{\"@type\":\"ListItem\",\"position\":2,\"name\":\"PROP\u00d3SITOS\"}]},{\"@type\":\"WebSite\",\"@id\":\"https:\/\/medicina.udd.cl\/odontologia-santiago\/#website\",\"url\":\"https:\/\/medicina.udd.cl\/odontologia-santiago\/\",\"name\":\"Odontolog\u00eda\",\"description\":\"Facultad de Medicina Cl\u00ednica Alemana Universidad del Desarrollo\",\"inLanguage\":\"es\"}]}<\/script>\n<!-- \/ Yoast SEO plugin. -->","yoast_head_json":{"title":"PROP\u00d3SITOS - Odontolog\u00eda","robots":{"index":"index","follow":"follow","max-snippet":"max-snippet:-1","max-image-preview":"max-image-preview:large","max-video-preview":"max-video-preview:-1"},"canonical":"https:\/\/medicina.udd.cl\/odontologia-santiago\/propositos\/","og_locale":"es_ES","og_type":"article","og_title":"PROP\u00d3SITOS - Odontolog\u00eda","og_description":"Contribuir a la formaci\u00f3n de profesionales odont\u00f3logos con un modelo que provea el m\u00e1s alto nivel de cuidado a la salud de las personas, mediante el desarrollo de habilidades y conocimientos cient\u00edficos adecuados a las necesidades cambiantes de la poblaci\u00f3n. Generar un modelo educacional que integre las ciencias b\u00e1sicas a la actividad cl\u00ednica y el [&hellip;]","og_url":"https:\/\/medicina.udd.cl\/odontologia-santiago\/propositos\/","og_site_name":"Odontolog\u00eda","article_modified_time":"2020-01-10T17:37:43+00:00","twitter_misc":{"Tiempo de lectura":"1 minuto"},"schema":{"@context":"https:\/\/schema.org","@graph":[{"@type":"WebPage","@id":"https:\/\/medicina.udd.cl\/odontologia-santiago\/propositos\/","url":"https:\/\/medicina.udd.cl\/odontologia-santiago\/propositos\/","name":"PROP\u00d3SITOS - Odontolog\u00eda","isPartOf":{"@id":"https:\/\/medicina.udd.cl\/odontologia-santiago\/#website"},"datePublished":"2020-01-10T17:24:40+00:00","dateModified":"2020-01-10T17:37:43+00:00","breadcrumb":{"@id":"https:\/\/medicina.udd.cl\/odontologia-santiago\/propositos\/#breadcrumb"},"inLanguage":"es","potentialAction":[{"@type":"ReadAction","target":["https:\/\/medicina.udd.cl\/odontologia-santiago\/propositos\/"]}]},{"@type":"BreadcrumbList","@id":"https:\/\/medicina.udd.cl\/odontologia-santiago\/propositos\/#breadcrumb","itemListElement":[{"@type":"ListItem","position":1,"name":"Home","item":"https:\/\/medicina.udd.cl\/odontologia-santiago\/"},{"@type":"ListItem","position":2,"name":"PROP\u00d3SITOS"}]},{"@type":"WebSite","@id":"https:\/\/medicina.udd.cl\/odontologia-santiago\/#website","url":"https:\/\/medicina.udd.cl\/odontologia-santiago\/","name":"Odontolog\u00eda","description":"Facultad de Medicina Cl\u00ednica Alemana Universidad del Desarrollo","inLanguage":"es"}]}},"_links":{"self":[{"href":"https:\/\/medicina.udd.cl\/odontologia-santiago\/wp-json\/wp\/v2\/pages\/5744","targetHints":{"allow":["GET"]}}],"collection":[{"href":"https:\/\/medicina.udd.cl\/odontologia-santiago\/wp-json\/wp\/v2\/pages"}],"about":[{"href":"https:\/\/medicina.udd.cl\/odontologia-santiago\/wp-json\/wp\/v2\/types\/page"}],"author":[{"embeddable":true,"href":"https:\/\/medicina.udd.cl\/odontologia-santiago\/wp-json\/wp\/v2\/users\/9192219"}],"replies":[{"embeddable":true,"href":"https:\/\/medicina.udd.cl\/odontologia-santiago\/wp-json\/wp\/v2\/comments?post=5744"}],"version-history":[{"count":3,"href":"https:\/\/medicina.udd.cl\/odontologia-santiago\/wp-json\/wp\/v2\/pages\/5744\/revisions"}],"predecessor-version":[{"id":5752,"href":"https:\/\/medicina.udd.cl\/odontologia-santiago\/wp-json\/wp\/v2\/pages\/5744\/revisions\/5752"}],"wp:attachment":[{"href":"https:\/\/medicina.udd.cl\/odontologia-santiago\/wp-json\/wp\/v2\/media?parent=5744"}],"curies":[{"name":"wp","href":"https:\/\/api.w.org\/{rel}","templated":true}]}}