{"id":5758,"date":"2020-01-10T15:07:31","date_gmt":"2020-01-10T18:07:31","guid":{"rendered":"http:\/\/medicina.udd.cl\/odontologia-santiago\/?page_id=5758"},"modified":"2022-05-05T10:59:21","modified_gmt":"2022-05-05T14:59:21","slug":"2-proceso-de-acreditacion","status":"publish","type":"page","link":"https:\/\/medicina.udd.cl\/odontologia-santiago\/2-proceso-de-acreditacion\/","title":{"rendered":"2\u00b0 Proceso de Acreditaci\u00f3n"},"content":{"rendered":"\n<div class=\"wp-block-image\"><figure class=\"aligncenter size-large\"><img loading=\"lazy\" decoding=\"async\" width=\"724\" height=\"1024\" src=\"https:\/\/medicina.udd.cl\/odontologia-santiago\/files\/2021\/07\/IMAGEN-INFO-WEB-724x1024.png\" alt=\"\" class=\"wp-image-6437\" srcset=\"https:\/\/medicina.udd.cl\/odontologia-santiago\/files\/2021\/07\/IMAGEN-INFO-WEB-724x1024.png 724w, https:\/\/medicina.udd.cl\/odontologia-santiago\/files\/2021\/07\/IMAGEN-INFO-WEB-212x300.png 212w, https:\/\/medicina.udd.cl\/odontologia-santiago\/files\/2021\/07\/IMAGEN-INFO-WEB-768x1086.png 768w, https:\/\/medicina.udd.cl\/odontologia-santiago\/files\/2021\/07\/IMAGEN-INFO-WEB-1086x1536.png 1086w, https:\/\/medicina.udd.cl\/odontologia-santiago\/files\/2021\/07\/IMAGEN-INFO-WEB.png 1414w\" sizes=\"auto, (max-width: 724px) 100vw, 724px\" \/><\/figure><\/div>\n\n\n\n<ul class=\"wp-block-list\"><li> Odontolog\u00eda UDD Acreditada por 6 a\u00f1os<\/li><li> Desde el 5 de enero de 2022 hasta el 5 de enero de 2028.<\/li><li>Modalidad: presencial<\/li><li>Jornada: Diurna<\/li><li>Sede: Santiago y Concepci\u00f3n<\/li><li>Agencia acreditadora: Agencia ADC <\/li><\/ul>\n\n\n\n<div class=\"wp-block-image\"><figure class=\"aligncenter size-large\"><img loading=\"lazy\" decoding=\"async\" width=\"1024\" height=\"374\" src=\"https:\/\/medicina.udd.cl\/odontologia-santiago\/files\/2022\/05\/ACREDITACI\u00d3N-ODONTOLOG\u00cdA_page-0001-1024x374.jpg\" alt=\"\" class=\"wp-image-6904\" srcset=\"https:\/\/medicina.udd.cl\/odontologia-santiago\/files\/2022\/05\/ACREDITACI\u00d3N-ODONTOLOG\u00cdA_page-0001-1024x374.jpg 1024w, https:\/\/medicina.udd.cl\/odontologia-santiago\/files\/2022\/05\/ACREDITACI\u00d3N-ODONTOLOG\u00cdA_page-0001-300x110.jpg 300w, https:\/\/medicina.udd.cl\/odontologia-santiago\/files\/2022\/05\/ACREDITACI\u00d3N-ODONTOLOG\u00cdA_page-0001-768x281.jpg 768w, https:\/\/medicina.udd.cl\/odontologia-santiago\/files\/2022\/05\/ACREDITACI\u00d3N-ODONTOLOG\u00cdA_page-0001-1536x562.jpg 1536w, https:\/\/medicina.udd.cl\/odontologia-santiago\/files\/2022\/05\/ACREDITACI\u00d3N-ODONTOLOG\u00cdA_page-0001-2048x749.jpg 2048w\" sizes=\"auto, (max-width: 1024px) 100vw, 1024px\" \/><\/figure><\/div>\n","protected":false},"excerpt":{"rendered":"<p>Odontolog\u00eda UDD Acreditada por 6 a\u00f1os Desde el 5 de enero de 2022 hasta el 5 de enero de 2028. Modalidad: presencial Jornada: Diurna Sede: Santiago y Concepci\u00f3n Agencia acreditadora: Agencia ADC<\/p>\n","protected":false},"author":9192219,"featured_media":0,"parent":0,"menu_order":0,"comment_status":"closed","ping_status":"closed","template":"","meta":{"footnotes":""},"class_list":["post-5758","page","type-page","status-publish","hentry"],"yoast_head":"<!-- This site is optimized with the Yoast SEO plugin v26.9 - https:\/\/yoast.com\/product\/yoast-seo-wordpress\/ -->\n<title>2\u00b0 Proceso de Acreditaci\u00f3n - Odontolog\u00eda<\/title>\n<meta name=\"robots\" content=\"index, follow, max-snippet:-1, max-image-preview:large, max-video-preview:-1\" \/>\n<link rel=\"canonical\" href=\"https:\/\/medicina.udd.cl\/odontologia-santiago\/2-proceso-de-acreditacion\/\" \/>\n<meta property=\"og:locale\" content=\"es_ES\" \/>\n<meta property=\"og:type\" content=\"article\" \/>\n<meta property=\"og:title\" content=\"2\u00b0 Proceso de Acreditaci\u00f3n - Odontolog\u00eda\" \/>\n<meta property=\"og:description\" content=\"Odontolog\u00eda UDD Acreditada por 6 a\u00f1os Desde el 5 de enero de 2022 hasta el 5 de enero de 2028. Modalidad: presencial Jornada: Diurna Sede: Santiago y Concepci\u00f3n Agencia acreditadora: Agencia ADC\" \/>\n<meta property=\"og:url\" content=\"https:\/\/medicina.udd.cl\/odontologia-santiago\/2-proceso-de-acreditacion\/\" \/>\n<meta property=\"og:site_name\" content=\"Odontolog\u00eda\" \/>\n<meta property=\"article:modified_time\" content=\"2022-05-05T14:59:21+00:00\" \/>\n<meta property=\"og:image\" content=\"https:\/\/medicina.udd.cl\/odontologia-santiago\/files\/2021\/07\/IMAGEN-INFO-WEB-724x1024.png\" \/>\n<script type=\"application\/ld+json\" class=\"yoast-schema-graph\">{\"@context\":\"https:\/\/schema.org\",\"@graph\":[{\"@type\":\"WebPage\",\"@id\":\"https:\/\/medicina.udd.cl\/odontologia-santiago\/2-proceso-de-acreditacion\/\",\"url\":\"https:\/\/medicina.udd.cl\/odontologia-santiago\/2-proceso-de-acreditacion\/\",\"name\":\"2\u00b0 Proceso de Acreditaci\u00f3n - Odontolog\u00eda\",\"isPartOf\":{\"@id\":\"https:\/\/medicina.udd.cl\/odontologia-santiago\/#website\"},\"primaryImageOfPage\":{\"@id\":\"https:\/\/medicina.udd.cl\/odontologia-santiago\/2-proceso-de-acreditacion\/#primaryimage\"},\"image\":{\"@id\":\"https:\/\/medicina.udd.cl\/odontologia-santiago\/2-proceso-de-acreditacion\/#primaryimage\"},\"thumbnailUrl\":\"https:\/\/medicina.udd.cl\/odontologia-santiago\/files\/2021\/07\/IMAGEN-INFO-WEB-724x1024.png\",\"datePublished\":\"2020-01-10T18:07:31+00:00\",\"dateModified\":\"2022-05-05T14:59:21+00:00\",\"breadcrumb\":{\"@id\":\"https:\/\/medicina.udd.cl\/odontologia-santiago\/2-proceso-de-acreditacion\/#breadcrumb\"},\"inLanguage\":\"es\",\"potentialAction\":[{\"@type\":\"ReadAction\",\"target\":[\"https:\/\/medicina.udd.cl\/odontologia-santiago\/2-proceso-de-acreditacion\/\"]}]},{\"@type\":\"ImageObject\",\"inLanguage\":\"es\",\"@id\":\"https:\/\/medicina.udd.cl\/odontologia-santiago\/2-proceso-de-acreditacion\/#primaryimage\",\"url\":\"https:\/\/medicina.udd.cl\/odontologia-santiago\/files\/2021\/07\/IMAGEN-INFO-WEB.png\",\"contentUrl\":\"https:\/\/medicina.udd.cl\/odontologia-santiago\/files\/2021\/07\/IMAGEN-INFO-WEB.png\",\"width\":1414,\"height\":2000},{\"@type\":\"BreadcrumbList\",\"@id\":\"https:\/\/medicina.udd.cl\/odontologia-santiago\/2-proceso-de-acreditacion\/#breadcrumb\",\"itemListElement\":[{\"@type\":\"ListItem\",\"position\":1,\"name\":\"Home\",\"item\":\"https:\/\/medicina.udd.cl\/odontologia-santiago\/\"},{\"@type\":\"ListItem\",\"position\":2,\"name\":\"2\u00b0 Proceso de Acreditaci\u00f3n\"}]},{\"@type\":\"WebSite\",\"@id\":\"https:\/\/medicina.udd.cl\/odontologia-santiago\/#website\",\"url\":\"https:\/\/medicina.udd.cl\/odontologia-santiago\/\",\"name\":\"Odontolog\u00eda\",\"description\":\"Facultad de Medicina Cl\u00ednica Alemana Universidad del Desarrollo\",\"inLanguage\":\"es\"}]}<\/script>\n<!-- \/ Yoast SEO plugin. -->","yoast_head_json":{"title":"2\u00b0 Proceso de Acreditaci\u00f3n - Odontolog\u00eda","robots":{"index":"index","follow":"follow","max-snippet":"max-snippet:-1","max-image-preview":"max-image-preview:large","max-video-preview":"max-video-preview:-1"},"canonical":"https:\/\/medicina.udd.cl\/odontologia-santiago\/2-proceso-de-acreditacion\/","og_locale":"es_ES","og_type":"article","og_title":"2\u00b0 Proceso de Acreditaci\u00f3n - Odontolog\u00eda","og_description":"Odontolog\u00eda UDD Acreditada por 6 a\u00f1os Desde el 5 de enero de 2022 hasta el 5 de enero de 2028. Modalidad: presencial Jornada: Diurna Sede: Santiago y Concepci\u00f3n Agencia acreditadora: Agencia ADC","og_url":"https:\/\/medicina.udd.cl\/odontologia-santiago\/2-proceso-de-acreditacion\/","og_site_name":"Odontolog\u00eda","article_modified_time":"2022-05-05T14:59:21+00:00","og_image":[{"url":"https:\/\/medicina.udd.cl\/odontologia-santiago\/files\/2021\/07\/IMAGEN-INFO-WEB-724x1024.png","type":"","width":"","height":""}],"schema":{"@context":"https:\/\/schema.org","@graph":[{"@type":"WebPage","@id":"https:\/\/medicina.udd.cl\/odontologia-santiago\/2-proceso-de-acreditacion\/","url":"https:\/\/medicina.udd.cl\/odontologia-santiago\/2-proceso-de-acreditacion\/","name":"2\u00b0 Proceso de Acreditaci\u00f3n - Odontolog\u00eda","isPartOf":{"@id":"https:\/\/medicina.udd.cl\/odontologia-santiago\/#website"},"primaryImageOfPage":{"@id":"https:\/\/medicina.udd.cl\/odontologia-santiago\/2-proceso-de-acreditacion\/#primaryimage"},"image":{"@id":"https:\/\/medicina.udd.cl\/odontologia-santiago\/2-proceso-de-acreditacion\/#primaryimage"},"thumbnailUrl":"https:\/\/medicina.udd.cl\/odontologia-santiago\/files\/2021\/07\/IMAGEN-INFO-WEB-724x1024.png","datePublished":"2020-01-10T18:07:31+00:00","dateModified":"2022-05-05T14:59:21+00:00","breadcrumb":{"@id":"https:\/\/medicina.udd.cl\/odontologia-santiago\/2-proceso-de-acreditacion\/#breadcrumb"},"inLanguage":"es","potentialAction":[{"@type":"ReadAction","target":["https:\/\/medicina.udd.cl\/odontologia-santiago\/2-proceso-de-acreditacion\/"]}]},{"@type":"ImageObject","inLanguage":"es","@id":"https:\/\/medicina.udd.cl\/odontologia-santiago\/2-proceso-de-acreditacion\/#primaryimage","url":"https:\/\/medicina.udd.cl\/odontologia-santiago\/files\/2021\/07\/IMAGEN-INFO-WEB.png","contentUrl":"https:\/\/medicina.udd.cl\/odontologia-santiago\/files\/2021\/07\/IMAGEN-INFO-WEB.png","width":1414,"height":2000},{"@type":"BreadcrumbList","@id":"https:\/\/medicina.udd.cl\/odontologia-santiago\/2-proceso-de-acreditacion\/#breadcrumb","itemListElement":[{"@type":"ListItem","position":1,"name":"Home","item":"https:\/\/medicina.udd.cl\/odontologia-santiago\/"},{"@type":"ListItem","position":2,"name":"2\u00b0 Proceso de Acreditaci\u00f3n"}]},{"@type":"WebSite","@id":"https:\/\/medicina.udd.cl\/odontologia-santiago\/#website","url":"https:\/\/medicina.udd.cl\/odontologia-santiago\/","name":"Odontolog\u00eda","description":"Facultad de Medicina Cl\u00ednica Alemana Universidad del Desarrollo","inLanguage":"es"}]}},"_links":{"self":[{"href":"https:\/\/medicina.udd.cl\/odontologia-santiago\/wp-json\/wp\/v2\/pages\/5758","targetHints":{"allow":["GET"]}}],"collection":[{"href":"https:\/\/medicina.udd.cl\/odontologia-santiago\/wp-json\/wp\/v2\/pages"}],"about":[{"href":"https:\/\/medicina.udd.cl\/odontologia-santiago\/wp-json\/wp\/v2\/types\/page"}],"author":[{"embeddable":true,"href":"https:\/\/medicina.udd.cl\/odontologia-santiago\/wp-json\/wp\/v2\/users\/9192219"}],"replies":[{"embeddable":true,"href":"https:\/\/medicina.udd.cl\/odontologia-santiago\/wp-json\/wp\/v2\/comments?post=5758"}],"version-history":[{"count":7,"href":"https:\/\/medicina.udd.cl\/odontologia-santiago\/wp-json\/wp\/v2\/pages\/5758\/revisions"}],"predecessor-version":[{"id":6906,"href":"https:\/\/medicina.udd.cl\/odontologia-santiago\/wp-json\/wp\/v2\/pages\/5758\/revisions\/6906"}],"wp:attachment":[{"href":"https:\/\/medicina.udd.cl\/odontologia-santiago\/wp-json\/wp\/v2\/media?parent=5758"}],"curies":[{"name":"wp","href":"https:\/\/api.w.org\/{rel}","templated":true}]}}