{"id":611,"date":"2011-03-29T14:52:09","date_gmt":"2011-03-29T17:52:09","guid":{"rendered":"http:\/\/medicina.udd.cl\/odontologia-santiago\/"},"modified":"2016-09-21T11:53:02","modified_gmt":"2016-09-21T14:53:02","slug":"perfil-del-odontologo","status":"publish","type":"page","link":"https:\/\/medicina.udd.cl\/odontologia-santiago\/la-carrera\/perfil-del-odontologo\/","title":{"rendered":"Perfil del Odont\u00f3logo"},"content":{"rendered":"<p style=\"text-align: justify\"><a href=\"http:\/\/medicina.udd.cl\/odontologia-santiago\/files\/2011\/03\/DSC_0840.jpg\"><img loading=\"lazy\" decoding=\"async\" class=\" wp-image-1714 alignleft\" src=\"http:\/\/medicina.udd.cl\/odontologia-santiago\/files\/2011\/03\/DSC_0840-300x199.jpg\" alt=\"DSC_0840\" width=\"228\" height=\"151\" \/><\/a>El egresado de Odontolog\u00eda contribuye a la salud oral de las personas desde una mirada integral durante todo el ciclo vital, a trav\u00e9s del diagn\u00f3stico, prevenci\u00f3n y tratamiento de la patolog\u00eda bucal; hace educaci\u00f3n y promoci\u00f3n de estilos de vida saludable, interactuando con otros profesionales de la salud y usando la gesti\u00f3n como instrumento de ejercicio profesional sustentable.<\/p>\n<p style=\"text-align: justify\">Participa en la generaci\u00f3n y desarrollo de investigaciones relacionadas con odontolog\u00eda y salud, que da cuenta de la capacidad indagatoria y autonom\u00eda en la b\u00fasqueda de respuestas a preguntas de investigaci\u00f3n. Promueve la innovaci\u00f3n y la investigaci\u00f3n en el campo de la odontolog\u00eda, vincul\u00e1ndose a equipos multidiciplinarios.<\/p>\n<p style=\"text-align: justify\">Planifica y ejecuta programas y actividades de promoci\u00f3n de la salud oral, tanto individuales como colectivas.<\/p>\n","protected":false},"excerpt":{"rendered":"<p>El egresado de Odontolog\u00eda contribuye a la salud oral de las personas desde una mirada integral durante todo el ciclo vital, a trav\u00e9s del diagn\u00f3stico, prevenci\u00f3n y tratamiento de la patolog\u00eda bucal; hace educaci\u00f3n y promoci\u00f3n de estilos de vida saludable, interactuando con otros profesionales de la salud y usando la gesti\u00f3n como instrumento de [&hellip;]<\/p>\n","protected":false},"author":1,"featured_media":0,"parent":3,"menu_order":30,"comment_status":"open","ping_status":"closed","template":"","meta":{"footnotes":""},"class_list":["post-611","page","type-page","status-publish","hentry"],"yoast_head":"<!-- This site is optimized with the Yoast SEO plugin v26.9 - https:\/\/yoast.com\/product\/yoast-seo-wordpress\/ -->\n<title>Perfil Odont\u00f3logo | Odontolog\u00eda (Santiago)| Universidad del Desarrollo<\/title>\n<meta name=\"description\" content=\"El odont\u00f3logo UDD aplica a la pr\u00e1ctica profesional el conocimiento de la estructura del cuerpo humano.\" \/>\n<meta name=\"robots\" content=\"index, follow, max-snippet:-1, max-image-preview:large, max-video-preview:-1\" \/>\n<link rel=\"canonical\" href=\"https:\/\/medicina.udd.cl\/odontologia-santiago\/la-carrera\/perfil-del-odontologo\/\" \/>\n<meta property=\"og:locale\" content=\"es_ES\" \/>\n<meta property=\"og:type\" content=\"article\" \/>\n<meta property=\"og:title\" content=\"Perfil Odont\u00f3logo | Odontolog\u00eda (Santiago)| Universidad del Desarrollo\" \/>\n<meta property=\"og:description\" content=\"El odont\u00f3logo UDD aplica a la pr\u00e1ctica profesional el conocimiento de la estructura del cuerpo humano.\" \/>\n<meta property=\"og:url\" content=\"https:\/\/medicina.udd.cl\/odontologia-santiago\/la-carrera\/perfil-del-odontologo\/\" \/>\n<meta property=\"og:site_name\" content=\"Odontolog\u00eda\" \/>\n<meta property=\"article:modified_time\" content=\"2016-09-21T14:53:02+00:00\" \/>\n<meta property=\"og:image\" content=\"http:\/\/medicina.udd.cl\/odontologia-santiago\/files\/2011\/03\/DSC_0840-300x199.jpg\" \/>\n<meta name=\"twitter:label1\" content=\"Tiempo de lectura\" \/>\n\t<meta name=\"twitter:data1\" content=\"1 minuto\" \/>\n<script type=\"application\/ld+json\" class=\"yoast-schema-graph\">{\"@context\":\"https:\/\/schema.org\",\"@graph\":[{\"@type\":\"WebPage\",\"@id\":\"https:\/\/medicina.udd.cl\/odontologia-santiago\/la-carrera\/perfil-del-odontologo\/\",\"url\":\"https:\/\/medicina.udd.cl\/odontologia-santiago\/la-carrera\/perfil-del-odontologo\/\",\"name\":\"Perfil Odont\u00f3logo | Odontolog\u00eda (Santiago)| Universidad del Desarrollo\",\"isPartOf\":{\"@id\":\"https:\/\/medicina.udd.cl\/odontologia-santiago\/#website\"},\"primaryImageOfPage\":{\"@id\":\"https:\/\/medicina.udd.cl\/odontologia-santiago\/la-carrera\/perfil-del-odontologo\/#primaryimage\"},\"image\":{\"@id\":\"https:\/\/medicina.udd.cl\/odontologia-santiago\/la-carrera\/perfil-del-odontologo\/#primaryimage\"},\"thumbnailUrl\":\"http:\/\/medicina.udd.cl\/odontologia-santiago\/files\/2011\/03\/DSC_0840-300x199.jpg\",\"datePublished\":\"2011-03-29T17:52:09+00:00\",\"dateModified\":\"2016-09-21T14:53:02+00:00\",\"description\":\"El odont\u00f3logo UDD aplica a la pr\u00e1ctica profesional el conocimiento de la estructura del cuerpo humano.\",\"breadcrumb\":{\"@id\":\"https:\/\/medicina.udd.cl\/odontologia-santiago\/la-carrera\/perfil-del-odontologo\/#breadcrumb\"},\"inLanguage\":\"es\",\"potentialAction\":[{\"@type\":\"ReadAction\",\"target\":[\"https:\/\/medicina.udd.cl\/odontologia-santiago\/la-carrera\/perfil-del-odontologo\/\"]}]},{\"@type\":\"ImageObject\",\"inLanguage\":\"es\",\"@id\":\"https:\/\/medicina.udd.cl\/odontologia-santiago\/la-carrera\/perfil-del-odontologo\/#primaryimage\",\"url\":\"http:\/\/medicina.udd.cl\/odontologia-santiago\/files\/2011\/03\/DSC_0840-300x199.jpg\",\"contentUrl\":\"http:\/\/medicina.udd.cl\/odontologia-santiago\/files\/2011\/03\/DSC_0840-300x199.jpg\"},{\"@type\":\"BreadcrumbList\",\"@id\":\"https:\/\/medicina.udd.cl\/odontologia-santiago\/la-carrera\/perfil-del-odontologo\/#breadcrumb\",\"itemListElement\":[{\"@type\":\"ListItem\",\"position\":1,\"name\":\"Home\",\"item\":\"https:\/\/medicina.udd.cl\/odontologia-santiago\/\"},{\"@type\":\"ListItem\",\"position\":2,\"name\":\"La Carrera\",\"item\":\"https:\/\/medicina.udd.cl\/odontologia-santiago\/la-carrera\/\"},{\"@type\":\"ListItem\",\"position\":3,\"name\":\"Perfil del Odont\u00f3logo\"}]},{\"@type\":\"WebSite\",\"@id\":\"https:\/\/medicina.udd.cl\/odontologia-santiago\/#website\",\"url\":\"https:\/\/medicina.udd.cl\/odontologia-santiago\/\",\"name\":\"Odontolog\u00eda\",\"description\":\"Facultad de Medicina Cl\u00ednica Alemana Universidad del Desarrollo\",\"inLanguage\":\"es\"}]}<\/script>\n<!-- \/ Yoast SEO plugin. -->","yoast_head_json":{"title":"Perfil Odont\u00f3logo | Odontolog\u00eda (Santiago)| Universidad del Desarrollo","description":"El odont\u00f3logo UDD aplica a la pr\u00e1ctica profesional el conocimiento de la estructura del cuerpo humano.","robots":{"index":"index","follow":"follow","max-snippet":"max-snippet:-1","max-image-preview":"max-image-preview:large","max-video-preview":"max-video-preview:-1"},"canonical":"https:\/\/medicina.udd.cl\/odontologia-santiago\/la-carrera\/perfil-del-odontologo\/","og_locale":"es_ES","og_type":"article","og_title":"Perfil Odont\u00f3logo | Odontolog\u00eda (Santiago)| Universidad del Desarrollo","og_description":"El odont\u00f3logo UDD aplica a la pr\u00e1ctica profesional el conocimiento de la estructura del cuerpo humano.","og_url":"https:\/\/medicina.udd.cl\/odontologia-santiago\/la-carrera\/perfil-del-odontologo\/","og_site_name":"Odontolog\u00eda","article_modified_time":"2016-09-21T14:53:02+00:00","og_image":[{"url":"http:\/\/medicina.udd.cl\/odontologia-santiago\/files\/2011\/03\/DSC_0840-300x199.jpg","type":"","width":"","height":""}],"twitter_misc":{"Tiempo de lectura":"1 minuto"},"schema":{"@context":"https:\/\/schema.org","@graph":[{"@type":"WebPage","@id":"https:\/\/medicina.udd.cl\/odontologia-santiago\/la-carrera\/perfil-del-odontologo\/","url":"https:\/\/medicina.udd.cl\/odontologia-santiago\/la-carrera\/perfil-del-odontologo\/","name":"Perfil Odont\u00f3logo | Odontolog\u00eda (Santiago)| Universidad del Desarrollo","isPartOf":{"@id":"https:\/\/medicina.udd.cl\/odontologia-santiago\/#website"},"primaryImageOfPage":{"@id":"https:\/\/medicina.udd.cl\/odontologia-santiago\/la-carrera\/perfil-del-odontologo\/#primaryimage"},"image":{"@id":"https:\/\/medicina.udd.cl\/odontologia-santiago\/la-carrera\/perfil-del-odontologo\/#primaryimage"},"thumbnailUrl":"http:\/\/medicina.udd.cl\/odontologia-santiago\/files\/2011\/03\/DSC_0840-300x199.jpg","datePublished":"2011-03-29T17:52:09+00:00","dateModified":"2016-09-21T14:53:02+00:00","description":"El odont\u00f3logo UDD aplica a la pr\u00e1ctica profesional el conocimiento de la estructura del cuerpo humano.","breadcrumb":{"@id":"https:\/\/medicina.udd.cl\/odontologia-santiago\/la-carrera\/perfil-del-odontologo\/#breadcrumb"},"inLanguage":"es","potentialAction":[{"@type":"ReadAction","target":["https:\/\/medicina.udd.cl\/odontologia-santiago\/la-carrera\/perfil-del-odontologo\/"]}]},{"@type":"ImageObject","inLanguage":"es","@id":"https:\/\/medicina.udd.cl\/odontologia-santiago\/la-carrera\/perfil-del-odontologo\/#primaryimage","url":"http:\/\/medicina.udd.cl\/odontologia-santiago\/files\/2011\/03\/DSC_0840-300x199.jpg","contentUrl":"http:\/\/medicina.udd.cl\/odontologia-santiago\/files\/2011\/03\/DSC_0840-300x199.jpg"},{"@type":"BreadcrumbList","@id":"https:\/\/medicina.udd.cl\/odontologia-santiago\/la-carrera\/perfil-del-odontologo\/#breadcrumb","itemListElement":[{"@type":"ListItem","position":1,"name":"Home","item":"https:\/\/medicina.udd.cl\/odontologia-santiago\/"},{"@type":"ListItem","position":2,"name":"La Carrera","item":"https:\/\/medicina.udd.cl\/odontologia-santiago\/la-carrera\/"},{"@type":"ListItem","position":3,"name":"Perfil del Odont\u00f3logo"}]},{"@type":"WebSite","@id":"https:\/\/medicina.udd.cl\/odontologia-santiago\/#website","url":"https:\/\/medicina.udd.cl\/odontologia-santiago\/","name":"Odontolog\u00eda","description":"Facultad de Medicina Cl\u00ednica Alemana Universidad del Desarrollo","inLanguage":"es"}]}},"_links":{"self":[{"href":"https:\/\/medicina.udd.cl\/odontologia-santiago\/wp-json\/wp\/v2\/pages\/611","targetHints":{"allow":["GET"]}}],"collection":[{"href":"https:\/\/medicina.udd.cl\/odontologia-santiago\/wp-json\/wp\/v2\/pages"}],"about":[{"href":"https:\/\/medicina.udd.cl\/odontologia-santiago\/wp-json\/wp\/v2\/types\/page"}],"author":[{"embeddable":true,"href":"https:\/\/medicina.udd.cl\/odontologia-santiago\/wp-json\/wp\/v2\/users\/1"}],"replies":[{"embeddable":true,"href":"https:\/\/medicina.udd.cl\/odontologia-santiago\/wp-json\/wp\/v2\/comments?post=611"}],"version-history":[{"count":24,"href":"https:\/\/medicina.udd.cl\/odontologia-santiago\/wp-json\/wp\/v2\/pages\/611\/revisions"}],"predecessor-version":[{"id":4052,"href":"https:\/\/medicina.udd.cl\/odontologia-santiago\/wp-json\/wp\/v2\/pages\/611\/revisions\/4052"}],"up":[{"embeddable":true,"href":"https:\/\/medicina.udd.cl\/odontologia-santiago\/wp-json\/wp\/v2\/pages\/3"}],"wp:attachment":[{"href":"https:\/\/medicina.udd.cl\/odontologia-santiago\/wp-json\/wp\/v2\/media?parent=611"}],"curies":[{"name":"wp","href":"https:\/\/api.w.org\/{rel}","templated":true}]}}