{"id":6288,"date":"2020-11-16T09:43:11","date_gmt":"2020-11-16T12:43:11","guid":{"rendered":"http:\/\/medicina.udd.cl\/odontologia-santiago\/?page_id=6288"},"modified":"2020-11-16T09:43:12","modified_gmt":"2020-11-16T12:43:12","slug":"inscripcion-vive-la-experiencia-hyflex-quimica","status":"publish","type":"page","link":"https:\/\/medicina.udd.cl\/odontologia-santiago\/inscripcion-vive-la-experiencia-hyflex-quimica\/","title":{"rendered":"Inscripci\u00f3n &#8211; Vive la experiencia HyFlex: Qu\u00edmica"},"content":{"rendered":"<iframe src=\"https:\/\/crmadmision.udd.cl\/formulario_inscripcion\/index.php?cod_instancia=10173\" width=\"100%\" height=\"2500\" loading=\"lazy\" frameborder=\"0\" scrolling=\"no\"><\/iframe>\n","protected":false},"excerpt":{"rendered":"","protected":false},"author":9192198,"featured_media":0,"parent":0,"menu_order":0,"comment_status":"closed","ping_status":"closed","template":"","meta":{"footnotes":""},"class_list":["post-6288","page","type-page","status-publish","hentry"],"yoast_head":"<!-- This site is optimized with the Yoast SEO plugin v26.9 - https:\/\/yoast.com\/product\/yoast-seo-wordpress\/ -->\n<title>Inscripci\u00f3n - Vive la experiencia HyFlex: Qu\u00edmica - Odontolog\u00eda<\/title>\n<meta name=\"robots\" content=\"index, follow, max-snippet:-1, max-image-preview:large, max-video-preview:-1\" \/>\n<link rel=\"canonical\" href=\"https:\/\/medicina.udd.cl\/odontologia-santiago\/inscripcion-vive-la-experiencia-hyflex-quimica\/\" \/>\n<meta property=\"og:locale\" content=\"es_ES\" \/>\n<meta property=\"og:type\" content=\"article\" \/>\n<meta property=\"og:title\" content=\"Inscripci\u00f3n - Vive la experiencia HyFlex: Qu\u00edmica - Odontolog\u00eda\" \/>\n<meta property=\"og:url\" content=\"https:\/\/medicina.udd.cl\/odontologia-santiago\/inscripcion-vive-la-experiencia-hyflex-quimica\/\" \/>\n<meta property=\"og:site_name\" content=\"Odontolog\u00eda\" \/>\n<meta property=\"article:modified_time\" content=\"2020-11-16T12:43:12+00:00\" \/>\n<script type=\"application\/ld+json\" class=\"yoast-schema-graph\">{\"@context\":\"https:\/\/schema.org\",\"@graph\":[{\"@type\":\"WebPage\",\"@id\":\"https:\/\/medicina.udd.cl\/odontologia-santiago\/inscripcion-vive-la-experiencia-hyflex-quimica\/\",\"url\":\"https:\/\/medicina.udd.cl\/odontologia-santiago\/inscripcion-vive-la-experiencia-hyflex-quimica\/\",\"name\":\"Inscripci\u00f3n - Vive la experiencia HyFlex: Qu\u00edmica - Odontolog\u00eda\",\"isPartOf\":{\"@id\":\"https:\/\/medicina.udd.cl\/odontologia-santiago\/#website\"},\"datePublished\":\"2020-11-16T12:43:11+00:00\",\"dateModified\":\"2020-11-16T12:43:12+00:00\",\"breadcrumb\":{\"@id\":\"https:\/\/medicina.udd.cl\/odontologia-santiago\/inscripcion-vive-la-experiencia-hyflex-quimica\/#breadcrumb\"},\"inLanguage\":\"es\",\"potentialAction\":[{\"@type\":\"ReadAction\",\"target\":[\"https:\/\/medicina.udd.cl\/odontologia-santiago\/inscripcion-vive-la-experiencia-hyflex-quimica\/\"]}]},{\"@type\":\"BreadcrumbList\",\"@id\":\"https:\/\/medicina.udd.cl\/odontologia-santiago\/inscripcion-vive-la-experiencia-hyflex-quimica\/#breadcrumb\",\"itemListElement\":[{\"@type\":\"ListItem\",\"position\":1,\"name\":\"Home\",\"item\":\"https:\/\/medicina.udd.cl\/odontologia-santiago\/\"},{\"@type\":\"ListItem\",\"position\":2,\"name\":\"Inscripci\u00f3n &#8211; Vive la experiencia HyFlex: Qu\u00edmica\"}]},{\"@type\":\"WebSite\",\"@id\":\"https:\/\/medicina.udd.cl\/odontologia-santiago\/#website\",\"url\":\"https:\/\/medicina.udd.cl\/odontologia-santiago\/\",\"name\":\"Odontolog\u00eda\",\"description\":\"Facultad de Medicina Cl\u00ednica Alemana Universidad del Desarrollo\",\"inLanguage\":\"es\"}]}<\/script>\n<!-- \/ Yoast SEO plugin. -->","yoast_head_json":{"title":"Inscripci\u00f3n - Vive la experiencia HyFlex: Qu\u00edmica - Odontolog\u00eda","robots":{"index":"index","follow":"follow","max-snippet":"max-snippet:-1","max-image-preview":"max-image-preview:large","max-video-preview":"max-video-preview:-1"},"canonical":"https:\/\/medicina.udd.cl\/odontologia-santiago\/inscripcion-vive-la-experiencia-hyflex-quimica\/","og_locale":"es_ES","og_type":"article","og_title":"Inscripci\u00f3n - Vive la experiencia HyFlex: Qu\u00edmica - Odontolog\u00eda","og_url":"https:\/\/medicina.udd.cl\/odontologia-santiago\/inscripcion-vive-la-experiencia-hyflex-quimica\/","og_site_name":"Odontolog\u00eda","article_modified_time":"2020-11-16T12:43:12+00:00","schema":{"@context":"https:\/\/schema.org","@graph":[{"@type":"WebPage","@id":"https:\/\/medicina.udd.cl\/odontologia-santiago\/inscripcion-vive-la-experiencia-hyflex-quimica\/","url":"https:\/\/medicina.udd.cl\/odontologia-santiago\/inscripcion-vive-la-experiencia-hyflex-quimica\/","name":"Inscripci\u00f3n - Vive la experiencia HyFlex: Qu\u00edmica - Odontolog\u00eda","isPartOf":{"@id":"https:\/\/medicina.udd.cl\/odontologia-santiago\/#website"},"datePublished":"2020-11-16T12:43:11+00:00","dateModified":"2020-11-16T12:43:12+00:00","breadcrumb":{"@id":"https:\/\/medicina.udd.cl\/odontologia-santiago\/inscripcion-vive-la-experiencia-hyflex-quimica\/#breadcrumb"},"inLanguage":"es","potentialAction":[{"@type":"ReadAction","target":["https:\/\/medicina.udd.cl\/odontologia-santiago\/inscripcion-vive-la-experiencia-hyflex-quimica\/"]}]},{"@type":"BreadcrumbList","@id":"https:\/\/medicina.udd.cl\/odontologia-santiago\/inscripcion-vive-la-experiencia-hyflex-quimica\/#breadcrumb","itemListElement":[{"@type":"ListItem","position":1,"name":"Home","item":"https:\/\/medicina.udd.cl\/odontologia-santiago\/"},{"@type":"ListItem","position":2,"name":"Inscripci\u00f3n &#8211; Vive la experiencia HyFlex: Qu\u00edmica"}]},{"@type":"WebSite","@id":"https:\/\/medicina.udd.cl\/odontologia-santiago\/#website","url":"https:\/\/medicina.udd.cl\/odontologia-santiago\/","name":"Odontolog\u00eda","description":"Facultad de Medicina Cl\u00ednica Alemana Universidad del Desarrollo","inLanguage":"es"}]}},"_links":{"self":[{"href":"https:\/\/medicina.udd.cl\/odontologia-santiago\/wp-json\/wp\/v2\/pages\/6288","targetHints":{"allow":["GET"]}}],"collection":[{"href":"https:\/\/medicina.udd.cl\/odontologia-santiago\/wp-json\/wp\/v2\/pages"}],"about":[{"href":"https:\/\/medicina.udd.cl\/odontologia-santiago\/wp-json\/wp\/v2\/types\/page"}],"author":[{"embeddable":true,"href":"https:\/\/medicina.udd.cl\/odontologia-santiago\/wp-json\/wp\/v2\/users\/9192198"}],"replies":[{"embeddable":true,"href":"https:\/\/medicina.udd.cl\/odontologia-santiago\/wp-json\/wp\/v2\/comments?post=6288"}],"version-history":[{"count":1,"href":"https:\/\/medicina.udd.cl\/odontologia-santiago\/wp-json\/wp\/v2\/pages\/6288\/revisions"}],"predecessor-version":[{"id":6289,"href":"https:\/\/medicina.udd.cl\/odontologia-santiago\/wp-json\/wp\/v2\/pages\/6288\/revisions\/6289"}],"wp:attachment":[{"href":"https:\/\/medicina.udd.cl\/odontologia-santiago\/wp-json\/wp\/v2\/media?parent=6288"}],"curies":[{"name":"wp","href":"https:\/\/api.w.org\/{rel}","templated":true}]}}