{"id":6642,"date":"2021-12-06T12:12:24","date_gmt":"2021-12-06T15:12:24","guid":{"rendered":"https:\/\/medicina.udd.cl\/odontologia-santiago\/?page_id=6642"},"modified":"2021-12-20T17:15:20","modified_gmt":"2021-12-20T20:15:20","slug":"odontologia-udd-avanza-en-proyecto-de-innovacion-curricular","status":"publish","type":"page","link":"https:\/\/medicina.udd.cl\/odontologia-santiago\/odontologia-udd-avanza-en-proyecto-de-innovacion-curricular\/","title":{"rendered":"Odontolog\u00eda UDD avanza en Proyecto de Innovaci\u00f3n Curricular"},"content":{"rendered":"\n<figure class=\"wp-block-embed-youtube aligncenter wp-block-embed is-type-video is-provider-youtube wp-embed-aspect-16-9 wp-has-aspect-ratio\"><div class=\"wp-block-embed__wrapper\">\n<iframe loading=\"lazy\" title=\"Odontolog\u00eda | Innovaci\u00f3n Curricular\" width=\"500\" height=\"281\" src=\"https:\/\/www.youtube.com\/embed\/F3xo98iiaH4?feature=oembed&#038;rel=0&#038;modestbranding=1&#038;autohide=1&#038;autoplay=0&#038;enablejsapi=1&#038;showinfo=0\" allowautoplay=\"allowautoplay\" frameborder=\"0\" allow=\"accelerometer; autoplay; clipboard-write; encrypted-media; gyroscope; picture-in-picture; web-share\" referrerpolicy=\"strict-origin-when-cross-origin\" allowfullscreen><\/iframe>\n<\/div><\/figure>\n\n\n\n<p>Odontolog\u00eda UDD se caracteriza por buscar constantemente sellos diferenciadores en pro de la formaci\u00f3n de excelencia. Prueba de ello es el Proyecto de Innovaci\u00f3n Curricular, cuyo slogan es &nbsp;\u00abExperiencia multisensorial para el aprendizaje de los estudiantes de Odontolog\u00eda UDD\u00bb, que busca reforzar el \u00e1rea de aseguramiento de la calidad de la carrera y que permitir\u00e1 robustecer \u00e1reas prioritarias tales como el fortalecimiento del Proyecto Educativo UDD Futuro y la progresi\u00f3n del estudiante en forma transversal, el impacto y los indicadores de percepci\u00f3n estudiantil, la Vinculaci\u00f3n con el medio y una docencia innovadora a la par de los desaf\u00edos actuales.<\/p>\n\n\n\n<p>Para el desarrollo de esta iniciativa, la carrera trabajar\u00e1 en 6 \u00e1mbitos fundamentales que apuntan a la innovaci\u00f3n del Proyecto Educativo: Simulaci\u00f3n H\u00e1ptica; Simulaci\u00f3n Cl\u00ednica y Tele Simulaci\u00f3n; Tele Odontolog\u00eda; Proyecto Mentor\u00eda; Proyecto de Introducci\u00f3n a la cl\u00ednica; y Flujo Digital en Odontolog\u00eda; los que se materializar\u00e1n desde primer a\u00f1o a partir del 2022.<\/p>\n\n\n\n<p>Los objetivos, que van en directo beneficio de la formaci\u00f3n, son promover la contenci\u00f3n de los factores emocionales que inciden en el rendimiento acad\u00e9mico de todos los estudiantes y fortalecer la progresi\u00f3n curricular a trav\u00e9s de la innovaci\u00f3n en docencia, lo que se lograr\u00e1 gracias a la naturaleza integrada del curriculum, en donde la ense\u00f1anza de las ciencias b\u00e1sicas se relacionar\u00e1 con la pr\u00e1ctica odontol\u00f3gica temprana y experiencial.<\/p>\n\n\n\n<p>En el contexto anterior y para socializar las implicancias de este proyecto con los docentes de la carrera, tanto de Santiago como de Concepci\u00f3n, durante el mes de noviembre se realizaron capacitaciones a 76 acad\u00e9micos, en un curso de \u201cSimulaci\u00f3n H\u00e1ptica\u201d, que se completar\u00e1 durante enero pr\u00f3ximo con m\u00f3dulos pr\u00e1cticos en la Cl\u00ednica UDD de cada sede. La difusi\u00f3n se extender\u00e1 a toda la comunidad acad\u00e9mica en los pr\u00f3ximos meses.<\/p>\n\n\n\n<p>Al respecto, el director de carrera en la sede Santiago, Dr. Danilo Ocaranza, menciona que \u201cestamos seguros de la formaci\u00f3n de excelencia que entregamos a nuestros estudiantes, pero nunca es suficiente si las innovaciones van en beneficio de los futuros cirujanos dentistas y por consiguiente de la salud oral de la poblaci\u00f3n\u201d.<\/p>\n\n\n\n<p>Por su parte, la directora de carrera en la sede Concepci\u00f3n, Dra. Francisca Lecannelier, agrega que \u201cbajo una mirada de aseguramiento de la calidad, siempre es bueno innovar, actualizar algunas \u00e1reas de formaci\u00f3n y revisar los procesos en un mundo que cambia constantemente, con miras a formar profesionales de calidad. Ese es nuestro objetivo y el sello de nuestra carrera\u201d.<\/p>\n\n\n\n<figure class=\"wp-block-gallery columns-2 is-cropped wp-block-gallery-1 is-layout-flex wp-block-gallery-is-layout-flex\"><ul class=\"blocks-gallery-grid\"><li class=\"blocks-gallery-item\"><figure><img loading=\"lazy\" decoding=\"async\" width=\"776\" height=\"576\" src=\"https:\/\/medicina.udd.cl\/odontologia-santiago\/files\/2021\/11\/IMG-20211116-WA0019.jpg\" alt=\"\" data-id=\"6564\" data-full-url=\"https:\/\/medicina.udd.cl\/odontologia-santiago\/files\/2021\/11\/IMG-20211116-WA0019.jpg\" data-link=\"https:\/\/medicina.udd.cl\/odontologia-santiago\/noticias\/2021\/11\/12\/odontologia-udd-avanza-en-proyecto-de-innovacion-curricular\/img-20211116-wa0019\/\" class=\"wp-image-6564\" srcset=\"https:\/\/medicina.udd.cl\/odontologia-santiago\/files\/2021\/11\/IMG-20211116-WA0019.jpg 776w, https:\/\/medicina.udd.cl\/odontologia-santiago\/files\/2021\/11\/IMG-20211116-WA0019-300x223.jpg 300w, https:\/\/medicina.udd.cl\/odontologia-santiago\/files\/2021\/11\/IMG-20211116-WA0019-768x570.jpg 768w\" sizes=\"auto, (max-width: 776px) 100vw, 776px\" \/><\/figure><\/li><li class=\"blocks-gallery-item\"><figure><img loading=\"lazy\" decoding=\"async\" width=\"961\" height=\"755\" src=\"https:\/\/medicina.udd.cl\/odontologia-santiago\/files\/2021\/11\/Simulador-Haptico-02.jpg\" alt=\"\" data-id=\"6551\" data-full-url=\"https:\/\/medicina.udd.cl\/odontologia-santiago\/files\/2021\/11\/Simulador-Haptico-02.jpg\" data-link=\"https:\/\/medicina.udd.cl\/odontologia-santiago\/noticias\/2021\/11\/15\/odontologia-udd-tendra-a-disposicion-simuladores-hapticos-para-sus-estudiantes\/simulador-haptico-02\/\" class=\"wp-image-6551\" srcset=\"https:\/\/medicina.udd.cl\/odontologia-santiago\/files\/2021\/11\/Simulador-Haptico-02.jpg 961w, https:\/\/medicina.udd.cl\/odontologia-santiago\/files\/2021\/11\/Simulador-Haptico-02-300x236.jpg 300w, https:\/\/medicina.udd.cl\/odontologia-santiago\/files\/2021\/11\/Simulador-Haptico-02-768x603.jpg 768w\" sizes=\"auto, (max-width: 961px) 100vw, 961px\" \/><\/figure><\/li><\/ul><\/figure>\n","protected":false},"excerpt":{"rendered":"<p>Odontolog\u00eda UDD se caracteriza por buscar constantemente sellos diferenciadores en pro de la formaci\u00f3n de excelencia. Prueba de ello es el Proyecto de Innovaci\u00f3n Curricular, cuyo slogan es &nbsp;\u00abExperiencia multisensorial para el aprendizaje de los estudiantes de Odontolog\u00eda UDD\u00bb, que busca reforzar el \u00e1rea de aseguramiento de la calidad de la carrera y que permitir\u00e1 [&hellip;]<\/p>\n","protected":false},"author":9192219,"featured_media":0,"parent":0,"menu_order":0,"comment_status":"closed","ping_status":"closed","template":"","meta":{"footnotes":""},"class_list":["post-6642","page","type-page","status-publish","hentry"],"yoast_head":"<!-- This site is optimized with the Yoast SEO plugin v26.9 - https:\/\/yoast.com\/product\/yoast-seo-wordpress\/ -->\n<title>Odontolog\u00eda UDD avanza en Proyecto de Innovaci\u00f3n Curricular - Odontolog\u00eda<\/title>\n<meta name=\"robots\" content=\"index, follow, max-snippet:-1, max-image-preview:large, max-video-preview:-1\" \/>\n<link rel=\"canonical\" href=\"https:\/\/medicina.udd.cl\/odontologia-santiago\/odontologia-udd-avanza-en-proyecto-de-innovacion-curricular\/\" \/>\n<meta property=\"og:locale\" content=\"es_ES\" \/>\n<meta property=\"og:type\" content=\"article\" \/>\n<meta property=\"og:title\" content=\"Odontolog\u00eda UDD avanza en Proyecto de Innovaci\u00f3n Curricular - Odontolog\u00eda\" \/>\n<meta property=\"og:description\" content=\"Odontolog\u00eda UDD se caracteriza por buscar constantemente sellos diferenciadores en pro de la formaci\u00f3n de excelencia. Prueba de ello es el Proyecto de Innovaci\u00f3n Curricular, cuyo slogan es &nbsp;\u00abExperiencia multisensorial para el aprendizaje de los estudiantes de Odontolog\u00eda UDD\u00bb, que busca reforzar el \u00e1rea de aseguramiento de la calidad de la carrera y que permitir\u00e1 [&hellip;]\" \/>\n<meta property=\"og:url\" content=\"https:\/\/medicina.udd.cl\/odontologia-santiago\/odontologia-udd-avanza-en-proyecto-de-innovacion-curricular\/\" \/>\n<meta property=\"og:site_name\" content=\"Odontolog\u00eda\" \/>\n<meta property=\"article:modified_time\" content=\"2021-12-20T20:15:20+00:00\" \/>\n<meta property=\"og:image\" content=\"https:\/\/medicina.udd.cl\/odontologia-santiago\/files\/2021\/11\/IMG-20211116-WA0019.jpg\" \/>\n<meta name=\"twitter:label1\" content=\"Tiempo de lectura\" \/>\n\t<meta name=\"twitter:data1\" content=\"2 minutos\" \/>\n<script type=\"application\/ld+json\" class=\"yoast-schema-graph\">{\"@context\":\"https:\/\/schema.org\",\"@graph\":[{\"@type\":\"WebPage\",\"@id\":\"https:\/\/medicina.udd.cl\/odontologia-santiago\/odontologia-udd-avanza-en-proyecto-de-innovacion-curricular\/\",\"url\":\"https:\/\/medicina.udd.cl\/odontologia-santiago\/odontologia-udd-avanza-en-proyecto-de-innovacion-curricular\/\",\"name\":\"Odontolog\u00eda UDD avanza en Proyecto de Innovaci\u00f3n Curricular - Odontolog\u00eda\",\"isPartOf\":{\"@id\":\"https:\/\/medicina.udd.cl\/odontologia-santiago\/#website\"},\"primaryImageOfPage\":{\"@id\":\"https:\/\/medicina.udd.cl\/odontologia-santiago\/odontologia-udd-avanza-en-proyecto-de-innovacion-curricular\/#primaryimage\"},\"image\":{\"@id\":\"https:\/\/medicina.udd.cl\/odontologia-santiago\/odontologia-udd-avanza-en-proyecto-de-innovacion-curricular\/#primaryimage\"},\"thumbnailUrl\":\"https:\/\/medicina.udd.cl\/odontologia-santiago\/files\/2021\/11\/IMG-20211116-WA0019.jpg\",\"datePublished\":\"2021-12-06T15:12:24+00:00\",\"dateModified\":\"2021-12-20T20:15:20+00:00\",\"breadcrumb\":{\"@id\":\"https:\/\/medicina.udd.cl\/odontologia-santiago\/odontologia-udd-avanza-en-proyecto-de-innovacion-curricular\/#breadcrumb\"},\"inLanguage\":\"es\",\"potentialAction\":[{\"@type\":\"ReadAction\",\"target\":[\"https:\/\/medicina.udd.cl\/odontologia-santiago\/odontologia-udd-avanza-en-proyecto-de-innovacion-curricular\/\"]}]},{\"@type\":\"ImageObject\",\"inLanguage\":\"es\",\"@id\":\"https:\/\/medicina.udd.cl\/odontologia-santiago\/odontologia-udd-avanza-en-proyecto-de-innovacion-curricular\/#primaryimage\",\"url\":\"https:\/\/medicina.udd.cl\/odontologia-santiago\/files\/2021\/11\/IMG-20211116-WA0019.jpg\",\"contentUrl\":\"https:\/\/medicina.udd.cl\/odontologia-santiago\/files\/2021\/11\/IMG-20211116-WA0019.jpg\",\"width\":776,\"height\":576},{\"@type\":\"BreadcrumbList\",\"@id\":\"https:\/\/medicina.udd.cl\/odontologia-santiago\/odontologia-udd-avanza-en-proyecto-de-innovacion-curricular\/#breadcrumb\",\"itemListElement\":[{\"@type\":\"ListItem\",\"position\":1,\"name\":\"Home\",\"item\":\"https:\/\/medicina.udd.cl\/odontologia-santiago\/\"},{\"@type\":\"ListItem\",\"position\":2,\"name\":\"Odontolog\u00eda UDD avanza en Proyecto de Innovaci\u00f3n Curricular\"}]},{\"@type\":\"WebSite\",\"@id\":\"https:\/\/medicina.udd.cl\/odontologia-santiago\/#website\",\"url\":\"https:\/\/medicina.udd.cl\/odontologia-santiago\/\",\"name\":\"Odontolog\u00eda\",\"description\":\"Facultad de Medicina Cl\u00ednica Alemana Universidad del Desarrollo\",\"inLanguage\":\"es\"}]}<\/script>\n<!-- \/ Yoast SEO plugin. -->","yoast_head_json":{"title":"Odontolog\u00eda UDD avanza en Proyecto de Innovaci\u00f3n Curricular - Odontolog\u00eda","robots":{"index":"index","follow":"follow","max-snippet":"max-snippet:-1","max-image-preview":"max-image-preview:large","max-video-preview":"max-video-preview:-1"},"canonical":"https:\/\/medicina.udd.cl\/odontologia-santiago\/odontologia-udd-avanza-en-proyecto-de-innovacion-curricular\/","og_locale":"es_ES","og_type":"article","og_title":"Odontolog\u00eda UDD avanza en Proyecto de Innovaci\u00f3n Curricular - Odontolog\u00eda","og_description":"Odontolog\u00eda UDD se caracteriza por buscar constantemente sellos diferenciadores en pro de la formaci\u00f3n de excelencia. Prueba de ello es el Proyecto de Innovaci\u00f3n Curricular, cuyo slogan es &nbsp;\u00abExperiencia multisensorial para el aprendizaje de los estudiantes de Odontolog\u00eda UDD\u00bb, que busca reforzar el \u00e1rea de aseguramiento de la calidad de la carrera y que permitir\u00e1 [&hellip;]","og_url":"https:\/\/medicina.udd.cl\/odontologia-santiago\/odontologia-udd-avanza-en-proyecto-de-innovacion-curricular\/","og_site_name":"Odontolog\u00eda","article_modified_time":"2021-12-20T20:15:20+00:00","og_image":[{"url":"https:\/\/medicina.udd.cl\/odontologia-santiago\/files\/2021\/11\/IMG-20211116-WA0019.jpg","type":"","width":"","height":""}],"twitter_misc":{"Tiempo de lectura":"2 minutos"},"schema":{"@context":"https:\/\/schema.org","@graph":[{"@type":"WebPage","@id":"https:\/\/medicina.udd.cl\/odontologia-santiago\/odontologia-udd-avanza-en-proyecto-de-innovacion-curricular\/","url":"https:\/\/medicina.udd.cl\/odontologia-santiago\/odontologia-udd-avanza-en-proyecto-de-innovacion-curricular\/","name":"Odontolog\u00eda UDD avanza en Proyecto de Innovaci\u00f3n Curricular - Odontolog\u00eda","isPartOf":{"@id":"https:\/\/medicina.udd.cl\/odontologia-santiago\/#website"},"primaryImageOfPage":{"@id":"https:\/\/medicina.udd.cl\/odontologia-santiago\/odontologia-udd-avanza-en-proyecto-de-innovacion-curricular\/#primaryimage"},"image":{"@id":"https:\/\/medicina.udd.cl\/odontologia-santiago\/odontologia-udd-avanza-en-proyecto-de-innovacion-curricular\/#primaryimage"},"thumbnailUrl":"https:\/\/medicina.udd.cl\/odontologia-santiago\/files\/2021\/11\/IMG-20211116-WA0019.jpg","datePublished":"2021-12-06T15:12:24+00:00","dateModified":"2021-12-20T20:15:20+00:00","breadcrumb":{"@id":"https:\/\/medicina.udd.cl\/odontologia-santiago\/odontologia-udd-avanza-en-proyecto-de-innovacion-curricular\/#breadcrumb"},"inLanguage":"es","potentialAction":[{"@type":"ReadAction","target":["https:\/\/medicina.udd.cl\/odontologia-santiago\/odontologia-udd-avanza-en-proyecto-de-innovacion-curricular\/"]}]},{"@type":"ImageObject","inLanguage":"es","@id":"https:\/\/medicina.udd.cl\/odontologia-santiago\/odontologia-udd-avanza-en-proyecto-de-innovacion-curricular\/#primaryimage","url":"https:\/\/medicina.udd.cl\/odontologia-santiago\/files\/2021\/11\/IMG-20211116-WA0019.jpg","contentUrl":"https:\/\/medicina.udd.cl\/odontologia-santiago\/files\/2021\/11\/IMG-20211116-WA0019.jpg","width":776,"height":576},{"@type":"BreadcrumbList","@id":"https:\/\/medicina.udd.cl\/odontologia-santiago\/odontologia-udd-avanza-en-proyecto-de-innovacion-curricular\/#breadcrumb","itemListElement":[{"@type":"ListItem","position":1,"name":"Home","item":"https:\/\/medicina.udd.cl\/odontologia-santiago\/"},{"@type":"ListItem","position":2,"name":"Odontolog\u00eda UDD avanza en Proyecto de Innovaci\u00f3n Curricular"}]},{"@type":"WebSite","@id":"https:\/\/medicina.udd.cl\/odontologia-santiago\/#website","url":"https:\/\/medicina.udd.cl\/odontologia-santiago\/","name":"Odontolog\u00eda","description":"Facultad de Medicina Cl\u00ednica Alemana Universidad del Desarrollo","inLanguage":"es"}]}},"_links":{"self":[{"href":"https:\/\/medicina.udd.cl\/odontologia-santiago\/wp-json\/wp\/v2\/pages\/6642","targetHints":{"allow":["GET"]}}],"collection":[{"href":"https:\/\/medicina.udd.cl\/odontologia-santiago\/wp-json\/wp\/v2\/pages"}],"about":[{"href":"https:\/\/medicina.udd.cl\/odontologia-santiago\/wp-json\/wp\/v2\/types\/page"}],"author":[{"embeddable":true,"href":"https:\/\/medicina.udd.cl\/odontologia-santiago\/wp-json\/wp\/v2\/users\/9192219"}],"replies":[{"embeddable":true,"href":"https:\/\/medicina.udd.cl\/odontologia-santiago\/wp-json\/wp\/v2\/comments?post=6642"}],"version-history":[{"count":5,"href":"https:\/\/medicina.udd.cl\/odontologia-santiago\/wp-json\/wp\/v2\/pages\/6642\/revisions"}],"predecessor-version":[{"id":6670,"href":"https:\/\/medicina.udd.cl\/odontologia-santiago\/wp-json\/wp\/v2\/pages\/6642\/revisions\/6670"}],"wp:attachment":[{"href":"https:\/\/medicina.udd.cl\/odontologia-santiago\/wp-json\/wp\/v2\/media?parent=6642"}],"curies":[{"name":"wp","href":"https:\/\/api.w.org\/{rel}","templated":true}]}}