{"id":6908,"date":"2022-05-05T21:25:12","date_gmt":"2022-05-06T01:25:12","guid":{"rendered":"https:\/\/medicina.udd.cl\/odontologia-santiago\/?page_id=6908"},"modified":"2022-05-06T16:26:28","modified_gmt":"2022-05-06T20:26:28","slug":"inscripcion-conoce-simulhaptic-y-la-clinica-udd","status":"publish","type":"page","link":"https:\/\/medicina.udd.cl\/odontologia-santiago\/inscripcion-conoce-simulhaptic-y-la-clinica-udd\/","title":{"rendered":"Inscripci\u00f3n: Conoce Simulhaptic y la Cl\u00ednica UDD"},"content":{"rendered":"<section class=\"wp-block-udd-featured-link\">\n\t<div class=\"container\">\n\t\t<div class=\"featured-link\">\n\t\t\t\t\t\t<div class=\"featured-link__media\">\n\t\t\t<a href=\"\" data-url=\"\">\n\t\t\t\t\t<img loading=\"lazy\" decoding=\"async\" width=\"680\" height=\"382\" src=\"https:\/\/medicina.udd.cl\/odontologia-santiago\/files\/2022\/05\/04cd1195-a1eb-41b7-9c4d-58ae9b52e386-e1651868771167-680x382.jpg\" class=\"featured-link__media-image\" alt=\"\" srcset=\"https:\/\/medicina.udd.cl\/odontologia-santiago\/files\/2022\/05\/04cd1195-a1eb-41b7-9c4d-58ae9b52e386-e1651868771167-680x382.jpg 680w, https:\/\/medicina.udd.cl\/odontologia-santiago\/files\/2022\/05\/04cd1195-a1eb-41b7-9c4d-58ae9b52e386-e1651868771167-952x534.jpg 952w\" sizes=\"auto, (max-width: 680px) 100vw, 680px\" \/>\t\t\t\t<\/a>\n\t\t\t<\/div>\n\t\t\t\t\t\t<div class=\"featured-link__content\">\n\t\t\t\t\t\t\t\t\t\t\t\t\t<h3 class=\"featured-link__title\">\n\t\t\t\t\t\t<a data-url=\"\" href=\"\">\n\t\t\t\t\t\t\tPASANT\u00cdA ODONTOLOG\u00cdA UDD\t\t\t\t\t\t<\/a>\n\t\t\t\t\t<\/h3>\n\t\t\t\t\t\t\t\t\t\t\t\t\t\t\t\t<p>Conoce nuestra Cl\u00ednica UDD, campo cl\u00ednico principal de la carrera, donde podr\u00e1s experimentar por medio de la realidad virtual y aumentada un acercamiento temprano a la profesi\u00f3n. Nuestros simuladores h\u00e1pticos son parte de la innovadora tecnolog\u00eda de ense\u00f1anza de Odontolog\u00eda en la Universidad del Desarrollo para el proceso de formaci\u00f3n de nuestros estudiantes. \u00a0<\/p>\n<p>Direcci\u00f3n: <strong>Cl\u00ednica UDD, Av. Vicu\u00f1a Mackenna 9630, La Florida ( Metro Trinidad, L\u00ednea 4)<\/strong><\/p>\n\t\t\t\t\t\t\t\t\t\t\t<\/div>\n\t\t<\/div>\n\t<\/div>\n<\/section>\n\n\n<iframe src=\"https:\/\/crmadmision.udd.cl\/formulario_inscripcion\/index.php?cod_grupo=261\" width=\"100%\" height=\"3000\" loading=\"lazy\" frameborder=\"0\" scrolling=\"no\"><\/iframe>\n","protected":false},"excerpt":{"rendered":"","protected":false},"author":1,"featured_media":0,"parent":0,"menu_order":0,"comment_status":"closed","ping_status":"closed","template":"","meta":{"footnotes":""},"class_list":["post-6908","page","type-page","status-publish","hentry"],"yoast_head":"<!-- This site is optimized with the Yoast SEO plugin v26.9 - https:\/\/yoast.com\/product\/yoast-seo-wordpress\/ -->\n<title>Inscripci\u00f3n: Conoce Simulhaptic y la Cl\u00ednica UDD - Odontolog\u00eda<\/title>\n<meta name=\"robots\" content=\"index, follow, max-snippet:-1, max-image-preview:large, max-video-preview:-1\" \/>\n<link rel=\"canonical\" href=\"https:\/\/medicina.udd.cl\/odontologia-santiago\/inscripcion-conoce-simulhaptic-y-la-clinica-udd\/\" \/>\n<meta property=\"og:locale\" content=\"es_ES\" \/>\n<meta property=\"og:type\" content=\"article\" \/>\n<meta property=\"og:title\" content=\"Inscripci\u00f3n: Conoce Simulhaptic y la Cl\u00ednica UDD - Odontolog\u00eda\" \/>\n<meta property=\"og:url\" content=\"https:\/\/medicina.udd.cl\/odontologia-santiago\/inscripcion-conoce-simulhaptic-y-la-clinica-udd\/\" \/>\n<meta property=\"og:site_name\" content=\"Odontolog\u00eda\" \/>\n<meta property=\"article:modified_time\" content=\"2022-05-06T20:26:28+00:00\" \/>\n<script type=\"application\/ld+json\" class=\"yoast-schema-graph\">{\"@context\":\"https:\/\/schema.org\",\"@graph\":[{\"@type\":\"WebPage\",\"@id\":\"https:\/\/medicina.udd.cl\/odontologia-santiago\/inscripcion-conoce-simulhaptic-y-la-clinica-udd\/\",\"url\":\"https:\/\/medicina.udd.cl\/odontologia-santiago\/inscripcion-conoce-simulhaptic-y-la-clinica-udd\/\",\"name\":\"Inscripci\u00f3n: Conoce Simulhaptic y la Cl\u00ednica UDD - Odontolog\u00eda\",\"isPartOf\":{\"@id\":\"https:\/\/medicina.udd.cl\/odontologia-santiago\/#website\"},\"datePublished\":\"2022-05-06T01:25:12+00:00\",\"dateModified\":\"2022-05-06T20:26:28+00:00\",\"breadcrumb\":{\"@id\":\"https:\/\/medicina.udd.cl\/odontologia-santiago\/inscripcion-conoce-simulhaptic-y-la-clinica-udd\/#breadcrumb\"},\"inLanguage\":\"es\",\"potentialAction\":[{\"@type\":\"ReadAction\",\"target\":[\"https:\/\/medicina.udd.cl\/odontologia-santiago\/inscripcion-conoce-simulhaptic-y-la-clinica-udd\/\"]}]},{\"@type\":\"BreadcrumbList\",\"@id\":\"https:\/\/medicina.udd.cl\/odontologia-santiago\/inscripcion-conoce-simulhaptic-y-la-clinica-udd\/#breadcrumb\",\"itemListElement\":[{\"@type\":\"ListItem\",\"position\":1,\"name\":\"Home\",\"item\":\"https:\/\/medicina.udd.cl\/odontologia-santiago\/\"},{\"@type\":\"ListItem\",\"position\":2,\"name\":\"Inscripci\u00f3n: Conoce Simulhaptic y la Cl\u00ednica UDD\"}]},{\"@type\":\"WebSite\",\"@id\":\"https:\/\/medicina.udd.cl\/odontologia-santiago\/#website\",\"url\":\"https:\/\/medicina.udd.cl\/odontologia-santiago\/\",\"name\":\"Odontolog\u00eda\",\"description\":\"Facultad de Medicina Cl\u00ednica Alemana Universidad del Desarrollo\",\"inLanguage\":\"es\"}]}<\/script>\n<!-- \/ Yoast SEO plugin. -->","yoast_head_json":{"title":"Inscripci\u00f3n: Conoce Simulhaptic y la Cl\u00ednica UDD - Odontolog\u00eda","robots":{"index":"index","follow":"follow","max-snippet":"max-snippet:-1","max-image-preview":"max-image-preview:large","max-video-preview":"max-video-preview:-1"},"canonical":"https:\/\/medicina.udd.cl\/odontologia-santiago\/inscripcion-conoce-simulhaptic-y-la-clinica-udd\/","og_locale":"es_ES","og_type":"article","og_title":"Inscripci\u00f3n: Conoce Simulhaptic y la Cl\u00ednica UDD - Odontolog\u00eda","og_url":"https:\/\/medicina.udd.cl\/odontologia-santiago\/inscripcion-conoce-simulhaptic-y-la-clinica-udd\/","og_site_name":"Odontolog\u00eda","article_modified_time":"2022-05-06T20:26:28+00:00","schema":{"@context":"https:\/\/schema.org","@graph":[{"@type":"WebPage","@id":"https:\/\/medicina.udd.cl\/odontologia-santiago\/inscripcion-conoce-simulhaptic-y-la-clinica-udd\/","url":"https:\/\/medicina.udd.cl\/odontologia-santiago\/inscripcion-conoce-simulhaptic-y-la-clinica-udd\/","name":"Inscripci\u00f3n: Conoce Simulhaptic y la Cl\u00ednica UDD - Odontolog\u00eda","isPartOf":{"@id":"https:\/\/medicina.udd.cl\/odontologia-santiago\/#website"},"datePublished":"2022-05-06T01:25:12+00:00","dateModified":"2022-05-06T20:26:28+00:00","breadcrumb":{"@id":"https:\/\/medicina.udd.cl\/odontologia-santiago\/inscripcion-conoce-simulhaptic-y-la-clinica-udd\/#breadcrumb"},"inLanguage":"es","potentialAction":[{"@type":"ReadAction","target":["https:\/\/medicina.udd.cl\/odontologia-santiago\/inscripcion-conoce-simulhaptic-y-la-clinica-udd\/"]}]},{"@type":"BreadcrumbList","@id":"https:\/\/medicina.udd.cl\/odontologia-santiago\/inscripcion-conoce-simulhaptic-y-la-clinica-udd\/#breadcrumb","itemListElement":[{"@type":"ListItem","position":1,"name":"Home","item":"https:\/\/medicina.udd.cl\/odontologia-santiago\/"},{"@type":"ListItem","position":2,"name":"Inscripci\u00f3n: Conoce Simulhaptic y la Cl\u00ednica UDD"}]},{"@type":"WebSite","@id":"https:\/\/medicina.udd.cl\/odontologia-santiago\/#website","url":"https:\/\/medicina.udd.cl\/odontologia-santiago\/","name":"Odontolog\u00eda","description":"Facultad de Medicina Cl\u00ednica Alemana Universidad del Desarrollo","inLanguage":"es"}]}},"_links":{"self":[{"href":"https:\/\/medicina.udd.cl\/odontologia-santiago\/wp-json\/wp\/v2\/pages\/6908","targetHints":{"allow":["GET"]}}],"collection":[{"href":"https:\/\/medicina.udd.cl\/odontologia-santiago\/wp-json\/wp\/v2\/pages"}],"about":[{"href":"https:\/\/medicina.udd.cl\/odontologia-santiago\/wp-json\/wp\/v2\/types\/page"}],"author":[{"embeddable":true,"href":"https:\/\/medicina.udd.cl\/odontologia-santiago\/wp-json\/wp\/v2\/users\/1"}],"replies":[{"embeddable":true,"href":"https:\/\/medicina.udd.cl\/odontologia-santiago\/wp-json\/wp\/v2\/comments?post=6908"}],"version-history":[{"count":8,"href":"https:\/\/medicina.udd.cl\/odontologia-santiago\/wp-json\/wp\/v2\/pages\/6908\/revisions"}],"predecessor-version":[{"id":6923,"href":"https:\/\/medicina.udd.cl\/odontologia-santiago\/wp-json\/wp\/v2\/pages\/6908\/revisions\/6923"}],"wp:attachment":[{"href":"https:\/\/medicina.udd.cl\/odontologia-santiago\/wp-json\/wp\/v2\/media?parent=6908"}],"curies":[{"name":"wp","href":"https:\/\/api.w.org\/{rel}","templated":true}]}}